{"id":716158,"date":"2025-08-27T17:39:01","date_gmt":"2025-08-27T14:39:01","guid":{"rendered":"https:\/\/roveyayinevi.com.tr\/index.php\/urun\/kent-sinif-kimlik\/"},"modified":"2026-01-29T02:45:03","modified_gmt":"2026-01-28T23:45:03","slug":"kent-sinif-kimlik","status":"publish","type":"product","link":"https:\/\/roveyayinevi.com.tr\/index.php\/urun\/kent-sinif-kimlik\/","title":{"rendered":"Kent S\u0131n\u0131f Kimlik"},"content":{"rendered":"<p>Kent kimli\u011fi ve toplumsal bellek konulu ara\u015ft\u0131rmalar, 1990\u2019l\u0131 y\u0131llardan itibaren bir art\u0131\u015f g\u00f6zlenmektedir. Bu \u00e7al\u0131\u015fmalar\u0131n \u00e7o\u011fu kentleri, kentlerin tarihlerini ve kentte ya\u015fayanlar\u0131 uyumlu bir b\u00fct\u00fcn olarak sunmaktad\u0131rElinizdeki kitap ise bu yay\u0131nlarda s\u0131kl\u0131kla g\u00f6rmezden gelinen bir soruna, toplumsal \u00e7eli\u015fkiler ve iktisadi de\u011fi\u015fimin anlam \u00fcretimi ve \u00f6z-temsil bi\u00e7imleri \u00fczerindeki etkilerine odaklanmaktad\u0131r. Kent kimli\u011fi in\u015fa gayretlerini y\u00f6nlendiren, tarihsel, k\u00fclt\u00fcrel ve s\u0131n\u0131fsal refleksler nelerdir? Kentlilerin kendilerini temsil ve ifade bi\u00e7imlerinin, kimliklerini ifade etmek i\u00e7in ba\u015fvurulan simgelerin \u00fcretim ili\u015fkileriyle ve kentin tarihiyle nas\u0131l bir ili\u015fkisi vard\u0131r? Kimli\u011fe dair kurgular, toplumsal s\u0131n\u0131flar\u0131n beklentileriyle hangi bak\u0131mlardan \u00f6rt\u00fc\u015fmekte veya \u00e7eli\u015fmektedir. Bu s\u0131n\u0131fsal ayr\u0131mlar, kentleri hakk\u0131nda yazan\/konu\u015fan akt\u00f6rlerin anlat\u0131mlar\u0131na ne \u015fekilde yans\u0131maktad\u0131r? Yazar\u0131n ele ald\u0131\u011f\u0131 b\u00fct\u00fcn bu sorulara, kent kimli\u011fine ilginin h\u00e2lihaz\u0131rda canl\u0131 bir s\u00fcre\u00e7 olarak devam etti\u011fi ve son y\u0131llarda s\u0131k s\u0131k termik santrale kar\u015f\u0131 \u00e7evreci eylemlerle g\u00fcndeme gelen Bart\u0131n \u00f6rne\u011finde cevaplar aranmaktad\u0131r.<\/p>\n","protected":false},"excerpt":{"rendered":"<p>Kent kimli\u011fi ve toplumsal bellek konulu ara\u015ft\u0131rmalar, 1990\u2019l\u0131 y\u0131llardan itibaren bir art\u0131\u015f g\u00f6zlenmektedir. Bu \u00e7al\u0131\u015fmalar\u0131n \u00e7o\u011fu kentleri, kentlerin tarihlerini ve kentte ya\u015fayanlar\u0131 uyumlu bir b\u00fct\u00fcn olarak<span class=\"excerpt-hellip\"> [\u2026]<\/span><\/p>\n","protected":false},"featured_media":0,"template":"","meta":{"_monsterinsights_skip_tracking":false,"_monsterinsights_sitenote_active":false,"_monsterinsights_sitenote_note":"","_monsterinsights_sitenote_category":0},"product_brand":[],"product_cat":[12325,12324],"product_tag":[],"class_list":{"0":"post-716158","1":"product","2":"type-product","3":"status-publish","5":"product_cat-diger-sosyoloji","6":"product_cat-sosyoloji","7":"pa_cilt-ciltsiz","8":"pa_tur-kitap","9":"pa_yayinevi-utopya-yayinevi","10":"pa_yazar-s-yetkin-isik","12":"first","13":"instock","14":"sale","15":"shipping-taxable","16":"purchasable","17":"product-type-simple"},"_links":{"self":[{"href":"https:\/\/roveyayinevi.com.tr\/index.php\/wp-json\/wp\/v2\/product\/716158","targetHints":{"allow":["GET"]}}],"collection":[{"href":"https:\/\/roveyayinevi.com.tr\/index.php\/wp-json\/wp\/v2\/product"}],"about":[{"href":"https:\/\/roveyayinevi.com.tr\/index.php\/wp-json\/wp\/v2\/types\/product"}],"wp:attachment":[{"href":"https:\/\/roveyayinevi.com.tr\/index.php\/wp-json\/wp\/v2\/media?parent=716158"}],"wp:term":[{"taxonomy":"product_brand","embeddable":true,"href":"https:\/\/roveyayinevi.com.tr\/index.php\/wp-json\/wp\/v2\/product_brand?post=716158"},{"taxonomy":"product_cat","embeddable":true,"href":"https:\/\/roveyayinevi.com.tr\/index.php\/wp-json\/wp\/v2\/product_cat?post=716158"},{"taxonomy":"product_tag","embeddable":true,"href":"https:\/\/roveyayinevi.com.tr\/index.php\/wp-json\/wp\/v2\/product_tag?post=716158"}],"curies":[{"name":"wp","href":"https:\/\/api.w.org\/{rel}","templated":true}]}}