{"id":716148,"date":"2025-08-27T17:38:55","date_gmt":"2025-08-27T14:38:55","guid":{"rendered":"https:\/\/roveyayinevi.com.tr\/index.php\/urun\/korkuyorum-anne\/"},"modified":"2026-04-12T02:29:51","modified_gmt":"2026-04-11T23:29:51","slug":"korkuyorum-anne","status":"publish","type":"product","link":"https:\/\/roveyayinevi.com.tr\/index.php\/urun\/korkuyorum-anne\/","title":{"rendered":"Korkuyorum Anne"},"content":{"rendered":"<p>Herkes, hepimiz bir \u015feylerden korkar\u0131z. Neticede korkusuzluk Allah\u2019a aittir. Biz insanlar mutlaka bir \u015feylerden korkar\u0131z ve korkaca\u011f\u0131z da. \u00c7\u00fcnk\u00fc muhtac\u0131z! \u00c7\u00fcnk\u00fc insan ya\u015famak i\u00e7in ya\u015fama devam edebilmek i\u00e7in bir \u015feylere muhta\u00e7t\u0131r. Muhta\u00e7 oldu\u011fumuzu alamazsak ya\u015fayamay\u0131z. \u0130\u015fte bu nedenle de korkular\u0131m\u0131z var. \u00c7\u00fcnk\u00fc korku, kaybetmek istemediklerimizin tamam\u0131d\u0131rYeter ki bu durum, bizi i\u00e7ine al\u0131p hapsedecek, tak\u0131m\u0131yla bizi y\u00f6netecek noktaya gelmi\u015f olmas\u0131n. \u0130\u015fte o noktada mutlaka iyi bir uzmana ihtiyac\u0131m\u0131z olacak. T\u0131pk\u0131 hastal\u0131\u011f\u0131n artmas\u0131 ile doktora gitme zorunlulu\u011fu gibi\u2026 Korkuyorum  Anne, ya\u015fanm\u0131\u015f \u00f6yk\u00fcleriyle, \u00e7ocuklarda g\u00f6r\u00fclen korku ve kayg\u0131 durumlar\u0131n\u0131n, anla\u015f\u0131lmas\u0131n\u0131 ve \u00e7\u00f6z\u00fcmlenmesini sa\u011flayan, her anne ve baban\u0131n mutlaka okumas\u0131 ve faydalanmas\u0131 gereken bir ba\u015fucu kitab\u0131\u2026 \u00c7ocuklar\u0131n yarat\u0131l\u0131\u015ftan gelen karakter farkl\u0131l\u0131klar\u0131 nelerdir? Hangi karakter \u00f6zelliklerine sahip \u00e7ocuk, nelerden ve neden korkar? Korku ve kayg\u0131 problemlerinde, anne ve baban\u0131n \u00e7\u00f6z\u00fcm odakl\u0131 yapmas\u0131 ve bilmesi gerekenler nelerdir? Bunun gibi daha onlarca sorunun cevab\u0131, elinizdeki kitapta\u2026 <\/p>\n","protected":false},"excerpt":{"rendered":"<p>Herkes, hepimiz bir \u015feylerden korkar\u0131z. Neticede korkusuzluk Allah\u2019a aittir. Biz insanlar mutlaka bir \u015feylerden korkar\u0131z ve korkaca\u011f\u0131z da. \u00c7\u00fcnk\u00fc muhtac\u0131z! \u00c7\u00fcnk\u00fc insan ya\u015famak i\u00e7in ya\u015fama devam<span class=\"excerpt-hellip\"> [\u2026]<\/span><\/p>\n","protected":false},"featured_media":0,"template":"","meta":{"_monsterinsights_skip_tracking":false,"_monsterinsights_sitenote_active":false,"_monsterinsights_sitenote_note":"","_monsterinsights_sitenote_category":0},"product_brand":[],"product_cat":[12364,12376],"product_tag":[],"class_list":{"0":"post-716148","1":"product","2":"type-product","3":"status-publish","5":"product_cat-genel-konular","6":"product_cat-kisisel-gelisim","7":"pa_cilt-ciltsiz","8":"pa_tur-kitap","9":"pa_yayinevi-cinaralti-yayinlari","10":"pa_yazar-sahnaz-araz","12":"first","13":"instock","14":"sale","15":"shipping-taxable","16":"purchasable","17":"product-type-simple"},"_links":{"self":[{"href":"https:\/\/roveyayinevi.com.tr\/index.php\/wp-json\/wp\/v2\/product\/716148","targetHints":{"allow":["GET"]}}],"collection":[{"href":"https:\/\/roveyayinevi.com.tr\/index.php\/wp-json\/wp\/v2\/product"}],"about":[{"href":"https:\/\/roveyayinevi.com.tr\/index.php\/wp-json\/wp\/v2\/types\/product"}],"wp:attachment":[{"href":"https:\/\/roveyayinevi.com.tr\/index.php\/wp-json\/wp\/v2\/media?parent=716148"}],"wp:term":[{"taxonomy":"product_brand","embeddable":true,"href":"https:\/\/roveyayinevi.com.tr\/index.php\/wp-json\/wp\/v2\/product_brand?post=716148"},{"taxonomy":"product_cat","embeddable":true,"href":"https:\/\/roveyayinevi.com.tr\/index.php\/wp-json\/wp\/v2\/product_cat?post=716148"},{"taxonomy":"product_tag","embeddable":true,"href":"https:\/\/roveyayinevi.com.tr\/index.php\/wp-json\/wp\/v2\/product_tag?post=716148"}],"curies":[{"name":"wp","href":"https:\/\/api.w.org\/{rel}","templated":true}]}}