{"id":716137,"date":"2025-08-27T17:38:48","date_gmt":"2025-08-27T14:38:48","guid":{"rendered":"https:\/\/roveyayinevi.com.tr\/index.php\/urun\/yeni-bir-cag-acalim-ruyandaki-sultanlar-2\/"},"modified":"2026-04-16T02:24:32","modified_gmt":"2026-04-15T23:24:32","slug":"yeni-bir-cag-acalim-ruyandaki-sultanlar-2","status":"publish","type":"product","link":"https:\/\/roveyayinevi.com.tr\/index.php\/urun\/yeni-bir-cag-acalim-ruyandaki-sultanlar-2\/","title":{"rendered":"Yeni Bir \u00c7a\u011f A\u00e7al\u0131m &#8211; R\u00fcyandaki Sultanlar 2"},"content":{"rendered":"<p>Tarihe merakl\u0131 Serdar\u2019\u0131n ve karde\u015fi G\u00fclbanu&#8217;nun \u00f6yle bir babaanneleri var ki, onlar\u0131 kesin k\u0131skanacaks\u0131n\u0131z. Neden benim babaannem b\u00f6yle de\u011fil diye!.. Durun! B\u00fcy\u00fcklerinizle aran\u0131z\u0131 a\u00e7may\u0131n. O babaanne sizin de babaanneniz olabilir. Nas\u0131l m\u0131? Muhte\u015fem babaannenin biraz bilgilendirici, biraz d\u00fc\u015f\u00fcnd\u00fcr\u00fcc\u00fc, tabii ki \u00e7ok\u00e7a e\u011flendirici sohbetlerine ve gezilerine kat\u0131larak&#8230; Yeni bir \u00e7a\u011f a\u00e7an Fatih&#8217;i, Veli Sultan II. Bayezid&#8217;i, Seksen y\u0131ll\u0131k i\u015f yapan Yavuz&#8217;u, D\u00fcnyaya y\u00f6n veren Kanuni&#8217;yi, K\u0131br\u0131s fatihi II. Selim&#8217;i, \u00c7ocuklar\u0131 \u00e7ok seven III. Murad&#8217;\u0131, babaannenin doyumsuz Sultanlar Saati&#8217;nde \u00f6\u011frenebilirsiniz.   \u00dcstelik sadece k\u00fc\u00e7\u00fckler de\u011fil, b\u00fcy\u00fckler de&#8230;<\/p>\n","protected":false},"excerpt":{"rendered":"<p>Tarihe merakl\u0131 Serdar\u2019\u0131n ve karde\u015fi G\u00fclbanu&#8217;nun \u00f6yle bir babaanneleri var ki, onlar\u0131 kesin k\u0131skanacaks\u0131n\u0131z. Neden benim babaannem b\u00f6yle de\u011fil diye!.. Durun! B\u00fcy\u00fcklerinizle aran\u0131z\u0131 a\u00e7may\u0131n. O babaanne<span class=\"excerpt-hellip\"> [\u2026]<\/span><\/p>\n","protected":false},"featured_media":0,"template":"","meta":{"_monsterinsights_skip_tracking":false,"_monsterinsights_sitenote_active":false,"_monsterinsights_sitenote_note":"","_monsterinsights_sitenote_category":0},"product_brand":[],"product_cat":[12275,12274],"product_tag":[],"class_list":{"0":"post-716137","1":"product","2":"type-product","3":"status-publish","5":"product_cat-6-12-yas-kitaplari","6":"product_cat-cocuk-ve-genclik-kitaplari","7":"pa_cilt-ciltsiz","8":"pa_tur-kitap","9":"pa_yayinevi-genc-hayat","10":"pa_yazar-ali-karacam","12":"first","13":"instock","14":"sale","15":"shipping-taxable","16":"purchasable","17":"product-type-simple"},"_links":{"self":[{"href":"https:\/\/roveyayinevi.com.tr\/index.php\/wp-json\/wp\/v2\/product\/716137","targetHints":{"allow":["GET"]}}],"collection":[{"href":"https:\/\/roveyayinevi.com.tr\/index.php\/wp-json\/wp\/v2\/product"}],"about":[{"href":"https:\/\/roveyayinevi.com.tr\/index.php\/wp-json\/wp\/v2\/types\/product"}],"wp:attachment":[{"href":"https:\/\/roveyayinevi.com.tr\/index.php\/wp-json\/wp\/v2\/media?parent=716137"}],"wp:term":[{"taxonomy":"product_brand","embeddable":true,"href":"https:\/\/roveyayinevi.com.tr\/index.php\/wp-json\/wp\/v2\/product_brand?post=716137"},{"taxonomy":"product_cat","embeddable":true,"href":"https:\/\/roveyayinevi.com.tr\/index.php\/wp-json\/wp\/v2\/product_cat?post=716137"},{"taxonomy":"product_tag","embeddable":true,"href":"https:\/\/roveyayinevi.com.tr\/index.php\/wp-json\/wp\/v2\/product_tag?post=716137"}],"curies":[{"name":"wp","href":"https:\/\/api.w.org\/{rel}","templated":true}]}}