{"id":716128,"date":"2025-08-27T17:38:42","date_gmt":"2025-08-27T14:38:42","guid":{"rendered":"https:\/\/roveyayinevi.com.tr\/index.php\/urun\/kudusu-yikmak-kod-adi-2020\/"},"modified":"2026-04-16T02:24:31","modified_gmt":"2026-04-15T23:24:31","slug":"kudusu-yikmak-kod-adi-2020","status":"publish","type":"product","link":"https:\/\/roveyayinevi.com.tr\/index.php\/urun\/kudusu-yikmak-kod-adi-2020\/","title":{"rendered":"Kud\u00fcs\u2019\u00fc Y\u0131kmak &#8211; Kod Ad\u0131: 2020"},"content":{"rendered":"<p>Yahudiler, Mescid-i Aksa&#8217;n\u0131n alt\u0131nda kendileri i\u00e7in kutsal say\u0131lan S\u00fcleyman Mabedi ile Musa&#8217;n\u0131n sand\u0131\u011f\u0131n\u0131n bulundu\u011funa inan\u0131r. Onlara g\u00f6re sand\u0131\u011f\u0131n i\u00e7inde eski ahit vard\u0131r.Yahudilere g\u00f6re hem S\u00fcleyman Mabedi\u2019nin yeniden in\u015fas\u0131, hem de sand\u0131\u011f\u0131n geri al\u0131nmas\u0131 i\u00e7in Mescid-i Aksa&#8217;n\u0131n y\u0131k\u0131lmas\u0131 gerekir. Bu nedenle \u0130srail y\u0131llard\u0131r arkeolojik kaz\u0131 \u00e7al\u0131\u015fmas\u0131 alt\u0131nda Mescid-i Aksa&#8217;n\u0131n alt\u0131n\u0131 oymakta, orada t\u00fcneller kazarak, kendi kendine y\u0131k\u0131lmas\u0131n\u0131 sa\u011flamaya \u00e7al\u0131\u015fmaktad\u0131r.\u015eu an Mescidi Aksa&#8217;n\u0131n y\u0131k\u0131lmas\u0131 i\u00e7in t\u00fcm haz\u0131rl\u0131klar yap\u0131l\u0131yor, kutsal mek\u00e2n\u0131n alt\u0131na kaz\u0131lan t\u00fcnellere bomba ve dinamit yerle\u015ftiriliyor. Bir g\u00fcn gelecek bu bombalar patlat\u0131larak Mescidi Aksa y\u0131k\u0131lacak ve \u0130srail Mescidi Aksa&#8217;n\u0131n bulundu\u011fu yere  S\u00fcleyman Mabedini in\u015fa edecek.<\/p>\n","protected":false},"excerpt":{"rendered":"<p>Yahudiler, Mescid-i Aksa&#8217;n\u0131n alt\u0131nda kendileri i\u00e7in kutsal say\u0131lan S\u00fcleyman Mabedi ile Musa&#8217;n\u0131n sand\u0131\u011f\u0131n\u0131n bulundu\u011funa inan\u0131r. Onlara g\u00f6re sand\u0131\u011f\u0131n i\u00e7inde eski ahit vard\u0131r.Yahudilere g\u00f6re hem S\u00fcleyman Mabedi\u2019nin<span class=\"excerpt-hellip\"> [\u2026]<\/span><\/p>\n","protected":false},"featured_media":0,"template":"","meta":{"_monsterinsights_skip_tracking":false,"_monsterinsights_sitenote_active":false,"_monsterinsights_sitenote_note":"","_monsterinsights_sitenote_category":0},"product_brand":[],"product_cat":[12370,12304],"product_tag":[],"class_list":{"0":"post-716128","1":"product","2":"type-product","3":"status-publish","5":"product_cat-arastirma-inceleme","6":"product_cat-tarih","7":"pa_cilt-ciltsiz","8":"pa_tur-kitap","9":"pa_yayinevi-eftalya-kitap","10":"pa_yazar-ali-kuzu","12":"first","13":"instock","14":"sale","15":"shipping-taxable","16":"purchasable","17":"product-type-simple"},"_links":{"self":[{"href":"https:\/\/roveyayinevi.com.tr\/index.php\/wp-json\/wp\/v2\/product\/716128","targetHints":{"allow":["GET"]}}],"collection":[{"href":"https:\/\/roveyayinevi.com.tr\/index.php\/wp-json\/wp\/v2\/product"}],"about":[{"href":"https:\/\/roveyayinevi.com.tr\/index.php\/wp-json\/wp\/v2\/types\/product"}],"wp:attachment":[{"href":"https:\/\/roveyayinevi.com.tr\/index.php\/wp-json\/wp\/v2\/media?parent=716128"}],"wp:term":[{"taxonomy":"product_brand","embeddable":true,"href":"https:\/\/roveyayinevi.com.tr\/index.php\/wp-json\/wp\/v2\/product_brand?post=716128"},{"taxonomy":"product_cat","embeddable":true,"href":"https:\/\/roveyayinevi.com.tr\/index.php\/wp-json\/wp\/v2\/product_cat?post=716128"},{"taxonomy":"product_tag","embeddable":true,"href":"https:\/\/roveyayinevi.com.tr\/index.php\/wp-json\/wp\/v2\/product_tag?post=716128"}],"curies":[{"name":"wp","href":"https:\/\/api.w.org\/{rel}","templated":true}]}}