{"id":716123,"date":"2025-08-27T17:38:39","date_gmt":"2025-08-27T14:38:39","guid":{"rendered":"https:\/\/roveyayinevi.com.tr\/index.php\/urun\/stratejik-istihbarat-ve-ulusal-guvenlik\/"},"modified":"2026-04-16T02:24:31","modified_gmt":"2026-04-15T23:24:31","slug":"stratejik-istihbarat-ve-ulusal-guvenlik","status":"publish","type":"product","link":"https:\/\/roveyayinevi.com.tr\/index.php\/urun\/stratejik-istihbarat-ve-ulusal-guvenlik\/","title":{"rendered":"Stratejik \u0130stihbarat ve Ulusal G\u00fcvenlik"},"content":{"rendered":"<p>Elinizdeki kitab\u0131n, Uluslararas\u0131 \u0130li\u015fkiler ve G\u00fcvenlik Bilimleri literat\u00fcr\u00fcne kazand\u0131rd\u0131klar\u0131n\u0131n \u00f6tesinde; kanaatimce esas k\u0131ymeti ve hizmeti, ulusal g\u00fcvenlik ve savunma politikalar\u0131 a\u00e7\u0131s\u0131ndan cidd\u00ee bir vizyon ve yeni perspektifler sunmas\u0131d\u0131r. Zira \u00e7al\u0131\u015fma, genel anlamda &#8216;istihbarat&#8217;, spesifik olarak da &#8216;stratejik istihbarat&#8217;\u0131n; ulusal g\u00fcvenlik alan\u0131nda oynamas\u0131 gereken rol ile \u00eef\u00e2 etmesi beklenen misyonlar\u0131 t\u00fcm boyut ve unsurlar\u0131yla ke\u015ffedip, berrak ve \u00f6zl\u00fc bir bi\u00e7imde g\u00f6zler \u00f6n\u00fcne sermektedir. Bu ba\u011flamda, Antik \u00c7a\u011f&#8217;dan g\u00fcn\u00fcm\u00fcze uzanan tarihsel seyrinde &#8216;istihbarat&#8217; ve &#8216;strateji&#8217; olgular\u0131n\u0131n birbirlerine nas\u0131l eklemlendikleri, hangi d\u00fczeyde ve mecr\u00e2larda i\u015flevsel k\u0131l\u0131nd\u0131klar\u0131 kapsaml\u0131 ve detayl\u0131 \u015fekilde ele al\u0131nmaktad\u0131r.Devletlerin tarihsel s\u00fcre\u00e7te edindikleri tecr\u00fcbelere geni\u015f yer veren bu kitap; uzun bir d\u00f6nem s\u00fck\u00fbtun ve esr\u00e2r\u0131n h\u00e2kim oldu\u011fu bir alana terc\u00fcman olmaktad\u0131r. Kitab\u0131n yarataca\u011f\u0131 yayg\u0131n etki, T\u00fcrkiye&#8217;deki anlay\u0131\u015f ve uygulamalarda yeni ufuklar a\u00e7acakt\u0131r. Bu bak\u0131mdan kitab\u0131n, &#8216;stratejik istihbarat&#8217; konusundaki fark\u0131ndal\u0131\u011f\u0131n artmas\u0131na, gerek kurumsal d\u00fczeyde ve gerekse karar alma merciinde bulunan ki\u015filerin, mevcut uygulama ve zafiyetleri sorgulamas\u0131na rehberlik edece\u011fine inanc\u0131m tamd\u0131r.Uzun soluklu, yo\u011fun emek \u00fcr\u00fcn\u00fc doktora tezinin bir n\u00fcvesi olan bu \u00e7al\u0131\u015fma; T\u00fcrkiye&#8217;deki istihbarat literat\u00fcr\u00fcne kazand\u0131r\u0131lm\u0131\u015f akademik bir hazine, bir ba\u015fucu kitab\u0131 niteli\u011findedir. Ayr\u0131ca muhtevas\u0131 itibar\u0131yla; i\u00e7 ve d\u0131\u015f politikalar\u0131n, g\u00fcvenlik ve savunma stratejilerinin \u00fcretilmesi, kararla\u015ft\u0131r\u0131lmas\u0131 ve icr\u00e2s\u0131nda rol ve misyon sahibi \u00fcst d\u00fczey siyasi merciiler, b\u00fcrokrat ve dan\u0131\u015fmanlarla, ilgili kurum ve kurulu\u015flar i\u00e7in yol g\u00f6sterici, ayd\u0131nlat\u0131c\u0131 ve \u00f6zellikle de bilgilendirici mahiyette, bir referans\/ba\u015fvuru kayna\u011f\u0131d\u0131r.<\/p>\n","protected":false},"excerpt":{"rendered":"<p>Elinizdeki kitab\u0131n, Uluslararas\u0131 \u0130li\u015fkiler ve G\u00fcvenlik Bilimleri literat\u00fcr\u00fcne kazand\u0131rd\u0131klar\u0131n\u0131n \u00f6tesinde; kanaatimce esas k\u0131ymeti ve hizmeti, ulusal g\u00fcvenlik ve savunma politikalar\u0131 a\u00e7\u0131s\u0131ndan cidd\u00ee bir vizyon ve yeni<span class=\"excerpt-hellip\"> [\u2026]<\/span><\/p>\n","protected":false},"featured_media":0,"template":"","meta":{"_monsterinsights_skip_tracking":false,"_monsterinsights_sitenote_active":false,"_monsterinsights_sitenote_note":"","_monsterinsights_sitenote_category":0},"product_brand":[],"product_cat":[12337,14706],"product_tag":[],"class_list":{"0":"post-716123","1":"product","2":"type-product","3":"status-publish","5":"product_cat-politika-siyaset","6":"product_cat-siyaset-bilimi","7":"pa_cilt-ciltsiz","8":"pa_tur-kitap","9":"pa_yayinevi-orion-kitabevi","10":"pa_yazar-merve-seren","12":"first","13":"instock","14":"sale","15":"shipping-taxable","16":"purchasable","17":"product-type-simple"},"_links":{"self":[{"href":"https:\/\/roveyayinevi.com.tr\/index.php\/wp-json\/wp\/v2\/product\/716123","targetHints":{"allow":["GET"]}}],"collection":[{"href":"https:\/\/roveyayinevi.com.tr\/index.php\/wp-json\/wp\/v2\/product"}],"about":[{"href":"https:\/\/roveyayinevi.com.tr\/index.php\/wp-json\/wp\/v2\/types\/product"}],"wp:attachment":[{"href":"https:\/\/roveyayinevi.com.tr\/index.php\/wp-json\/wp\/v2\/media?parent=716123"}],"wp:term":[{"taxonomy":"product_brand","embeddable":true,"href":"https:\/\/roveyayinevi.com.tr\/index.php\/wp-json\/wp\/v2\/product_brand?post=716123"},{"taxonomy":"product_cat","embeddable":true,"href":"https:\/\/roveyayinevi.com.tr\/index.php\/wp-json\/wp\/v2\/product_cat?post=716123"},{"taxonomy":"product_tag","embeddable":true,"href":"https:\/\/roveyayinevi.com.tr\/index.php\/wp-json\/wp\/v2\/product_tag?post=716123"}],"curies":[{"name":"wp","href":"https:\/\/api.w.org\/{rel}","templated":true}]}}