{"id":716119,"date":"2025-08-27T17:38:36","date_gmt":"2025-08-27T14:38:36","guid":{"rendered":"https:\/\/roveyayinevi.com.tr\/index.php\/urun\/birinci-dunya-savasinda-ingiliz-hava-propaganda-raporlari\/"},"modified":"2026-04-16T02:24:31","modified_gmt":"2026-04-15T23:24:31","slug":"birinci-dunya-savasinda-ingiliz-hava-propaganda-raporlari","status":"publish","type":"product","link":"https:\/\/roveyayinevi.com.tr\/index.php\/urun\/birinci-dunya-savasinda-ingiliz-hava-propaganda-raporlari\/","title":{"rendered":"Birinci D\u00fcnya Sava\u015f\u0131&#8217;nda \u0130ngiliz Hava Propaganda Raporlar\u0131"},"content":{"rendered":"<p>Da\u011f\u0131t\u0131m sistemleri propagandac\u0131lar i\u00e7in daima bir problemdir. Bu durum \u00f6zellikle Bat\u0131 cephesindeki ya\u015fanm\u0131\u015ft\u0131r. U\u00e7akla propaganda malzemesi da\u011f\u0131t\u0131m\u0131 1918\u2019in sonunda birdenbire kesilmi\u015ftir. Bu durumun sebebi, bir sene \u00f6nce May\u0131s ay\u0131nda yap\u0131lan resmi bir Alman duyurusu idi. propagandan\u0131n askerlerinin manev\u00ee kuvveti \u00fczerine m\u00fcthi\u015f tahribat yapaca\u011f\u0131n\u0131 g\u00f6ren Almanlar, propaganda belgeleri da\u011f\u0131tan u\u00e7aklar\u0131n pilotlar\u0131n\u0131 esir ald\u0131klar\u0131 takdirde \u015fiddetle cezaland\u0131racaklar\u0131n\u0131 ve k\u0131\u015fk\u0131rt\u0131c\u0131 bro\u015f\u00fcrlerin uluslar aras\u0131 kanunun ihlali olarak g\u00f6r\u00fclece\u011fini il\u00e2n etmi\u015flerdir. \u00d6nceleri bu tehdidi g\u00f6rmezden gelen \u0130ngilizler, 17 Ekim 1917\u2019de d\u00f6rt \u0130ngiliz pilotun yakalanarak askeri mahkeme taraf\u0131ndan \u201cBat\u0131 harek\u00e2t alan\u0131 i\u00e7erisinde Alman birlikleri i\u00e7inde Alman h\u00fck\u00fcmetine ve ordusuna hakaret i\u00e7eren bro\u015f\u00fcrler da\u011f\u0131tmaktan\u201d yarg\u0131lanmas\u0131 sonucunda u\u00e7aklar\u0131n propaganda da\u011f\u0131t\u0131m\u0131nda kullan\u0131m\u0131n\u0131 yasaklam\u0131\u015ft\u0131r. Propaganda da\u011f\u0131t\u0131m\u0131nda u\u00e7aklara alternatif olarak, d\u00fc\u015fman siperleri i\u00e7inde patlad\u0131\u011f\u0131 zaman, i\u00e7eri\u011fi propagandadan ibaret bulunan bir miktar beyannameyi da\u011f\u0131tan el bombalar\u0131, t\u00fcfek bombalar\u0131 gibi baz\u0131 ufak \u00e7apl\u0131 metotlar mevcuttu.<\/p>\n","protected":false},"excerpt":{"rendered":"<p>Da\u011f\u0131t\u0131m sistemleri propagandac\u0131lar i\u00e7in daima bir problemdir. Bu durum \u00f6zellikle Bat\u0131 cephesindeki ya\u015fanm\u0131\u015ft\u0131r. U\u00e7akla propaganda malzemesi da\u011f\u0131t\u0131m\u0131 1918\u2019in sonunda birdenbire kesilmi\u015ftir. Bu durumun sebebi, bir sene<span class=\"excerpt-hellip\"> [\u2026]<\/span><\/p>\n","protected":false},"featured_media":0,"template":"","meta":{"_monsterinsights_skip_tracking":false,"_monsterinsights_sitenote_active":false,"_monsterinsights_sitenote_note":"","_monsterinsights_sitenote_category":0},"product_brand":[],"product_cat":[12370,12304],"product_tag":[],"class_list":{"0":"post-716119","1":"product","2":"type-product","3":"status-publish","5":"product_cat-arastirma-inceleme","6":"product_cat-tarih","7":"pa_cilt-ciltsiz","8":"pa_tur-kitap","9":"pa_yayinevi-hitabevi-yayinlari","10":"pa_yazar-servet-avsar","12":"first","13":"instock","14":"sale","15":"shipping-taxable","16":"purchasable","17":"product-type-simple"},"_links":{"self":[{"href":"https:\/\/roveyayinevi.com.tr\/index.php\/wp-json\/wp\/v2\/product\/716119","targetHints":{"allow":["GET"]}}],"collection":[{"href":"https:\/\/roveyayinevi.com.tr\/index.php\/wp-json\/wp\/v2\/product"}],"about":[{"href":"https:\/\/roveyayinevi.com.tr\/index.php\/wp-json\/wp\/v2\/types\/product"}],"wp:attachment":[{"href":"https:\/\/roveyayinevi.com.tr\/index.php\/wp-json\/wp\/v2\/media?parent=716119"}],"wp:term":[{"taxonomy":"product_brand","embeddable":true,"href":"https:\/\/roveyayinevi.com.tr\/index.php\/wp-json\/wp\/v2\/product_brand?post=716119"},{"taxonomy":"product_cat","embeddable":true,"href":"https:\/\/roveyayinevi.com.tr\/index.php\/wp-json\/wp\/v2\/product_cat?post=716119"},{"taxonomy":"product_tag","embeddable":true,"href":"https:\/\/roveyayinevi.com.tr\/index.php\/wp-json\/wp\/v2\/product_tag?post=716119"}],"curies":[{"name":"wp","href":"https:\/\/api.w.org\/{rel}","templated":true}]}}