{"id":716117,"date":"2025-08-27T17:38:35","date_gmt":"2025-08-27T14:38:35","guid":{"rendered":"https:\/\/roveyayinevi.com.tr\/index.php\/urun\/nobel-konusmasi-claude-simon\/"},"modified":"2026-04-16T02:24:31","modified_gmt":"2026-04-15T23:24:31","slug":"nobel-konusmasi-claude-simon","status":"publish","type":"product","link":"https:\/\/roveyayinevi.com.tr\/index.php\/urun\/nobel-konusmasi-claude-simon\/","title":{"rendered":"Nobel Konu\u015fmas\u0131 &#8211; Claude Simon"},"content":{"rendered":"<p>\u201cAd\u0131na \u2018sanat i\u00e7in sanat\u2019 denen \u015feyin bencilli\u011fi ve bo\u015f nedensizli\u011fi orada burada o kadar \u00e7ok ele\u015ftirildi ki, o d\u00fczeye \u00e7\u0131kmaktan ba\u015fka bir amac\u0131 olmayan yaz\u0131lar\u0131m\u0131n devrimci ve denge bozucu bir hareketin ara\u00e7lar\u0131 aras\u0131nda say\u0131lmas\u0131 benim i\u00e7in k\u00fc\u00e7\u00fcmsenecek bir \u00f6d\u00fcl de\u011fil.\u201dClaude Simon, 1985\u2019te Nobel Edebiyat \u00d6d\u00fcl\u00fc\u2019n\u00fc kazand\u0131\u011f\u0131nda kimilerinin g\u00f6z\u00fcnde bu hayra alamet de\u011fildi. \u00d6d\u00fcl t\u00f6reni adeta bir cenaze merasimiydi. Simon tabutun ba\u015f\u0131nda, hen\u00fcz ayamayanlara neyin \u00f6ld\u00fc\u011f\u00fcn\u00fc a\u00e7\u0131kl\u0131yordu. \u0130\u015fte o konu\u015fma. \u0130ki de k\u0131sa metin ekledik pe\u015fine.<\/p>\n","protected":false},"excerpt":{"rendered":"<p>\u201cAd\u0131na \u2018sanat i\u00e7in sanat\u2019 denen \u015feyin bencilli\u011fi ve bo\u015f nedensizli\u011fi orada burada o kadar \u00e7ok ele\u015ftirildi ki, o d\u00fczeye \u00e7\u0131kmaktan ba\u015fka bir amac\u0131 olmayan yaz\u0131lar\u0131m\u0131n devrimci<span class=\"excerpt-hellip\"> [\u2026]<\/span><\/p>\n","protected":false},"featured_media":0,"template":"","meta":{"_monsterinsights_skip_tracking":false,"_monsterinsights_sitenote_active":false,"_monsterinsights_sitenote_note":"","_monsterinsights_sitenote_category":0},"product_brand":[],"product_cat":[13072,12291],"product_tag":[],"class_list":{"0":"post-716117","1":"product","2":"type-product","3":"status-publish","5":"product_cat-arastirma-inceleme-referans","6":"product_cat-edebiyat","7":"pa_cilt-ciltsiz","8":"pa_tur-kitap","9":"pa_yayinevi-kirmizi-kedi-yayinevi","10":"pa_yazar-claude-simon","12":"first","13":"instock","14":"sale","15":"shipping-taxable","16":"purchasable","17":"product-type-simple"},"_links":{"self":[{"href":"https:\/\/roveyayinevi.com.tr\/index.php\/wp-json\/wp\/v2\/product\/716117","targetHints":{"allow":["GET"]}}],"collection":[{"href":"https:\/\/roveyayinevi.com.tr\/index.php\/wp-json\/wp\/v2\/product"}],"about":[{"href":"https:\/\/roveyayinevi.com.tr\/index.php\/wp-json\/wp\/v2\/types\/product"}],"wp:attachment":[{"href":"https:\/\/roveyayinevi.com.tr\/index.php\/wp-json\/wp\/v2\/media?parent=716117"}],"wp:term":[{"taxonomy":"product_brand","embeddable":true,"href":"https:\/\/roveyayinevi.com.tr\/index.php\/wp-json\/wp\/v2\/product_brand?post=716117"},{"taxonomy":"product_cat","embeddable":true,"href":"https:\/\/roveyayinevi.com.tr\/index.php\/wp-json\/wp\/v2\/product_cat?post=716117"},{"taxonomy":"product_tag","embeddable":true,"href":"https:\/\/roveyayinevi.com.tr\/index.php\/wp-json\/wp\/v2\/product_tag?post=716117"}],"curies":[{"name":"wp","href":"https:\/\/api.w.org\/{rel}","templated":true}]}}