{"id":716103,"date":"2025-08-27T17:38:25","date_gmt":"2025-08-27T14:38:25","guid":{"rendered":"https:\/\/roveyayinevi.com.tr\/index.php\/urun\/isletme-yonetimi\/"},"modified":"2026-04-16T02:24:31","modified_gmt":"2026-04-15T23:24:31","slug":"isletme-yonetimi","status":"publish","type":"product","link":"https:\/\/roveyayinevi.com.tr\/index.php\/urun\/isletme-yonetimi\/","title":{"rendered":"\u0130\u015fletme Y\u00f6netimi"},"content":{"rendered":"<p>\u0130\u00e7indekiler :     B\u0130R\u0130NC\u0130 B\u00d6L\u00dcM \u0130\u015e YA\u015eAMININ TEMELLER\u0130 A\u00c7ISINDAN \u0130\u015eLETMELER   \u0130K\u0130NC\u0130 B\u00d6L\u00dcM \u0130\u015eLETMELER\u0130N SINIFLANDIRILMASI   \u00dc\u00c7\u00dcNC\u00dc B\u00d6L\u00dcM \u0130\u015eLETMELER VE HUKUK\u0130 YAPILARI   D\u00d6RD\u00dcNC\u00dc B\u00d6L\u00dcM \u0130\u015eLETMELERDE KURULU\u015e VE KAPAS\u0130TE   BE\u015e\u0130NC\u0130 B\u00d6L\u00dcM Y\u00d6NET\u0130M   ALTINCI B\u00d6L\u00dcM \u00dcRET\u0130M     YED\u0130NC\u0130 B\u00d6L\u00dcM PAZARLAMA   SEK\u0130Z\u0130NC\u0130 B\u00d6L\u00dcM MUHASEBE   DOKUZUNCU B\u00d6L\u00dcM F\u0130NANSMAN   ONUNCU B\u00d6L\u00dcM \u0130NSAN KAYNAKLARI   ONB\u0130R\u0130NC\u0130 B\u00d6L\u00dcM ARA\u015eTIRMA VE GEL\u0130\u015eT\u0130RME (AR-GE)   ON\u0130K\u0130NC\u0130 B\u00d6L\u00dcM HALKLA \u0130L\u0130\u015eK\u0130LER <\/p>\n","protected":false},"excerpt":{"rendered":"<p>\u0130\u00e7indekiler : B\u0130R\u0130NC\u0130 B\u00d6L\u00dcM \u0130\u015e YA\u015eAMININ TEMELLER\u0130 A\u00c7ISINDAN \u0130\u015eLETMELER \u0130K\u0130NC\u0130 B\u00d6L\u00dcM \u0130\u015eLETMELER\u0130N SINIFLANDIRILMASI \u00dc\u00c7\u00dcNC\u00dc B\u00d6L\u00dcM \u0130\u015eLETMELER VE HUKUK\u0130 YAPILARI D\u00d6RD\u00dcNC\u00dc B\u00d6L\u00dcM \u0130\u015eLETMELERDE KURULU\u015e VE KAPAS\u0130TE BE\u015e\u0130NC\u0130<span class=\"excerpt-hellip\"> [\u2026]<\/span><\/p>\n","protected":false},"featured_media":0,"template":"","meta":{"_monsterinsights_skip_tracking":false,"_monsterinsights_sitenote_active":false,"_monsterinsights_sitenote_note":"","_monsterinsights_sitenote_category":0},"product_brand":[],"product_cat":[13043,14381],"product_tag":[],"class_list":{"0":"post-716103","1":"product","2":"type-product","3":"status-publish","5":"product_cat-ekonomi","6":"product_cat-isletme-muhasebe-maliye","7":"pa_cilt-ciltsiz","8":"pa_tur-kitap","9":"pa_yayinevi-gazi-kitabevi","10":"pa_yazar-huseyin-aktas-mahmut-kargin","12":"first","13":"instock","14":"sale","15":"shipping-taxable","16":"purchasable","17":"product-type-simple"},"_links":{"self":[{"href":"https:\/\/roveyayinevi.com.tr\/index.php\/wp-json\/wp\/v2\/product\/716103","targetHints":{"allow":["GET"]}}],"collection":[{"href":"https:\/\/roveyayinevi.com.tr\/index.php\/wp-json\/wp\/v2\/product"}],"about":[{"href":"https:\/\/roveyayinevi.com.tr\/index.php\/wp-json\/wp\/v2\/types\/product"}],"wp:attachment":[{"href":"https:\/\/roveyayinevi.com.tr\/index.php\/wp-json\/wp\/v2\/media?parent=716103"}],"wp:term":[{"taxonomy":"product_brand","embeddable":true,"href":"https:\/\/roveyayinevi.com.tr\/index.php\/wp-json\/wp\/v2\/product_brand?post=716103"},{"taxonomy":"product_cat","embeddable":true,"href":"https:\/\/roveyayinevi.com.tr\/index.php\/wp-json\/wp\/v2\/product_cat?post=716103"},{"taxonomy":"product_tag","embeddable":true,"href":"https:\/\/roveyayinevi.com.tr\/index.php\/wp-json\/wp\/v2\/product_tag?post=716103"}],"curies":[{"name":"wp","href":"https:\/\/api.w.org\/{rel}","templated":true}]}}