{"id":716094,"date":"2025-08-27T17:38:20","date_gmt":"2025-08-27T14:38:20","guid":{"rendered":"https:\/\/roveyayinevi.com.tr\/index.php\/urun\/siir-her-yerdedir\/"},"modified":"2025-12-30T10:18:01","modified_gmt":"2025-12-30T07:18:01","slug":"siir-her-yerdedir","status":"publish","type":"product","link":"https:\/\/roveyayinevi.com.tr\/index.php\/urun\/siir-her-yerdedir\/","title":{"rendered":"\u015eiir Her Yerdedir"},"content":{"rendered":"<p>Modern T\u00fcrk \u015fiirinin \u00f6nc\u00fclerinden \u0130lhan Berk\u2019in 100. do\u011fum y\u0131ld\u00f6n\u00fcm\u00fc i\u00e7in haz\u0131rlanan, 21 Kas\u0131m 2018 &#8211; 20 Ocak 2019 tarihleri aras\u0131nda gezilebilecek olan \u201c\u015eiir Her Yerdedir &#8211; \u0130lhan Berk 100 Ya\u015f\u0131nda\u201d sergisi, \u0130lhan Berk\u2019in \u00fcretim s\u00fcrecine odaklanm\u0131\u015f alt\u0131 b\u00f6l\u00fcmden olu\u015fuyor: \u201cOmurga\/25 \u015eiir Kitab\u0131\u201d, \u201cEvren\/Resimler\u201d, \u201cY\u00f6r\u00fcnge\/Kitapl\u0131k\u201d, \u201cK\u0131lavuz\/Defterler\u201d, \u201cKabuk\/E\u015fyalar\u201d ve \u201cHarfler\/Formland\u0131rma \u00c7abalar\u0131\u201d\u015eairin 25 \u015fiir kitab\u0131n\u0131n omurgay\u0131 olu\u015fturdu\u011fu sergide daha \u00f6nce g\u00f6r\u00fclmemi\u015f resim ve desenleri, 1955\u2019lerden itibaren el yaz\u0131s\u0131yla tutmu\u015f oldu\u011fu ve kapaklar\u0131n\u0131 kendi haz\u0131rlad\u0131\u011f\u0131 defterleri ve bu defterlerin kapaklar\u0131yla yay\u0131mlad\u0131\u011f\u0131 \u015fiir kitaplar\u0131n\u0131n sayfalar\u0131, her kitap i\u00e7in g\u00fcn\u00fcm\u00fcz\u00fcn \u00f6nde gelen \u015fair ve yazarlar\u0131n\u0131n g\u00fcncel g\u00f6r\u00fc\u015fleri, videolar ve \u015fairin ki\u015fisel e\u015fyalar\u0131 yer al\u0131yor.K\u00fcrat\u00f6rl\u00fc\u011f\u00fcn\u00fc Dr. Necmi S\u00f6nmez\u2019in, tasar\u0131m\u0131n\u0131 ise Ye\u015fim Demir\u2019in yapt\u0131\u011f\u0131 sergide \u0130lhan Berk\u2019in Bodrum\u2019da ya\u015famaya ba\u015flad\u0131\u011f\u0131 1970 y\u0131l\u0131ndan itibaren bizzat kulland\u0131\u011f\u0131 kendi kitapl\u0131\u011f\u0131 da bulunuyor. \u015eairin d\u00fcnyaya a\u00e7\u0131lan penceresi olarak da yorumlanabilecek olan bu kitapl\u0131k, izleyiciler taraf\u0131ndan interaktif olarak incelenebilecek.<\/p>\n","protected":false},"excerpt":{"rendered":"<p>Modern T\u00fcrk \u015fiirinin \u00f6nc\u00fclerinden \u0130lhan Berk\u2019in 100. do\u011fum y\u0131ld\u00f6n\u00fcm\u00fc i\u00e7in haz\u0131rlanan, 21 Kas\u0131m 2018 &#8211; 20 Ocak 2019 tarihleri aras\u0131nda gezilebilecek olan \u201c\u015eiir Her Yerdedir &#8211;<span class=\"excerpt-hellip\"> [\u2026]<\/span><\/p>\n","protected":false},"featured_media":0,"template":"","meta":{"_monsterinsights_skip_tracking":false,"_monsterinsights_sitenote_active":false,"_monsterinsights_sitenote_note":"","_monsterinsights_sitenote_category":0},"product_brand":[],"product_cat":[12408],"product_tag":[],"class_list":{"0":"post-716094","1":"product","2":"type-product","3":"status-publish","5":"product_cat-sanat","6":"pa_cilt-ciltsiz","7":"pa_tur-kitap","8":"pa_yayinevi-yapi-kredi-yayinlari","9":"pa_yazar-necmi-sonmez","11":"first","12":"instock","13":"sale","14":"shipping-taxable","15":"purchasable","16":"product-type-simple"},"_links":{"self":[{"href":"https:\/\/roveyayinevi.com.tr\/index.php\/wp-json\/wp\/v2\/product\/716094","targetHints":{"allow":["GET"]}}],"collection":[{"href":"https:\/\/roveyayinevi.com.tr\/index.php\/wp-json\/wp\/v2\/product"}],"about":[{"href":"https:\/\/roveyayinevi.com.tr\/index.php\/wp-json\/wp\/v2\/types\/product"}],"wp:attachment":[{"href":"https:\/\/roveyayinevi.com.tr\/index.php\/wp-json\/wp\/v2\/media?parent=716094"}],"wp:term":[{"taxonomy":"product_brand","embeddable":true,"href":"https:\/\/roveyayinevi.com.tr\/index.php\/wp-json\/wp\/v2\/product_brand?post=716094"},{"taxonomy":"product_cat","embeddable":true,"href":"https:\/\/roveyayinevi.com.tr\/index.php\/wp-json\/wp\/v2\/product_cat?post=716094"},{"taxonomy":"product_tag","embeddable":true,"href":"https:\/\/roveyayinevi.com.tr\/index.php\/wp-json\/wp\/v2\/product_tag?post=716094"}],"curies":[{"name":"wp","href":"https:\/\/api.w.org\/{rel}","templated":true}]}}