{"id":716093,"date":"2025-08-27T17:38:19","date_gmt":"2025-08-27T14:38:19","guid":{"rendered":"https:\/\/roveyayinevi.com.tr\/index.php\/urun\/sevgi-ustune-2\/"},"modified":"2026-04-16T02:24:31","modified_gmt":"2026-04-15T23:24:31","slug":"sevgi-ustune-2","status":"publish","type":"product","link":"https:\/\/roveyayinevi.com.tr\/index.php\/urun\/sevgi-ustune-2\/","title":{"rendered":"Sevgi \u00dcst\u00fcne"},"content":{"rendered":"<p>Hi\u00e7bir gururlu adam kendini, bir sevenin sevgilisini be\u011fenmesi gibi budalaca be\u011fenmez, onun i\u00e7in \u201csevmekle bilgelik bir arada olamaz\u201d s\u00f6z\u00fc pek g\u00fczel s\u00f6ylenmi\u015ftir. Bu yaln\u0131z ba\u015fkalar\u0131nca g\u00f6r\u00fcl\u00fcp de sevilenin g\u00f6z\u00fcnden ka\u00e7an bir g\u00fc\u00e7s\u00fczl\u00fck de\u011fildir, en \u00e7ok sevilen g\u00f6r\u00fcr bunu, ama kar\u015f\u0131l\u0131kl\u0131 sevgide durum ba\u015fkad\u0131r, \u00e7\u00fcnk\u00fc sevginin \u00e7o\u011funlukla ya gene sevgiyle ya da i\u00e7in i\u00e7in gizli bir \u00f6fkeyle kar\u015f\u0131l\u0131k g\u00f6rd\u00fc\u011f\u00fc, \u015fa\u015fmaz bir kurald\u0131r.<\/p>\n","protected":false},"excerpt":{"rendered":"<p>Hi\u00e7bir gururlu adam kendini, bir sevenin sevgilisini be\u011fenmesi gibi budalaca be\u011fenmez, onun i\u00e7in \u201csevmekle bilgelik bir arada olamaz\u201d s\u00f6z\u00fc pek g\u00fczel s\u00f6ylenmi\u015ftir. Bu yaln\u0131z ba\u015fkalar\u0131nca g\u00f6r\u00fcl\u00fcp<span class=\"excerpt-hellip\"> [\u2026]<\/span><\/p>\n","protected":false},"featured_media":0,"template":"","meta":{"_monsterinsights_skip_tracking":false,"_monsterinsights_sitenote_active":false,"_monsterinsights_sitenote_note":"","_monsterinsights_sitenote_category":0},"product_brand":[],"product_cat":[12777,12291],"product_tag":[],"class_list":{"0":"post-716093","1":"product","2":"type-product","3":"status-publish","5":"product_cat-deneme","6":"product_cat-edebiyat","7":"pa_cilt-ciltsiz","8":"pa_tur-kitap","9":"pa_yayinevi-yapi-kredi-yayinlari","10":"pa_yazar-francis-bacon","12":"first","13":"instock","14":"sale","15":"shipping-taxable","16":"purchasable","17":"product-type-simple"},"_links":{"self":[{"href":"https:\/\/roveyayinevi.com.tr\/index.php\/wp-json\/wp\/v2\/product\/716093","targetHints":{"allow":["GET"]}}],"collection":[{"href":"https:\/\/roveyayinevi.com.tr\/index.php\/wp-json\/wp\/v2\/product"}],"about":[{"href":"https:\/\/roveyayinevi.com.tr\/index.php\/wp-json\/wp\/v2\/types\/product"}],"wp:attachment":[{"href":"https:\/\/roveyayinevi.com.tr\/index.php\/wp-json\/wp\/v2\/media?parent=716093"}],"wp:term":[{"taxonomy":"product_brand","embeddable":true,"href":"https:\/\/roveyayinevi.com.tr\/index.php\/wp-json\/wp\/v2\/product_brand?post=716093"},{"taxonomy":"product_cat","embeddable":true,"href":"https:\/\/roveyayinevi.com.tr\/index.php\/wp-json\/wp\/v2\/product_cat?post=716093"},{"taxonomy":"product_tag","embeddable":true,"href":"https:\/\/roveyayinevi.com.tr\/index.php\/wp-json\/wp\/v2\/product_tag?post=716093"}],"curies":[{"name":"wp","href":"https:\/\/api.w.org\/{rel}","templated":true}]}}