{"id":716066,"date":"2025-08-27T17:38:00","date_gmt":"2025-08-27T14:38:00","guid":{"rendered":"https:\/\/roveyayinevi.com.tr\/index.php\/urun\/korsanlarin-cilgin-yasami\/"},"modified":"2026-04-16T02:24:30","modified_gmt":"2026-04-15T23:24:30","slug":"korsanlarin-cilgin-yasami","status":"publish","type":"product","link":"https:\/\/roveyayinevi.com.tr\/index.php\/urun\/korsanlarin-cilgin-yasami\/","title":{"rendered":"Korsanlar\u0131n \u00c7\u0131lg\u0131n Ya\u015fam\u0131"},"content":{"rendered":"<p>Eyvah, korsanlar geliyor! Korsanlar g\u00fcnd\u00fczleri hazine arar,  k\u0131y\u0131lar\u0131 ya\u011fmalar. Peki, gece, evlerine gittiklerinde ne yaparlar? K\u0131\u015f gecelerini nas\u0131l ge\u00e7irirler?  Bu e\u011flenceli, s\u00fcrprizlerle dolu \u00f6yk\u00fcde korsanlar\u0131n \u00e7\u0131lg\u0131n ya\u015fam\u0131n\u0131 ke\u015ffedeceksiniz! <\/p>\n","protected":false},"excerpt":{"rendered":"<p>Eyvah, korsanlar geliyor! Korsanlar g\u00fcnd\u00fczleri hazine arar, k\u0131y\u0131lar\u0131 ya\u011fmalar. Peki, gece, evlerine gittiklerinde ne yaparlar? K\u0131\u015f gecelerini nas\u0131l ge\u00e7irirler? Bu e\u011flenceli, s\u00fcrprizlerle dolu \u00f6yk\u00fcde korsanlar\u0131n \u00e7\u0131lg\u0131n<span class=\"excerpt-hellip\"> [\u2026]<\/span><\/p>\n","protected":false},"featured_media":0,"template":"","meta":{"_monsterinsights_skip_tracking":false,"_monsterinsights_sitenote_active":false,"_monsterinsights_sitenote_note":"","_monsterinsights_sitenote_category":0},"product_brand":[],"product_cat":[12274,12518],"product_tag":[],"class_list":{"0":"post-716066","1":"product","2":"type-product","3":"status-publish","5":"product_cat-cocuk-ve-genclik-kitaplari","6":"product_cat-okul-oncesi-kitaplar","7":"pa_cilt-ciltsiz","8":"pa_tur-kitap","9":"pa_yayinevi-is-bankasi-kultur-yayinlari","10":"pa_yazar-melanie-joyce","12":"first","13":"instock","14":"sale","15":"shipping-taxable","16":"purchasable","17":"product-type-simple"},"_links":{"self":[{"href":"https:\/\/roveyayinevi.com.tr\/index.php\/wp-json\/wp\/v2\/product\/716066","targetHints":{"allow":["GET"]}}],"collection":[{"href":"https:\/\/roveyayinevi.com.tr\/index.php\/wp-json\/wp\/v2\/product"}],"about":[{"href":"https:\/\/roveyayinevi.com.tr\/index.php\/wp-json\/wp\/v2\/types\/product"}],"wp:attachment":[{"href":"https:\/\/roveyayinevi.com.tr\/index.php\/wp-json\/wp\/v2\/media?parent=716066"}],"wp:term":[{"taxonomy":"product_brand","embeddable":true,"href":"https:\/\/roveyayinevi.com.tr\/index.php\/wp-json\/wp\/v2\/product_brand?post=716066"},{"taxonomy":"product_cat","embeddable":true,"href":"https:\/\/roveyayinevi.com.tr\/index.php\/wp-json\/wp\/v2\/product_cat?post=716066"},{"taxonomy":"product_tag","embeddable":true,"href":"https:\/\/roveyayinevi.com.tr\/index.php\/wp-json\/wp\/v2\/product_tag?post=716066"}],"curies":[{"name":"wp","href":"https:\/\/api.w.org\/{rel}","templated":true}]}}