{"id":716059,"date":"2025-08-27T17:37:55","date_gmt":"2025-08-27T14:37:55","guid":{"rendered":"https:\/\/roveyayinevi.com.tr\/index.php\/urun\/cam-fistigi\/"},"modified":"2026-04-12T02:29:49","modified_gmt":"2026-04-11T23:29:49","slug":"cam-fistigi","status":"publish","type":"product","link":"https:\/\/roveyayinevi.com.tr\/index.php\/urun\/cam-fistigi\/","title":{"rendered":"\u00c7am F\u0131st\u0131\u011f\u0131"},"content":{"rendered":"<p>Okulun son g\u00fcn\u00fcyd\u00fc ama onu bekleyen yaz tatiline ra\u011fmen Beren hi\u00e7 mutlu de\u011fildi. Aylard\u0131r harcad\u0131klar\u0131na dikkat ederek har\u00e7l\u0131\u011f\u0131ndan biriktirdi\u011fi para, hayalindeki bisikleti almaya yetmiyordu. Bir \u015feyler sat\u0131ppara kazanmaya karar verdi. \u00d6nce tokalar\u0131n\u0131 satt\u0131, sonra okula giderken \u00f6n\u00fcne d\u00fc\u015fen kozalaklardan d\u00f6k\u00fclen f\u0131st\u0131klar\u0131. Arkada\u015f\u0131 Ali\u2019nin de yard\u0131m\u0131yla, s\u00fcsl\u00fc paketlerinde t\u00fcm \u00e7am f\u0131st\u0131klar\u0131n\u0131 satt\u0131. Karne g\u00fcn\u00fc geldi\u011findeyse, kendi emekleriyle kazand\u0131\u011f\u0131 paras\u0131n\u0131 hayallerindeki bisiklete kavu\u015fmak isteyen ba\u015fka bir \u00e7ocukla payla\u015fmaya haz\u0131rd\u0131. Ceyda Suba\u015f\u0131\u2019n\u0131n samimi kalemi ve H\u00fcseyin S\u00f6nmezay\u2019\u0131n \u00e7izimleriyle \u00c7am F\u0131st\u0131\u011f\u0131, hayallerindeki bisikleti sat\u0131n almak i\u00e7in har\u00e7l\u0131\u011f\u0131n\u0131 nas\u0131l y\u00f6netmesi gerekti\u011fini bilen, para kazanmak i\u00e7in verilen eme\u011fin fark\u0131nda olanBeren\u2019in hik\u00e2yesi. <\/p>\n","protected":false},"excerpt":{"rendered":"<p>Okulun son g\u00fcn\u00fcyd\u00fc ama onu bekleyen yaz tatiline ra\u011fmen Beren hi\u00e7 mutlu de\u011fildi. Aylard\u0131r harcad\u0131klar\u0131na dikkat ederek har\u00e7l\u0131\u011f\u0131ndan biriktirdi\u011fi para, hayalindeki bisikleti almaya yetmiyordu. Bir \u015feyler<span class=\"excerpt-hellip\"> [\u2026]<\/span><\/p>\n","protected":false},"featured_media":0,"template":"","meta":{"_monsterinsights_skip_tracking":false,"_monsterinsights_sitenote_active":false,"_monsterinsights_sitenote_note":"","_monsterinsights_sitenote_category":0},"product_brand":[],"product_cat":[12274,12284],"product_tag":[],"class_list":{"0":"post-716059","1":"product","2":"type-product","3":"status-publish","5":"product_cat-cocuk-ve-genclik-kitaplari","6":"product_cat-hikayeler","7":"pa_cilt-ciltsiz","8":"pa_tur-kitap","9":"pa_yayinevi-beta-kids","10":"pa_yazar-ceyda-subasi","12":"first","13":"instock","14":"sale","15":"shipping-taxable","16":"purchasable","17":"product-type-simple"},"_links":{"self":[{"href":"https:\/\/roveyayinevi.com.tr\/index.php\/wp-json\/wp\/v2\/product\/716059","targetHints":{"allow":["GET"]}}],"collection":[{"href":"https:\/\/roveyayinevi.com.tr\/index.php\/wp-json\/wp\/v2\/product"}],"about":[{"href":"https:\/\/roveyayinevi.com.tr\/index.php\/wp-json\/wp\/v2\/types\/product"}],"wp:attachment":[{"href":"https:\/\/roveyayinevi.com.tr\/index.php\/wp-json\/wp\/v2\/media?parent=716059"}],"wp:term":[{"taxonomy":"product_brand","embeddable":true,"href":"https:\/\/roveyayinevi.com.tr\/index.php\/wp-json\/wp\/v2\/product_brand?post=716059"},{"taxonomy":"product_cat","embeddable":true,"href":"https:\/\/roveyayinevi.com.tr\/index.php\/wp-json\/wp\/v2\/product_cat?post=716059"},{"taxonomy":"product_tag","embeddable":true,"href":"https:\/\/roveyayinevi.com.tr\/index.php\/wp-json\/wp\/v2\/product_tag?post=716059"}],"curies":[{"name":"wp","href":"https:\/\/api.w.org\/{rel}","templated":true}]}}