{"id":716052,"date":"2025-08-27T17:37:50","date_gmt":"2025-08-27T14:37:50","guid":{"rendered":"https:\/\/roveyayinevi.com.tr\/index.php\/urun\/baselin-canlari\/"},"modified":"2026-04-16T02:24:30","modified_gmt":"2026-04-15T23:24:30","slug":"baselin-canlari","status":"publish","type":"product","link":"https:\/\/roveyayinevi.com.tr\/index.php\/urun\/baselin-canlari\/","title":{"rendered":"Basel\u2019in \u00c7anlar\u0131"},"content":{"rendered":"<p>20. y\u00fczy\u0131l\u0131n en b\u00fcy\u00fck \u015fairlerindendir Louis Aragon. Dadaist olarak ba\u015flay\u0131p s\u00fcrrealist olarak s\u00fcrd\u00fcrd\u00fc\u011f\u00fc yaz\u0131n ser\u00fcveni, 1927 y\u0131l\u0131nda Frans\u0131z Kom\u00fcnist Partisi\u2019ne girmesiyle toplumcu ger\u00e7ek\u00e7i anlay\u0131\u015fa y\u00f6nelir. Bu anlay\u0131\u015f\u0131n \u00fcr\u00fcn\u00fc olan Basel\u2019in \u00c7anlar\u0131, \u201cGer\u00e7ek D\u00fcnya\u201d ba\u015fl\u0131\u011f\u0131yla yay\u0131mlanan d\u00f6rt ciltlik dizinin ilk roman\u0131d\u0131r. 20. y\u00fczy\u0131l\u0131n en b\u00fcy\u00fck \u015fairlerindendir Louis Aragon. Dadaist olarak ba\u015flay\u0131p s\u00fcrrealist olarak s\u00fcrd\u00fcrd\u00fc\u011f\u00fc yaz\u0131n ser\u00fcveni, 1927 y\u0131l\u0131nda Frans\u0131z Kom\u00fcnist Partisi\u2019ne girmesiyle toplumcu ger\u00e7ek\u00e7i anlay\u0131\u015fa y\u00f6nelir. Bu anlay\u0131\u015f\u0131n \u00fcr\u00fcn\u00fc olan Basel\u2019in \u00c7anlar\u0131, \u201cGer\u00e7ek D\u00fcnya\u201d ba\u015fl\u0131\u011f\u0131yla yay\u0131mlanan d\u00f6rt ciltlik dizinin ilk roman\u0131d\u0131r. Romanda, burjuvazinin \u015fa\u015faal\u0131 kent ya\u015fam\u0131n\u0131n yan\u0131 s\u0131ra yoksullar\u0131n, i\u015f\u00e7i s\u0131n\u0131f\u0131n\u0131n en zorlu ya\u015fam ko\u015fullar\u0131 ve \u201chem co\u015fturan, hem bezdiren\u201d entelekt\u00fcellerle \u00f6r\u00fclm\u00fc\u015f geni\u015f bir panorama \u00e7izilir. D\u00fczenin \u00e7ok y\u00f6nl\u00fc ele\u015ftirisi h\u00e2kimdir Basel\u2019in \u00c7anlar\u0131\u2019nda. \u00d6yk\u00fcleme ve tarih\u00ee motifler paralel akar. G\u00fcncel politik ortam ve tarih\u00ee olaylar uyum i\u00e7inde aktar\u0131l\u0131r.Sermaye sahipleri, burjuvazi, siyasiler \u00e7irkin y\u00fczleriyle sergilenir; \u00e7\u0131karlar s\u00f6z konusu oldu\u011funda aniden y\u00f6n de\u011fi\u015ftiren politik g\u00f6r\u00fc\u015fler, grev entrikalar\u0131 oyunun bir par\u00e7as\u0131d\u0131r. B\u00fct\u00fcn pespayeli\u011fiyle politika ve burjuvazi el eleyken a\u015fk, para ve iktidar ekseninde yerini al\u0131r. Yazar roman\u0131n ak\u0131\u015f\u0131 i\u00e7inde ufak ufak \u00e7an seslerini duyursa da, Basel\u2019in \u00e7anlar\u0131n\u0131 as\u0131l olarak son b\u00f6l\u00fcmde duyar\u0131z; Basel\u2019deki B\u00fcy\u00fck Konsey\u2019i, konseydeki Clara Zetkin\u2019i buluruz birden kar\u015f\u0131m\u0131zda: \u201cO g\u00f6zler ki, tam da Hitler f\u0131rt\u0131nas\u0131n\u0131n arifesinde, Reichstag Ba\u015fkanl\u0131k k\u00fcrs\u00fcs\u00fcnden, t\u0131kl\u0131m t\u0131kl\u0131m d\u00fc\u015fman s\u0131ralar\u0131n\u0131 bir bir dola\u015f\u0131p yap\u0131lacak i\u015fin b\u00fcy\u00fckl\u00fc\u011f\u00fcn\u00fc hesaplam\u0131\u015flard\u0131r&#8230; O g\u00f6zler ki, ger\u00e7ekten bu ya\u015fl\u0131 kad\u0131n\u0131n g\u00f6zleriyle, ayn\u0131 zamanda gelece\u011fin b\u00fct\u00fcn kad\u0131nlar\u0131n\u0131n g\u00f6zleri ve gelece\u011fin g\u00f6zlerinin gen\u00e7li\u011fidirler\u2026\u201d Kalemini \u201cger\u00e7ek d\u00fcnya\u201d ve anti-fa\u015fist direni\u015f i\u00e7in kullanan Aragon\u2019un bu e\u015fsiz roman\u0131, Attil\u00e2 \u0130lhan\u2019\u0131n \u015fiirsel \u00e7evirisiyle Yordam Edebiyat\u2019ta.<\/p>\n","protected":false},"excerpt":{"rendered":"<p>20. y\u00fczy\u0131l\u0131n en b\u00fcy\u00fck \u015fairlerindendir Louis Aragon. Dadaist olarak ba\u015flay\u0131p s\u00fcrrealist olarak s\u00fcrd\u00fcrd\u00fc\u011f\u00fc yaz\u0131n ser\u00fcveni, 1927 y\u0131l\u0131nda Frans\u0131z Kom\u00fcnist Partisi\u2019ne girmesiyle toplumcu ger\u00e7ek\u00e7i anlay\u0131\u015fa y\u00f6nelir. Bu<span class=\"excerpt-hellip\"> [\u2026]<\/span><\/p>\n","protected":false},"featured_media":0,"template":"","meta":{"_monsterinsights_skip_tracking":false,"_monsterinsights_sitenote_active":false,"_monsterinsights_sitenote_note":"","_monsterinsights_sitenote_category":0},"product_brand":[],"product_cat":[12291,12711],"product_tag":[],"class_list":{"0":"post-716052","1":"product","2":"type-product","3":"status-publish","5":"product_cat-edebiyat","6":"product_cat-roman-oyku","7":"pa_cilt-ciltsiz","8":"pa_tur-kitap","9":"pa_yayinevi-yordam-kitap","10":"pa_yazar-louis-aragon","12":"first","13":"instock","14":"sale","15":"shipping-taxable","16":"purchasable","17":"product-type-simple"},"_links":{"self":[{"href":"https:\/\/roveyayinevi.com.tr\/index.php\/wp-json\/wp\/v2\/product\/716052","targetHints":{"allow":["GET"]}}],"collection":[{"href":"https:\/\/roveyayinevi.com.tr\/index.php\/wp-json\/wp\/v2\/product"}],"about":[{"href":"https:\/\/roveyayinevi.com.tr\/index.php\/wp-json\/wp\/v2\/types\/product"}],"wp:attachment":[{"href":"https:\/\/roveyayinevi.com.tr\/index.php\/wp-json\/wp\/v2\/media?parent=716052"}],"wp:term":[{"taxonomy":"product_brand","embeddable":true,"href":"https:\/\/roveyayinevi.com.tr\/index.php\/wp-json\/wp\/v2\/product_brand?post=716052"},{"taxonomy":"product_cat","embeddable":true,"href":"https:\/\/roveyayinevi.com.tr\/index.php\/wp-json\/wp\/v2\/product_cat?post=716052"},{"taxonomy":"product_tag","embeddable":true,"href":"https:\/\/roveyayinevi.com.tr\/index.php\/wp-json\/wp\/v2\/product_tag?post=716052"}],"curies":[{"name":"wp","href":"https:\/\/api.w.org\/{rel}","templated":true}]}}