{"id":716033,"date":"2025-08-27T17:37:29","date_gmt":"2025-08-27T14:37:29","guid":{"rendered":"https:\/\/roveyayinevi.com.tr\/index.php\/urun\/cingoz-bobi-ogretmen\/"},"modified":"2026-04-16T02:24:29","modified_gmt":"2026-04-15T23:24:29","slug":"cingoz-bobi-ogretmen","status":"publish","type":"product","link":"https:\/\/roveyayinevi.com.tr\/index.php\/urun\/cingoz-bobi-ogretmen\/","title":{"rendered":"Cing\u00f6z Bobi &#8211; \u00d6\u011fretmen"},"content":{"rendered":"<p>Cing\u00f6z Bobi oyun oynamay\u0131 \u00e7ok seviyor ve senin de oyuna kat\u0131lman\u0131 istiyor. Bu defaki oyununda \u00d6\u011fretmen olman\u0131n s\u0131rlar\u0131n\u0131 ke\u015ffediyor!\u00d6\u011fretmenlik \u00e7ok \u00f6nemli bir meslektir. Acaba Cing\u00f6z Bobi s\u0131n\u0131fta neler \u00f6\u011fretecek?<\/p>\n","protected":false},"excerpt":{"rendered":"<p>Cing\u00f6z Bobi oyun oynamay\u0131 \u00e7ok seviyor ve senin de oyuna kat\u0131lman\u0131 istiyor. Bu defaki oyununda \u00d6\u011fretmen olman\u0131n s\u0131rlar\u0131n\u0131 ke\u015ffediyor!\u00d6\u011fretmenlik \u00e7ok \u00f6nemli bir meslektir. Acaba Cing\u00f6z Bobi<span class=\"excerpt-hellip\"> [\u2026]<\/span><\/p>\n","protected":false},"featured_media":0,"template":"","meta":{"_monsterinsights_skip_tracking":false,"_monsterinsights_sitenote_active":false,"_monsterinsights_sitenote_note":"","_monsterinsights_sitenote_category":0},"product_brand":[],"product_cat":[12274,12284],"product_tag":[],"class_list":{"0":"post-716033","1":"product","2":"type-product","3":"status-publish","5":"product_cat-cocuk-ve-genclik-kitaplari","6":"product_cat-hikayeler","7":"pa_cilt-ciltsiz","8":"pa_tur-kitap","9":"pa_yayinevi-is-bankasi-kultur-yayinlari","10":"pa_yazar-guy-parker-rees","12":"first","13":"instock","14":"sale","15":"shipping-taxable","16":"purchasable","17":"product-type-simple"},"_links":{"self":[{"href":"https:\/\/roveyayinevi.com.tr\/index.php\/wp-json\/wp\/v2\/product\/716033","targetHints":{"allow":["GET"]}}],"collection":[{"href":"https:\/\/roveyayinevi.com.tr\/index.php\/wp-json\/wp\/v2\/product"}],"about":[{"href":"https:\/\/roveyayinevi.com.tr\/index.php\/wp-json\/wp\/v2\/types\/product"}],"wp:attachment":[{"href":"https:\/\/roveyayinevi.com.tr\/index.php\/wp-json\/wp\/v2\/media?parent=716033"}],"wp:term":[{"taxonomy":"product_brand","embeddable":true,"href":"https:\/\/roveyayinevi.com.tr\/index.php\/wp-json\/wp\/v2\/product_brand?post=716033"},{"taxonomy":"product_cat","embeddable":true,"href":"https:\/\/roveyayinevi.com.tr\/index.php\/wp-json\/wp\/v2\/product_cat?post=716033"},{"taxonomy":"product_tag","embeddable":true,"href":"https:\/\/roveyayinevi.com.tr\/index.php\/wp-json\/wp\/v2\/product_tag?post=716033"}],"curies":[{"name":"wp","href":"https:\/\/api.w.org\/{rel}","templated":true}]}}