{"id":716026,"date":"2025-08-27T17:37:24","date_gmt":"2025-08-27T14:37:24","guid":{"rendered":"https:\/\/roveyayinevi.com.tr\/index.php\/urun\/dut-agaci\/"},"modified":"2026-04-13T02:30:03","modified_gmt":"2026-04-12T23:30:03","slug":"dut-agaci","status":"publish","type":"product","link":"https:\/\/roveyayinevi.com.tr\/index.php\/urun\/dut-agaci\/","title":{"rendered":"Dut A\u011fac\u0131"},"content":{"rendered":"<p>Dut a\u011fac\u0131yla Mayevka k\u00f6y\u00fcne geldi\u011fim ilk g\u00fcn tan\u0131\u015fm\u0131\u015ft\u0131k. O zamanlar daha gen\u00e7 denecek ya\u015ftayd\u0131. \u0130lk \u00f6nce \u00fc\u00e7 y\u0131l, daha sonra da on yedi y\u0131l\u0131 birlikte ge\u00e7irmi\u015ftik. Toplamda yirmi y\u0131ll\u0131k beraberli\u011fimiz olmu\u015ftu. Ac\u0131 tatl\u0131 ge\u00e7en her g\u00fcne, kendi d\u00fcnyas\u0131ndan \u015fahitlik etmi\u015fti. \u00dczerinden ge\u00e7en y\u0131llar dut a\u011fac\u0131n\u0131 da y\u0131pratm\u0131\u015f olacak ki benden \u00f6nce topra\u011fa kavu\u015fman\u0131n huzurunu ya\u015f\u0131yordu kar\u015f\u0131mda. Ona son vazifemi yapmam gerekti\u011fini d\u00fc\u015f\u00fcnd\u00fcm. A\u011fr\u0131dan uyu\u015fmu\u015f olan ayaklar\u0131m\u0131 yerde s\u00fcr\u00fckleyerek yan\u0131na do\u011fru y\u00fcr\u00fcd\u00fcm. Yerde sere serpe uzanm\u0131\u015f yatan g\u00f6r\u00fcnt\u00fcs\u00fc i\u00e7ler ac\u0131s\u0131yd\u0131. Dokunmadan ba\u015f\u0131nda bekledim. En y\u00fcksekte as\u0131l\u0131 duran dallar\u0131ndan, ayakucundan sarkan k\u00f6klerine kadar g\u00f6z gezdirdim. Ac\u0131 i\u00e7erisinde k\u0131vran\u0131yordu. \u0130mdad\u0131n\u0131 duyurmaya \u00e7al\u0131\u015ft\u0131\u011f\u0131 sesi y\u00fcrekleri da\u011fl\u0131yordu. Yatt\u0131\u011f\u0131 yere do\u011fru e\u011fildim. Ellerim ile yaralar\u0131n\u0131 sarmak istiyordum. Son nefesini veriyordu. Yapacak bir \u015fey kalmam\u0131\u015ft\u0131. Son bir kez, ba\u015f\u0131ndan ayak ucuna kadar dikkatli bir \u015fekilde yerde yat\u0131\u015f\u0131n\u0131 seyrettim. Daha sonra g\u00f6zlerim ile vedala\u015ft\u0131m. Tekrar aya\u011fa kalkt\u0131m. Her fani gibi o da hayata g\u00f6zlerini yummu\u015ftu. Son g\u00f6revimi yerine getirmeliydim. Kilere do\u011fru y\u00fcr\u00fcd\u00fcm. <\/p>\n","protected":false},"excerpt":{"rendered":"<p>Dut a\u011fac\u0131yla Mayevka k\u00f6y\u00fcne geldi\u011fim ilk g\u00fcn tan\u0131\u015fm\u0131\u015ft\u0131k. O zamanlar daha gen\u00e7 denecek ya\u015ftayd\u0131. \u0130lk \u00f6nce \u00fc\u00e7 y\u0131l, daha sonra da on yedi y\u0131l\u0131 birlikte ge\u00e7irmi\u015ftik.<span class=\"excerpt-hellip\"> [\u2026]<\/span><\/p>\n","protected":false},"featured_media":0,"template":"","meta":{"_monsterinsights_skip_tracking":false,"_monsterinsights_sitenote_active":false,"_monsterinsights_sitenote_note":"","_monsterinsights_sitenote_category":0},"product_brand":[],"product_cat":[12291,12711],"product_tag":[],"class_list":{"0":"post-716026","1":"product","2":"type-product","3":"status-publish","5":"product_cat-edebiyat","6":"product_cat-roman-oyku","7":"pa_cilt-ciltsiz","8":"pa_tur-kitap","9":"pa_yayinevi-sinova-yayincilik","10":"pa_yazar-tayfun-atmaca","12":"first","13":"instock","14":"sale","15":"shipping-taxable","16":"purchasable","17":"product-type-simple"},"_links":{"self":[{"href":"https:\/\/roveyayinevi.com.tr\/index.php\/wp-json\/wp\/v2\/product\/716026","targetHints":{"allow":["GET"]}}],"collection":[{"href":"https:\/\/roveyayinevi.com.tr\/index.php\/wp-json\/wp\/v2\/product"}],"about":[{"href":"https:\/\/roveyayinevi.com.tr\/index.php\/wp-json\/wp\/v2\/types\/product"}],"wp:attachment":[{"href":"https:\/\/roveyayinevi.com.tr\/index.php\/wp-json\/wp\/v2\/media?parent=716026"}],"wp:term":[{"taxonomy":"product_brand","embeddable":true,"href":"https:\/\/roveyayinevi.com.tr\/index.php\/wp-json\/wp\/v2\/product_brand?post=716026"},{"taxonomy":"product_cat","embeddable":true,"href":"https:\/\/roveyayinevi.com.tr\/index.php\/wp-json\/wp\/v2\/product_cat?post=716026"},{"taxonomy":"product_tag","embeddable":true,"href":"https:\/\/roveyayinevi.com.tr\/index.php\/wp-json\/wp\/v2\/product_tag?post=716026"}],"curies":[{"name":"wp","href":"https:\/\/api.w.org\/{rel}","templated":true}]}}