{"id":715993,"date":"2025-08-27T17:37:03","date_gmt":"2025-08-27T14:37:03","guid":{"rendered":"https:\/\/roveyayinevi.com.tr\/index.php\/urun\/anne-eli-degmis-cocuk\/"},"modified":"2026-04-16T02:24:28","modified_gmt":"2026-04-15T23:24:28","slug":"anne-eli-degmis-cocuk","status":"publish","type":"product","link":"https:\/\/roveyayinevi.com.tr\/index.php\/urun\/anne-eli-degmis-cocuk\/","title":{"rendered":"Anne Eli De\u011fmi\u015f \u00c7ocuk"},"content":{"rendered":"<p>\u201cVe \u00e7ocu\u011fa ula\u015fmak ancak oyun ile m\u00fcmk\u00fcnd\u00fc.O zaman haydi ver elini, oynayal\u0131m. \u00c7\u00fcnk\u00fc e\u011fitim, \u00f6nce ailede ba\u015flar. \u00c7\u00fcnk\u00fc ancak e\u011fitim ile dokunulan \u00e7ocuk ba\u015far\u0131l\u0131 yol al\u0131r.\u201dOyun oynamak \u00e7ocuk i\u00e7in ince bir i\u015ftir, ebeveyn i\u00e7in ise \u00e7ocu\u011funa eri\u015fmektir. Montessori e\u011fitmeni Neslihan Ayan bu \u00e7al\u0131\u015fmas\u0131nda, \u00e7ocuklar\u0131na eri\u015febilen ebeveyn olman\u0131n ve birlikte e\u011flenerek \u00f6\u011frenmenin anahtar\u0131n\u0131 sunuyor.<\/p>\n","protected":false},"excerpt":{"rendered":"<p>\u201cVe \u00e7ocu\u011fa ula\u015fmak ancak oyun ile m\u00fcmk\u00fcnd\u00fc.O zaman haydi ver elini, oynayal\u0131m. \u00c7\u00fcnk\u00fc e\u011fitim, \u00f6nce ailede ba\u015flar. \u00c7\u00fcnk\u00fc ancak e\u011fitim ile dokunulan \u00e7ocuk ba\u015far\u0131l\u0131 yol al\u0131r.\u201dOyun<span class=\"excerpt-hellip\"> [\u2026]<\/span><\/p>\n","protected":false},"featured_media":0,"template":"","meta":{"_monsterinsights_skip_tracking":false,"_monsterinsights_sitenote_active":false,"_monsterinsights_sitenote_note":"","_monsterinsights_sitenote_category":0},"product_brand":[],"product_cat":[17996,12364],"product_tag":[],"class_list":{"0":"post-715993","1":"product","2":"type-product","3":"status-publish","5":"product_cat-ebeveyn-kitaplari","6":"product_cat-genel-konular","7":"pa_cilt-ciltsiz","8":"pa_tur-kitap","9":"pa_yayinevi-nesil-yayinlari","10":"pa_yazar-neslihan-ayan","12":"first","13":"instock","14":"sale","15":"shipping-taxable","16":"purchasable","17":"product-type-simple"},"_links":{"self":[{"href":"https:\/\/roveyayinevi.com.tr\/index.php\/wp-json\/wp\/v2\/product\/715993","targetHints":{"allow":["GET"]}}],"collection":[{"href":"https:\/\/roveyayinevi.com.tr\/index.php\/wp-json\/wp\/v2\/product"}],"about":[{"href":"https:\/\/roveyayinevi.com.tr\/index.php\/wp-json\/wp\/v2\/types\/product"}],"wp:attachment":[{"href":"https:\/\/roveyayinevi.com.tr\/index.php\/wp-json\/wp\/v2\/media?parent=715993"}],"wp:term":[{"taxonomy":"product_brand","embeddable":true,"href":"https:\/\/roveyayinevi.com.tr\/index.php\/wp-json\/wp\/v2\/product_brand?post=715993"},{"taxonomy":"product_cat","embeddable":true,"href":"https:\/\/roveyayinevi.com.tr\/index.php\/wp-json\/wp\/v2\/product_cat?post=715993"},{"taxonomy":"product_tag","embeddable":true,"href":"https:\/\/roveyayinevi.com.tr\/index.php\/wp-json\/wp\/v2\/product_tag?post=715993"}],"curies":[{"name":"wp","href":"https:\/\/api.w.org\/{rel}","templated":true}]}}