{"id":715992,"date":"2025-08-27T17:37:02","date_gmt":"2025-08-27T14:37:02","guid":{"rendered":"https:\/\/roveyayinevi.com.tr\/index.php\/urun\/cocuk-ilmihali-ciltli\/"},"modified":"2026-04-16T02:24:28","modified_gmt":"2026-04-15T23:24:28","slug":"cocuk-ilmihali-ciltli","status":"publish","type":"product","link":"https:\/\/roveyayinevi.com.tr\/index.php\/urun\/cocuk-ilmihali-ciltli\/","title":{"rendered":"\u00c7ocuk \u0130lmihali (Ciltli)"},"content":{"rendered":"<p>K\u00fc\u00e7\u00fck kalpleri cennet kadar g\u00fczel olan \u00e7ocuklar,\u0130lmihal bir y\u00f6n\u00fcyle &#8220;Hayat Bilgisi&#8221; anlam\u0131na gelir. Yani hayat\u0131m\u0131zda yararl\u0131 ve zararl\u0131 olan t\u00fcm bilgiler demektir. Sizler bu kitapla Allah\u2019\u0131n diniyle hayat\u0131n\u0131z\u0131 bilgi dolu yapacaks\u0131n\u0131z. \u0130man\u0131, \u0130slam\u2019\u0131, ibadetleri, sorumluluk kavram\u0131n\u0131, ahlak\u0131 ve g\u00f6rg\u00fc kurallar\u0131n\u0131 severek \u00f6\u011freneceksiniz.En y\u00fcce ahlak\u0131n sahibi Sevgili Peygamberimizin (s.a.v.) \u00f6rnek ki\u015fili\u011fini kavrayacaks\u0131n\u0131z. Ayetler, hadisler, \u00f6yk\u00fcler, \u015fiirler ve etkinliklerle g\u00fczel dinimiz \u0130slamiyet\u2019i hayat\u0131n\u0131za hayat yapacaks\u0131n\u0131z.Sevgili \u00e7ocuklar &#8220;Okumak&#8221; Rabbimizin ilk emridir. Haydi \u00f6yleyse cennet yolcusu olmak i\u00e7in &#8220;Bismillah&#8221; diyerek kitab\u0131m\u0131z\u0131 okumaya ve y\u00fcce dinimiz \u0130slam\u2019\u0131 \u00f6\u011frenmeye ba\u015flayal\u0131m.<\/p>\n","protected":false},"excerpt":{"rendered":"<p>K\u00fc\u00e7\u00fck kalpleri cennet kadar g\u00fczel olan \u00e7ocuklar,\u0130lmihal bir y\u00f6n\u00fcyle &#8220;Hayat Bilgisi&#8221; anlam\u0131na gelir. Yani hayat\u0131m\u0131zda yararl\u0131 ve zararl\u0131 olan t\u00fcm bilgiler demektir. Sizler bu kitapla Allah\u2019\u0131n<span class=\"excerpt-hellip\"> [\u2026]<\/span><\/p>\n","protected":false},"featured_media":0,"template":"","meta":{"_monsterinsights_skip_tracking":false,"_monsterinsights_sitenote_active":false,"_monsterinsights_sitenote_note":"","_monsterinsights_sitenote_category":0},"product_brand":[],"product_cat":[12274,18802],"product_tag":[],"class_list":{"0":"post-715992","1":"product","2":"type-product","3":"status-publish","5":"product_cat-cocuk-ve-genclik-kitaplari","6":"product_cat-din-egitimi","7":"pa_cilt-ciltli","8":"pa_tur-kitap","9":"pa_yayinevi-nesil-cocuk-yayinlari","10":"pa_yazar-yilmaz-yenidinc","12":"first","13":"instock","14":"sale","15":"shipping-taxable","16":"purchasable","17":"product-type-simple"},"_links":{"self":[{"href":"https:\/\/roveyayinevi.com.tr\/index.php\/wp-json\/wp\/v2\/product\/715992","targetHints":{"allow":["GET"]}}],"collection":[{"href":"https:\/\/roveyayinevi.com.tr\/index.php\/wp-json\/wp\/v2\/product"}],"about":[{"href":"https:\/\/roveyayinevi.com.tr\/index.php\/wp-json\/wp\/v2\/types\/product"}],"wp:attachment":[{"href":"https:\/\/roveyayinevi.com.tr\/index.php\/wp-json\/wp\/v2\/media?parent=715992"}],"wp:term":[{"taxonomy":"product_brand","embeddable":true,"href":"https:\/\/roveyayinevi.com.tr\/index.php\/wp-json\/wp\/v2\/product_brand?post=715992"},{"taxonomy":"product_cat","embeddable":true,"href":"https:\/\/roveyayinevi.com.tr\/index.php\/wp-json\/wp\/v2\/product_cat?post=715992"},{"taxonomy":"product_tag","embeddable":true,"href":"https:\/\/roveyayinevi.com.tr\/index.php\/wp-json\/wp\/v2\/product_tag?post=715992"}],"curies":[{"name":"wp","href":"https:\/\/api.w.org\/{rel}","templated":true}]}}