{"id":715979,"date":"2025-08-27T17:36:53","date_gmt":"2025-08-27T14:36:53","guid":{"rendered":"https:\/\/roveyayinevi.com.tr\/index.php\/urun\/dusler-atlasi\/"},"modified":"2026-04-16T02:24:28","modified_gmt":"2026-04-15T23:24:28","slug":"dusler-atlasi","status":"publish","type":"product","link":"https:\/\/roveyayinevi.com.tr\/index.php\/urun\/dusler-atlasi\/","title":{"rendered":"D\u00fc\u015fler Atlas\u0131"},"content":{"rendered":"<p>&#8220;Bir hayalperestin zihni onun en harika oyunca\u011f\u0131d\u0131r.&#8221;D\u00fcnyay\u0131 ancak hayalperestler de\u011fi\u015ftirebilir. Merakl\u0131 g\u00f6zler, k\u00e2\u015fif ruhlar ve yarat\u0131c\u0131 zihinler sizi ileriye ta\u015f\u0131r. Peki, hayalleriniz i\u00e7in s\u0131n\u0131rlar\u0131n\u0131z nelerdir? Onlara ula\u015fabilmek i\u00e7in nereye kadar gidebilirsiniz? Peki ya zorluklarla ba\u015fa \u00e7\u0131kma konusunda kendinize ne kadar g\u00fcvenirsiniz? Mesela beklemek de dahil midir hayallerinize kavu\u015fmaya? Ya derin \u00fcz\u00fcnt\u00fcler ya\u015famak? Do\u011fru cevab\u0131 buldu\u011funuz g\u00fcn, yeni hayat\u0131n\u0131z\u0131n ilk g\u00fcn\u00fc olacak.Serinin son kitab\u0131 D\u00fc\u015fler Atlas\u0131&#8217;nda G\u00f6\u011f\u00fc Yeri \u0130ndirelim&#8217;den tan\u0131d\u0131\u011f\u0131m\u0131z Deniz ile Yery\u00fcz\u00fcn\u00fcn Kalbi&#8217;nden tan\u0131d\u0131\u011f\u0131m\u0131z Bamba bir araya geliyor. Mahsur kald\u0131klar\u0131 adada bir \u00e7\u0131k\u0131\u015f yolu ararken, kaderleri adan\u0131n yerlisi Ra&#8217;yla birle\u015fiyor.<\/p>\n","protected":false},"excerpt":{"rendered":"<p>&#8220;Bir hayalperestin zihni onun en harika oyunca\u011f\u0131d\u0131r.&#8221;D\u00fcnyay\u0131 ancak hayalperestler de\u011fi\u015ftirebilir. Merakl\u0131 g\u00f6zler, k\u00e2\u015fif ruhlar ve yarat\u0131c\u0131 zihinler sizi ileriye ta\u015f\u0131r. Peki, hayalleriniz i\u00e7in s\u0131n\u0131rlar\u0131n\u0131z nelerdir? Onlara<span class=\"excerpt-hellip\"> [\u2026]<\/span><\/p>\n","protected":false},"featured_media":0,"template":"","meta":{"_monsterinsights_skip_tracking":false,"_monsterinsights_sitenote_active":false,"_monsterinsights_sitenote_note":"","_monsterinsights_sitenote_category":0},"product_brand":[],"product_cat":[12274,12284],"product_tag":[],"class_list":{"0":"post-715979","1":"product","2":"type-product","3":"status-publish","5":"product_cat-cocuk-ve-genclik-kitaplari","6":"product_cat-hikayeler","7":"pa_cilt-ciltsiz","8":"pa_tur-kitap","9":"pa_yayinevi-genc-timas","10":"pa_yazar-ozgur-balpinar","12":"first","13":"instock","14":"sale","15":"shipping-taxable","16":"purchasable","17":"product-type-simple"},"_links":{"self":[{"href":"https:\/\/roveyayinevi.com.tr\/index.php\/wp-json\/wp\/v2\/product\/715979","targetHints":{"allow":["GET"]}}],"collection":[{"href":"https:\/\/roveyayinevi.com.tr\/index.php\/wp-json\/wp\/v2\/product"}],"about":[{"href":"https:\/\/roveyayinevi.com.tr\/index.php\/wp-json\/wp\/v2\/types\/product"}],"wp:attachment":[{"href":"https:\/\/roveyayinevi.com.tr\/index.php\/wp-json\/wp\/v2\/media?parent=715979"}],"wp:term":[{"taxonomy":"product_brand","embeddable":true,"href":"https:\/\/roveyayinevi.com.tr\/index.php\/wp-json\/wp\/v2\/product_brand?post=715979"},{"taxonomy":"product_cat","embeddable":true,"href":"https:\/\/roveyayinevi.com.tr\/index.php\/wp-json\/wp\/v2\/product_cat?post=715979"},{"taxonomy":"product_tag","embeddable":true,"href":"https:\/\/roveyayinevi.com.tr\/index.php\/wp-json\/wp\/v2\/product_tag?post=715979"}],"curies":[{"name":"wp","href":"https:\/\/api.w.org\/{rel}","templated":true}]}}