{"id":715965,"date":"2025-08-27T17:36:43","date_gmt":"2025-08-27T14:36:43","guid":{"rendered":"https:\/\/roveyayinevi.com.tr\/index.php\/urun\/esmalarin-gizemi\/"},"modified":"2026-04-16T02:23:59","modified_gmt":"2026-04-15T23:23:59","slug":"esmalarin-gizemi","status":"publish","type":"product","link":"https:\/\/roveyayinevi.com.tr\/index.php\/urun\/esmalarin-gizemi\/","title":{"rendered":"Esmalar\u0131n Gizemi"},"content":{"rendered":"<p>Bu kitapta,\u0130slam ve tasavvuf d\u00fc\u015f\u00fcn\u00fcr\u00fc Muhyittin \u0130bn Arabi\u2019nin binlerce y\u0131llar \u00f6ncesine dayanan ebced hesab\u0131, dinler tarihi ara\u015ft\u0131rmac\u0131s\u0131 Serhat Ahmet Tan\u2019\u0131n yorumlar\u0131 ile bulu\u015furken, yarad\u0131l\u0131\u015f\u0131n s\u0131rlar perdesi aralan\u0131yor..Yurti\u00e7i ve yurt d\u0131\u015f\u0131nda ya\u015fayan milyonlarca ki\u015fi, isminin \u2018Esma\u00fcl H\u00fcsna\u2019s\u0131n\u0131 \u00f6\u011frendikten sonra hayat\u0131n\u0131n amac\u0131n\u0131 ke\u015ffetti.Diledi\u011fin hayat\u0131 sana sunan, \u015fans\u0131n\u0131 artt\u0131ran, g\u00f6r\u00fcnmezi g\u00f6r\u00fcn\u00fcr k\u0131lan her \u015fey; senin isminde ve do\u011fum tarihinde sakl\u0131.Allah\u2019\u0131n en g\u00fczel ilahi isimleri ve ayetleri ile b\u00fct\u00fcnle\u015fen s\u0131rr\u0131 ke\u015ffetmeye haz\u0131r m\u0131s\u0131n?Bunlar, iman edenler ve g\u00f6n\u00fclleri Allah&#8217;\u0131n zikriyle s\u00fck\u00fbnete erenlerdir. Bilesiniz ki, kalpler ancak Allah&#8217;\u0131 anmakla huzur bulur.<\/p>\n","protected":false},"excerpt":{"rendered":"<p>Bu kitapta,\u0130slam ve tasavvuf d\u00fc\u015f\u00fcn\u00fcr\u00fc Muhyittin \u0130bn Arabi\u2019nin binlerce y\u0131llar \u00f6ncesine dayanan ebced hesab\u0131, dinler tarihi ara\u015ft\u0131rmac\u0131s\u0131 Serhat Ahmet Tan\u2019\u0131n yorumlar\u0131 ile bulu\u015furken, yarad\u0131l\u0131\u015f\u0131n s\u0131rlar perdesi<span class=\"excerpt-hellip\"> [\u2026]<\/span><\/p>\n","protected":false},"featured_media":0,"template":"","meta":{"_monsterinsights_skip_tracking":false,"_monsterinsights_sitenote_active":false,"_monsterinsights_sitenote_note":"","_monsterinsights_sitenote_category":0},"product_brand":[],"product_cat":[12718,12719,12720],"product_tag":[],"class_list":{"0":"post-715965","1":"product","2":"type-product","3":"status-publish","5":"product_cat-din","6":"product_cat-islam","7":"product_cat-tasavvuf-mezhepler-tarikatlar","8":"pa_cilt-ciltsiz","9":"pa_tur-kitap","10":"pa_yayinevi-yediveren-yayinlari","11":"pa_yazar-serhat-ahmet-tan","13":"first","14":"instock","15":"sale","16":"shipping-taxable","17":"purchasable","18":"product-type-simple"},"_links":{"self":[{"href":"https:\/\/roveyayinevi.com.tr\/index.php\/wp-json\/wp\/v2\/product\/715965","targetHints":{"allow":["GET"]}}],"collection":[{"href":"https:\/\/roveyayinevi.com.tr\/index.php\/wp-json\/wp\/v2\/product"}],"about":[{"href":"https:\/\/roveyayinevi.com.tr\/index.php\/wp-json\/wp\/v2\/types\/product"}],"wp:attachment":[{"href":"https:\/\/roveyayinevi.com.tr\/index.php\/wp-json\/wp\/v2\/media?parent=715965"}],"wp:term":[{"taxonomy":"product_brand","embeddable":true,"href":"https:\/\/roveyayinevi.com.tr\/index.php\/wp-json\/wp\/v2\/product_brand?post=715965"},{"taxonomy":"product_cat","embeddable":true,"href":"https:\/\/roveyayinevi.com.tr\/index.php\/wp-json\/wp\/v2\/product_cat?post=715965"},{"taxonomy":"product_tag","embeddable":true,"href":"https:\/\/roveyayinevi.com.tr\/index.php\/wp-json\/wp\/v2\/product_tag?post=715965"}],"curies":[{"name":"wp","href":"https:\/\/api.w.org\/{rel}","templated":true}]}}