{"id":715951,"date":"2025-08-27T17:36:34","date_gmt":"2025-08-27T14:36:34","guid":{"rendered":"https:\/\/roveyayinevi.com.tr\/index.php\/urun\/turkiye-ekonomisinde-kalkinma-ve-donusum\/"},"modified":"2026-04-16T02:23:59","modified_gmt":"2026-04-15T23:23:59","slug":"turkiye-ekonomisinde-kalkinma-ve-donusum","status":"publish","type":"product","link":"https:\/\/roveyayinevi.com.tr\/index.php\/urun\/turkiye-ekonomisinde-kalkinma-ve-donusum\/","title":{"rendered":"T\u00fcrkiye Ekonomisinde Kalk\u0131nma ve D\u00f6n\u00fc\u015f\u00fcm"},"content":{"rendered":"<p>T\u00fcrkiye Ekonomisinde Kalk\u0131nma ve D\u00f6n\u00fc\u015f\u00fcm, 2017 y\u0131l\u0131nda mesle\u011finde 50. onur y\u0131l\u0131n\u0131 tamamlayan Taner Berksoy Hoca i\u00e7in haz\u0131rlanm\u0131\u015f bir arma\u011fan kitap. Ana temas\u0131 Taner Berksoy\u2019un uzmanl\u0131k alanlar\u0131ndan \u201cT\u00fcrkiye Ekonomisi\u201d olan \u00e7al\u0131\u015fma, \u00e7ok de\u011ferli akademisyenlerin katk\u0131lar\u0131yla T\u00fcrkiye ekonomisi \u00fczerine g\u00fcncel konular\u0131 tart\u0131\u015f\u0131yor, sorunlar\u0131 ve \u00e7\u00f6z\u00fcm \u00f6nerilerini ortaya koyuyor. Bu kitapta makroekonomi, kalk\u0131nma ekonomisi ve ekonomi \u00fczerine tematik \u00e7al\u0131\u015fmalar\u0131n derlendi\u011fi \u00fc\u00e7 temel grupta toplanan bilimsel \u00e7al\u0131\u015fmalar\u0131 bulacaks\u0131n\u0131z. Kitab\u0131n son b\u00f6l\u00fcm\u00fcndeki yaz\u0131lardaysa T\u00fcrkiye\u2019deki mevcut ekonomik g\u00f6r\u00fcn\u00fcm\u00fc kapsaml\u0131 olarak ele alan bir tart\u0131\u015fmayla kar\u015f\u0131la\u015facaks\u0131n\u0131z. T\u00fcrkiye Ekonomisinde Kalk\u0131nma ve D\u00f6n\u00fc\u015f\u00fcm sadece iktisat\u00e7\u0131lar\u0131n, iktisat b\u00f6l\u00fcm\u00fc \u00f6\u011frencilerinin de\u011fil konuyla ilgili herkesin faydalanabilece\u011fi bir kaynak kitap.   Hem Taner Berksoy Hoca\u2019ya hem T\u00fcrkiye ekonomisi alan\u0131na arma\u011fan. <\/p>\n","protected":false},"excerpt":{"rendered":"<p>T\u00fcrkiye Ekonomisinde Kalk\u0131nma ve D\u00f6n\u00fc\u015f\u00fcm, 2017 y\u0131l\u0131nda mesle\u011finde 50. onur y\u0131l\u0131n\u0131 tamamlayan Taner Berksoy Hoca i\u00e7in haz\u0131rlanm\u0131\u015f bir arma\u011fan kitap. Ana temas\u0131 Taner Berksoy\u2019un uzmanl\u0131k alanlar\u0131ndan<span class=\"excerpt-hellip\"> [\u2026]<\/span><\/p>\n","protected":false},"featured_media":0,"template":"","meta":{"_monsterinsights_skip_tracking":false,"_monsterinsights_sitenote_active":false,"_monsterinsights_sitenote_note":"","_monsterinsights_sitenote_category":0},"product_brand":[],"product_cat":[13043,14144],"product_tag":[],"class_list":{"0":"post-715951","1":"product","2":"type-product","3":"status-publish","5":"product_cat-ekonomi","6":"product_cat-turkiye-ekonomisi","7":"pa_cilt-ciltsiz","8":"pa_tur-kitap","9":"pa_yayinevi-imge-kitabevi-yayinlari","10":"pa_yazar-kolektif","12":"first","13":"instock","14":"sale","15":"shipping-taxable","16":"purchasable","17":"product-type-simple"},"_links":{"self":[{"href":"https:\/\/roveyayinevi.com.tr\/index.php\/wp-json\/wp\/v2\/product\/715951","targetHints":{"allow":["GET"]}}],"collection":[{"href":"https:\/\/roveyayinevi.com.tr\/index.php\/wp-json\/wp\/v2\/product"}],"about":[{"href":"https:\/\/roveyayinevi.com.tr\/index.php\/wp-json\/wp\/v2\/types\/product"}],"wp:attachment":[{"href":"https:\/\/roveyayinevi.com.tr\/index.php\/wp-json\/wp\/v2\/media?parent=715951"}],"wp:term":[{"taxonomy":"product_brand","embeddable":true,"href":"https:\/\/roveyayinevi.com.tr\/index.php\/wp-json\/wp\/v2\/product_brand?post=715951"},{"taxonomy":"product_cat","embeddable":true,"href":"https:\/\/roveyayinevi.com.tr\/index.php\/wp-json\/wp\/v2\/product_cat?post=715951"},{"taxonomy":"product_tag","embeddable":true,"href":"https:\/\/roveyayinevi.com.tr\/index.php\/wp-json\/wp\/v2\/product_tag?post=715951"}],"curies":[{"name":"wp","href":"https:\/\/api.w.org\/{rel}","templated":true}]}}