{"id":715949,"date":"2025-08-27T17:36:33","date_gmt":"2025-08-27T14:36:33","guid":{"rendered":"https:\/\/roveyayinevi.com.tr\/index.php\/urun\/turkistan-halklarinin-tarihi\/"},"modified":"2026-04-16T02:23:58","modified_gmt":"2026-04-15T23:23:58","slug":"turkistan-halklarinin-tarihi","status":"publish","type":"product","link":"https:\/\/roveyayinevi.com.tr\/index.php\/urun\/turkistan-halklarinin-tarihi\/","title":{"rendered":"T\u00fcrkistan Halklar\u0131n\u0131n Tarihi"},"content":{"rendered":"<p>Vasiliy Vladimirovi\u00e7 Barthold d\u00fcnyaca me\u015fhur do\u011fubilimci, Rus ve Sovyet bilim adam\u0131, m\u00fcmtaz t\u00fcrkolog ve tarih\u00e7idir. Barthold\u2019un T\u00fcrk Tarihi, Mo\u011fol Tarihi ve \u0130slam Tarihi vs. konular \u00fczerine d\u00f6rt y\u00fczden fazla monografisi ve Orta Asya Tarihi ile ilgili \u0130slam Ansiklopedisi i\u00e7in yaz\u0131lm\u0131\u015f 246 makalesi bulunmaktad\u0131r. 1963-1977 y\u0131llar\u0131 aras\u0131nda Barthold\u2019un dokuz ciltli k\u00fclliyat\u0131 Rus-Sovyet Bilimler Akademisi taraf\u0131ndan yeniden yay\u0131nlanm\u0131\u015ft\u0131r. Orta Asya Tarihi \u00dczerine Ara\u015ft\u0131rmalar adl\u0131 bu kitapta V. V. Barthold\u2019un Orta Asya tarihi \u00fczerine yapt\u0131\u011f\u0131 \u00e7al\u0131\u015fmalar\u0131n\u0131n genel \u00f6zetini kapsayan eserleri bulunmaktad\u0131r. Bunlardan Yedisu Tarihi V. V. Barthold\u2019un ilk ara\u015ft\u0131rmalar\u0131ndan biridir (1898). V. V. Barthold 1893-1894 y\u0131llar\u0131 aras\u0131nda Yedisu B\u00f6lgesi\u2019ne yapt\u0131\u011f\u0131 bilimsel gezisi esnas\u0131nda Talas, \u00c7u, Is\u0131k G\u00f6l, \u0130li vadilerini gezerek Tanr\u0131 Da\u011flar\u0131\u2019nda bulunan arkeolojik eserleri incelemi\u015f, gezi esnas\u0131nda elde etti\u011fi bilgileri Orta Asya Gezi Raporu\u2019nda (\u041e\u0442\u0447\u0451\u0442 \u043e \u043f\u043e\u0435\u0437\u0434\u043a\u0435 \u0432 \u0421\u0440\u0435\u0434\u043d\u044e\u044e \u0410\u0437\u0438\u044e) yay\u0131nlam\u0131\u015ft\u0131r. Raporunda orta\u00e7a\u011f co\u011frafyac\u0131lar\u0131n\u0131n tasvir ettikleri yol g\u00fczerg\u00e2hlar\u0131n\u0131 g\u00fcn\u00fcm\u00fcz Orta Asya\u2019n\u0131n yollar\u0131yla kar\u015f\u0131la\u015ft\u0131rmakla kalmam\u0131\u015f eski zamanlardan kalan tarih eserleri hakk\u0131ndaki kendi g\u00f6zlemlerini de kaydetmi\u015ftir. Ayr\u0131ca yaz\u0131l\u0131 kaynaklardan istifade ederek Yedisu tarihi ile ilgili zengin bir materyal haz\u0131rlam\u0131\u015f, ilave olarak XI. y\u00fczy\u0131l m\u00fcellifi Gerdiz\u00ee\u2019nin Zeyn\u00fc\u2019l-Ahbar adl\u0131 eserini ve bu eserin T\u00fcrklerle ilgili k\u0131sm\u0131n\u0131n Rus\u00e7a terc\u00fcmesini yay\u0131nlam\u0131\u015ft\u0131r. S\u00f6z konusu b\u00f6lgenin orta zamanlardaki siyasi tarihi olan Yedisu Tarihi, i\u015fte bu ara\u015ft\u0131rma ve haz\u0131rl\u0131klar\u0131n sonucu elde edilen bilgilere istinaden ortaya konmu\u015f bir eserdir.<\/p>\n","protected":false},"excerpt":{"rendered":"<p>Vasiliy Vladimirovi\u00e7 Barthold d\u00fcnyaca me\u015fhur do\u011fubilimci, Rus ve Sovyet bilim adam\u0131, m\u00fcmtaz t\u00fcrkolog ve tarih\u00e7idir. Barthold\u2019un T\u00fcrk Tarihi, Mo\u011fol Tarihi ve \u0130slam Tarihi vs. konular \u00fczerine<span class=\"excerpt-hellip\"> [\u2026]<\/span><\/p>\n","protected":false},"featured_media":0,"template":"","meta":{"_monsterinsights_skip_tracking":false,"_monsterinsights_sitenote_active":false,"_monsterinsights_sitenote_note":"","_monsterinsights_sitenote_category":0},"product_brand":[],"product_cat":[12305,12304],"product_tag":[],"class_list":{"0":"post-715949","1":"product","2":"type-product","3":"status-publish","5":"product_cat-dunya-tarihi","6":"product_cat-tarih","7":"pa_cilt-ciltsiz","8":"pa_tur-kitap","9":"pa_yayinevi-astana-yayinlari","10":"pa_yazar-wilhelm-barthold","12":"first","13":"instock","14":"sale","15":"shipping-taxable","16":"purchasable","17":"product-type-simple"},"_links":{"self":[{"href":"https:\/\/roveyayinevi.com.tr\/index.php\/wp-json\/wp\/v2\/product\/715949","targetHints":{"allow":["GET"]}}],"collection":[{"href":"https:\/\/roveyayinevi.com.tr\/index.php\/wp-json\/wp\/v2\/product"}],"about":[{"href":"https:\/\/roveyayinevi.com.tr\/index.php\/wp-json\/wp\/v2\/types\/product"}],"wp:attachment":[{"href":"https:\/\/roveyayinevi.com.tr\/index.php\/wp-json\/wp\/v2\/media?parent=715949"}],"wp:term":[{"taxonomy":"product_brand","embeddable":true,"href":"https:\/\/roveyayinevi.com.tr\/index.php\/wp-json\/wp\/v2\/product_brand?post=715949"},{"taxonomy":"product_cat","embeddable":true,"href":"https:\/\/roveyayinevi.com.tr\/index.php\/wp-json\/wp\/v2\/product_cat?post=715949"},{"taxonomy":"product_tag","embeddable":true,"href":"https:\/\/roveyayinevi.com.tr\/index.php\/wp-json\/wp\/v2\/product_tag?post=715949"}],"curies":[{"name":"wp","href":"https:\/\/api.w.org\/{rel}","templated":true}]}}