{"id":715921,"date":"2025-08-27T17:36:16","date_gmt":"2025-08-27T14:36:16","guid":{"rendered":"https:\/\/roveyayinevi.com.tr\/index.php\/urun\/kizil-elma-ogulla-bulusma\/"},"modified":"2026-04-16T02:23:58","modified_gmt":"2026-04-15T23:23:58","slug":"kizil-elma-ogulla-bulusma","status":"publish","type":"product","link":"https:\/\/roveyayinevi.com.tr\/index.php\/urun\/kizil-elma-ogulla-bulusma\/","title":{"rendered":"K\u0131z\u0131l Elma &#8211; O\u011fulla Bulu\u015fma"},"content":{"rendered":"<p>Eserleri 176 dilde terc\u00fcme edilen Cengiz Aytmatov, hi\u00e7 \u015f\u00fcphe yok ki d\u00fcnya edebiyat\u0131nda en fazla tan\u0131nan T\u00fcrk yazar\u0131d\u0131r. Yazd\u0131\u011f\u0131 her eseri b\u00fcy\u00fck bir zevkle okunan Aytmatov, bir arada sundu\u011fumuz bu iki hik\u00e2yesinde g\u00fc\u00e7l\u00fc bir sembolizm kullanm\u0131\u015ft\u0131r. K\u0131z\u0131l Elma, Aytmatov\u2019un ilk d\u00f6nem eserlerindedir ve o, bir \u015fehir hik\u00e2yesi olman\u0131n yan\u0131 s\u0131ra, ayn\u0131 zamanda bir a\u015fk hik\u00e2yesidir. K\u0131z\u0131l Elma\u2019da a\u015fk\u0131n o tertemiz heyecan\u0131; O\u011fulla Bulu\u015fma\u2019da ise bir baban\u0131n evlad\u0131na duydu\u011fu \u0131st\u0131rapl\u0131 hasreti anlat\u0131l\u0131yor&#8230; Her iki hik\u00e2yenin ortak \u00f6zelli\u011fi ise, Aytmatov\u2019un bu hik\u00e2yelerdeki duygular\u0131 en net, en saf halde okuyucuyla bulu\u015fturmu\u015f olmas\u0131d\u0131r. Bu y\u00f6n\u00fcyle de onun hik\u00e2yeleri, bir solukta okunacak kadar s\u00fcr\u00fckleyicidir.<\/p>\n","protected":false},"excerpt":{"rendered":"<p>Eserleri 176 dilde terc\u00fcme edilen Cengiz Aytmatov, hi\u00e7 \u015f\u00fcphe yok ki d\u00fcnya edebiyat\u0131nda en fazla tan\u0131nan T\u00fcrk yazar\u0131d\u0131r. Yazd\u0131\u011f\u0131 her eseri b\u00fcy\u00fck bir zevkle okunan Aytmatov,<span class=\"excerpt-hellip\"> [\u2026]<\/span><\/p>\n","protected":false},"featured_media":0,"template":"","meta":{"_monsterinsights_skip_tracking":false,"_monsterinsights_sitenote_active":false,"_monsterinsights_sitenote_note":"","_monsterinsights_sitenote_category":0},"product_brand":[],"product_cat":[12291,12711],"product_tag":[],"class_list":{"0":"post-715921","1":"product","2":"type-product","3":"status-publish","5":"product_cat-edebiyat","6":"product_cat-roman-oyku","7":"pa_cilt-ciltsiz","8":"pa_tur-kitap","9":"pa_yayinevi-otuken-nesriyat","10":"pa_yazar-cengiz-aytmatov","12":"first","13":"instock","14":"sale","15":"shipping-taxable","16":"purchasable","17":"product-type-simple"},"_links":{"self":[{"href":"https:\/\/roveyayinevi.com.tr\/index.php\/wp-json\/wp\/v2\/product\/715921","targetHints":{"allow":["GET"]}}],"collection":[{"href":"https:\/\/roveyayinevi.com.tr\/index.php\/wp-json\/wp\/v2\/product"}],"about":[{"href":"https:\/\/roveyayinevi.com.tr\/index.php\/wp-json\/wp\/v2\/types\/product"}],"wp:attachment":[{"href":"https:\/\/roveyayinevi.com.tr\/index.php\/wp-json\/wp\/v2\/media?parent=715921"}],"wp:term":[{"taxonomy":"product_brand","embeddable":true,"href":"https:\/\/roveyayinevi.com.tr\/index.php\/wp-json\/wp\/v2\/product_brand?post=715921"},{"taxonomy":"product_cat","embeddable":true,"href":"https:\/\/roveyayinevi.com.tr\/index.php\/wp-json\/wp\/v2\/product_cat?post=715921"},{"taxonomy":"product_tag","embeddable":true,"href":"https:\/\/roveyayinevi.com.tr\/index.php\/wp-json\/wp\/v2\/product_tag?post=715921"}],"curies":[{"name":"wp","href":"https:\/\/api.w.org\/{rel}","templated":true}]}}