{"id":715909,"date":"2025-08-27T17:36:09","date_gmt":"2025-08-27T14:36:09","guid":{"rendered":"https:\/\/roveyayinevi.com.tr\/index.php\/urun\/gozyaslarimin-mulkiyeti\/"},"modified":"2026-04-16T02:23:57","modified_gmt":"2026-04-15T23:23:57","slug":"gozyaslarimin-mulkiyeti","status":"publish","type":"product","link":"https:\/\/roveyayinevi.com.tr\/index.php\/urun\/gozyaslarimin-mulkiyeti\/","title":{"rendered":"G\u00f6zya\u015flar\u0131m\u0131n M\u00fclkiyeti"},"content":{"rendered":"<p>Ferhat \u015eahnac\u0131&#8217;n\u0131n \u015fiirleri, \u00f6zg\u00fcn bir katk\u0131 olarak, \u015fiir d\u00fcnyam\u0131z\u0131, \u015fiir alg\u0131m\u0131z\u0131 geni\u015fletip zenginle\u015ftiriyor&#8230;ATAOL BEHRAMO\u011eLUFerhat \u015eahnac\u0131 doru\u011fa h\u0131zla y\u00fcr\u00fcyen ve her dizede ustala\u015fan bir \u015fairimiz. Bu kitab\u0131ndaki Y\u00dcRE\u011e\u0130N\u0130N ALFABES\u0130 \u015fiirinde, &#8216;Y\u00fcre\u011finin alfabesini sevdalardan m\u0131 \u00f6\u011frenmeliyim&#8217; dizesi, bu y\u00fcr\u00fcy\u00fc\u015f\u00fcn emin ad\u0131mlarla ilerledi\u011finin kan\u0131t\u0131d\u0131r.TANJU CILIZO\u011eLU<\/p>\n","protected":false},"excerpt":{"rendered":"<p>Ferhat \u015eahnac\u0131&#8217;n\u0131n \u015fiirleri, \u00f6zg\u00fcn bir katk\u0131 olarak, \u015fiir d\u00fcnyam\u0131z\u0131, \u015fiir alg\u0131m\u0131z\u0131 geni\u015fletip zenginle\u015ftiriyor&#8230;ATAOL BEHRAMO\u011eLUFerhat \u015eahnac\u0131 doru\u011fa h\u0131zla y\u00fcr\u00fcyen ve her dizede ustala\u015fan bir \u015fairimiz. Bu kitab\u0131ndaki<span class=\"excerpt-hellip\"> [\u2026]<\/span><\/p>\n","protected":false},"featured_media":0,"template":"","meta":{"_monsterinsights_skip_tracking":false,"_monsterinsights_sitenote_active":false,"_monsterinsights_sitenote_note":"","_monsterinsights_sitenote_category":0},"product_brand":[],"product_cat":[12291,12509],"product_tag":[],"class_list":{"0":"post-715909","1":"product","2":"type-product","3":"status-publish","5":"product_cat-edebiyat","6":"product_cat-siir","7":"pa_cilt-ciltsiz","8":"pa_tur-kitap","9":"pa_yayinevi-epsilon-yayinlari","10":"pa_yazar-ferhat-sahnaci","12":"first","13":"instock","14":"sale","15":"shipping-taxable","16":"purchasable","17":"product-type-simple"},"_links":{"self":[{"href":"https:\/\/roveyayinevi.com.tr\/index.php\/wp-json\/wp\/v2\/product\/715909","targetHints":{"allow":["GET"]}}],"collection":[{"href":"https:\/\/roveyayinevi.com.tr\/index.php\/wp-json\/wp\/v2\/product"}],"about":[{"href":"https:\/\/roveyayinevi.com.tr\/index.php\/wp-json\/wp\/v2\/types\/product"}],"wp:attachment":[{"href":"https:\/\/roveyayinevi.com.tr\/index.php\/wp-json\/wp\/v2\/media?parent=715909"}],"wp:term":[{"taxonomy":"product_brand","embeddable":true,"href":"https:\/\/roveyayinevi.com.tr\/index.php\/wp-json\/wp\/v2\/product_brand?post=715909"},{"taxonomy":"product_cat","embeddable":true,"href":"https:\/\/roveyayinevi.com.tr\/index.php\/wp-json\/wp\/v2\/product_cat?post=715909"},{"taxonomy":"product_tag","embeddable":true,"href":"https:\/\/roveyayinevi.com.tr\/index.php\/wp-json\/wp\/v2\/product_tag?post=715909"}],"curies":[{"name":"wp","href":"https:\/\/api.w.org\/{rel}","templated":true}]}}