{"id":715900,"date":"2025-08-27T17:36:04","date_gmt":"2025-08-27T14:36:04","guid":{"rendered":"https:\/\/roveyayinevi.com.tr\/index.php\/urun\/islam-felsefesi-tarihi\/"},"modified":"2026-04-16T02:23:57","modified_gmt":"2026-04-15T23:23:57","slug":"islam-felsefesi-tarihi","status":"publish","type":"product","link":"https:\/\/roveyayinevi.com.tr\/index.php\/urun\/islam-felsefesi-tarihi\/","title":{"rendered":"\u0130slam Felsefesi Tarihi"},"content":{"rendered":"<p>Felsefenin ortaya \u00e7\u0131k\u0131\u015f merkezi olarak Akdeniz havzas\u0131 ve Yunan medeniyeti olsa da daha \u00f6ncesinde Uzak Do\u011fu\u2019da, Orta Do\u011fu\u2019da hikmetin bulundu\u011fu genel kabul g\u00f6rmektedir. Hatta Henry Corbin\u2019in kabul\u00fcyle hikmetin \u00f6nce Do\u011fu d\u00fcnyas\u0131nda ortaya \u00e7\u0131k\u0131p buradan M\u0131s\u0131r\u2019a ve oradan da Yunanl\u0131lara ge\u00e7ti\u011fi d\u00fc\u015f\u00fcncesine kat\u0131ld\u0131\u011f\u0131m\u0131z\u0131 ifade etmemiz gerekir. Bize d\u00fc\u015fen g\u00f6revin, hikmeti yine \u00f6z yurduna d\u00f6nd\u00fcrerek \u00fczerimize at\u0131lm\u0131\u015f bulunan ataletten kurtulmak, d\u00fc\u015f\u00fcncenin verdi\u011fi dinamizmi yeniden kazanmakt\u0131r.Bu kitab\u0131n b\u00f6yle bir hareketlili\u011fe vesile olmas\u0131n\u0131 diliyoruz. T\u00fcrk milletinin \u00f6z g\u00fcvenini yeniden kazanmas\u0131yla \u00fczerinde ya\u015fad\u0131\u011f\u0131m\u0131z d\u00fcnyadaki yerimizin daha sa\u011flam ve g\u00fc\u00e7l\u00fc olaca\u011f\u0131 inanc\u0131nday\u0131z. Bunun i\u00e7in de kendi k\u00fclt\u00fcr\u00fcm\u00fcz\u00fc iyi \u00f6\u011frenmemiz gerekmektedir. \u0130sl\u00e2m felsefesine en \u00e7ok katk\u0131 sunan M\u00fcsl\u00fcman milletlerin ba\u015f\u0131nda T\u00fcrk milleti gelmektedir. Bu bak\u0131mdan milletimizin felsefeye bak\u0131\u015f\u0131n\u0131n ve insanl\u0131\u011fa a\u00e7t\u0131\u011f\u0131 \u00e7\u0131\u011f\u0131rlar\u0131n g\u00f6r\u00fclmesi, bilinmesi gerekmektedir.Elinizdeki kitap, bunu ger\u00e7ekle\u015ftirmeye y\u00f6nelik k\u00fc\u00e7\u00fck bir \u00e7aban\u0131n eseridir. Amac\u0131m\u0131z, ileriki bask\u0131larda daha fazla T\u00fcrk d\u00fc\u015f\u00fcn\u00fcr\u00fcne yer vermektir.<\/p>\n","protected":false},"excerpt":{"rendered":"<p>Felsefenin ortaya \u00e7\u0131k\u0131\u015f merkezi olarak Akdeniz havzas\u0131 ve Yunan medeniyeti olsa da daha \u00f6ncesinde Uzak Do\u011fu\u2019da, Orta Do\u011fu\u2019da hikmetin bulundu\u011fu genel kabul g\u00f6rmektedir. Hatta Henry Corbin\u2019in<span class=\"excerpt-hellip\"> [\u2026]<\/span><\/p>\n","protected":false},"featured_media":0,"template":"","meta":{"_monsterinsights_skip_tracking":false,"_monsterinsights_sitenote_active":false,"_monsterinsights_sitenote_note":"","_monsterinsights_sitenote_category":0},"product_brand":[],"product_cat":[12388,14717],"product_tag":[],"class_list":{"0":"post-715900","1":"product","2":"type-product","3":"status-publish","5":"product_cat-felsefe","6":"product_cat-felsefe-tarihi","7":"pa_cilt-ciltsiz","8":"pa_tur-kitap","9":"pa_yayinevi-bilge-kultur-sanat","10":"pa_yazar-h-omer-ozden","12":"first","13":"instock","14":"sale","15":"shipping-taxable","16":"purchasable","17":"product-type-simple"},"_links":{"self":[{"href":"https:\/\/roveyayinevi.com.tr\/index.php\/wp-json\/wp\/v2\/product\/715900","targetHints":{"allow":["GET"]}}],"collection":[{"href":"https:\/\/roveyayinevi.com.tr\/index.php\/wp-json\/wp\/v2\/product"}],"about":[{"href":"https:\/\/roveyayinevi.com.tr\/index.php\/wp-json\/wp\/v2\/types\/product"}],"wp:attachment":[{"href":"https:\/\/roveyayinevi.com.tr\/index.php\/wp-json\/wp\/v2\/media?parent=715900"}],"wp:term":[{"taxonomy":"product_brand","embeddable":true,"href":"https:\/\/roveyayinevi.com.tr\/index.php\/wp-json\/wp\/v2\/product_brand?post=715900"},{"taxonomy":"product_cat","embeddable":true,"href":"https:\/\/roveyayinevi.com.tr\/index.php\/wp-json\/wp\/v2\/product_cat?post=715900"},{"taxonomy":"product_tag","embeddable":true,"href":"https:\/\/roveyayinevi.com.tr\/index.php\/wp-json\/wp\/v2\/product_tag?post=715900"}],"curies":[{"name":"wp","href":"https:\/\/api.w.org\/{rel}","templated":true}]}}