{"id":715896,"date":"2025-08-27T17:36:02","date_gmt":"2025-08-27T14:36:02","guid":{"rendered":"https:\/\/roveyayinevi.com.tr\/index.php\/urun\/kumandani-oldurmek\/"},"modified":"2026-04-16T02:23:57","modified_gmt":"2026-04-15T23:23:57","slug":"kumandani-oldurmek","status":"publish","type":"product","link":"https:\/\/roveyayinevi.com.tr\/index.php\/urun\/kumandani-oldurmek\/","title":{"rendered":"Kumandan\u0131 \u00d6ld\u00fcrmek"},"content":{"rendered":"<p>Hepimiz hi\u00e7 kimseye a\u00e7amayaca\u011f\u0131m\u0131z s\u0131rlarla ya\u015f\u0131yoruz&#8230; D\u00fcnya edebiyat\u0131n\u0131n tart\u0131\u015fmas\u0131z en b\u00fcy\u00fck yazarlar\u0131ndan olan Haruki Murakami\u2019den ger\u00e7ek bir \u015faheser\u2026 \u0130lmek ilmek \u00f6r\u00fclm\u00fc\u015f bir gizem hik\u00e2yesi\u2026Kumandan\u0131 \u00d6ld\u00fcrmek yaln\u0131zl\u0131\u011f\u0131 bir y\u00fck olarak g\u00f6rmeyen, yeri geldi\u011finde yaln\u0131zl\u0131\u011f\u0131n\u0131 bir madalya gibi g\u00f6\u011fs\u00fcnde ta\u015f\u0131yanlar i\u00e7in yaz\u0131lm\u0131\u015f bir roman. T\u0131pk\u0131 bir da\u011f ba\u015f\u0131nda yaln\u0131z bir hayat s\u00fcren, bu yaln\u0131z varolu\u015fuyla gizemli bir \u015feyleri hayat\u0131na davet eden roman kahraman\u0131 gibi.Bu muhte\u015fem roman\u0131 okurken yol arkada\u015f\u0131m\u0131z yine m\u00fczik olacak\u2026 Mozart\u2019\u0131n Don Giovanni\u2019sini, Strauss\u2019un G\u00fcll\u00fc \u015e\u00f6valye\u2019sini ba\u015fucu m\u00fczi\u011fimiz yapaca\u011f\u0131z.Kumandan\u0131 \u00d6ld\u00fcrmek\u2019in gizemli labirentlerinde kaybolurken Fitzgerald\u2019\u0131n Muhte\u015fem Gatsby\u2019sine selam g\u00f6nderecek, Orwell\u2019\u0131n 1984\u2019\u00fc yazarken inzivaya \u00e7ekildi\u011fi o aday\u0131 merak edece\u011fiz\u2026 Ve hepsinden \u00f6nemlisi \u201cb\u00fcy\u00fcl\u00fc bir d\u00fcnya\u201dda ya\u015fad\u0131\u011f\u0131m\u0131z\u0131 bir kez daha anlayaca\u011f\u0131z. <\/p>\n","protected":false},"excerpt":{"rendered":"<p>Hepimiz hi\u00e7 kimseye a\u00e7amayaca\u011f\u0131m\u0131z s\u0131rlarla ya\u015f\u0131yoruz&#8230; D\u00fcnya edebiyat\u0131n\u0131n tart\u0131\u015fmas\u0131z en b\u00fcy\u00fck yazarlar\u0131ndan olan Haruki Murakami\u2019den ger\u00e7ek bir \u015faheser\u2026 \u0130lmek ilmek \u00f6r\u00fclm\u00fc\u015f bir gizem hik\u00e2yesi\u2026Kumandan\u0131 \u00d6ld\u00fcrmek yaln\u0131zl\u0131\u011f\u0131<span class=\"excerpt-hellip\"> [\u2026]<\/span><\/p>\n","protected":false},"featured_media":0,"template":"","meta":{"_monsterinsights_skip_tracking":false,"_monsterinsights_sitenote_active":false,"_monsterinsights_sitenote_note":"","_monsterinsights_sitenote_category":0},"product_brand":[],"product_cat":[12291,12711],"product_tag":[],"class_list":{"0":"post-715896","1":"product","2":"type-product","3":"status-publish","5":"product_cat-edebiyat","6":"product_cat-roman-oyku","7":"pa_cilt-ciltsiz","8":"pa_tur-kitap","9":"pa_yayinevi-dogan-kitap","10":"pa_yazar-haruki-murakami","12":"first","13":"instock","14":"sale","15":"shipping-taxable","16":"purchasable","17":"product-type-simple"},"_links":{"self":[{"href":"https:\/\/roveyayinevi.com.tr\/index.php\/wp-json\/wp\/v2\/product\/715896","targetHints":{"allow":["GET"]}}],"collection":[{"href":"https:\/\/roveyayinevi.com.tr\/index.php\/wp-json\/wp\/v2\/product"}],"about":[{"href":"https:\/\/roveyayinevi.com.tr\/index.php\/wp-json\/wp\/v2\/types\/product"}],"wp:attachment":[{"href":"https:\/\/roveyayinevi.com.tr\/index.php\/wp-json\/wp\/v2\/media?parent=715896"}],"wp:term":[{"taxonomy":"product_brand","embeddable":true,"href":"https:\/\/roveyayinevi.com.tr\/index.php\/wp-json\/wp\/v2\/product_brand?post=715896"},{"taxonomy":"product_cat","embeddable":true,"href":"https:\/\/roveyayinevi.com.tr\/index.php\/wp-json\/wp\/v2\/product_cat?post=715896"},{"taxonomy":"product_tag","embeddable":true,"href":"https:\/\/roveyayinevi.com.tr\/index.php\/wp-json\/wp\/v2\/product_tag?post=715896"}],"curies":[{"name":"wp","href":"https:\/\/api.w.org\/{rel}","templated":true}]}}