{"id":715891,"date":"2025-08-27T17:35:59","date_gmt":"2025-08-27T14:35:59","guid":{"rendered":"https:\/\/roveyayinevi.com.tr\/index.php\/urun\/hibrit-hikayeler\/"},"modified":"2026-04-16T02:23:57","modified_gmt":"2026-04-15T23:23:57","slug":"hibrit-hikayeler","status":"publish","type":"product","link":"https:\/\/roveyayinevi.com.tr\/index.php\/urun\/hibrit-hikayeler\/","title":{"rendered":"Hibrit Hikayeler"},"content":{"rendered":"<p>\u23bc Hocam siz ba\u015flay\u0131n, ama k\u0131sa c\u00fcmleler l\u00fctfen. \u00dc\u00e7, iki, bir, kay\u0131t!\u201cElinizdeki bu kitap\u201d diye ba\u015fl\u0131yordur bu i\u015fin suntural\u0131 erbab\u0131. Ne de olsa edebiyat, ele\u015ftiri, \u00e7\u00f6z\u00fcmleme&#8230; \u00e7ok ciddi bir i\u015f. Yazar bu kitab\u0131nda kayg\u0131 ak\u0131\u015f\u0131 tekni\u011fini kullanarak yaratt\u0131\u011f\u0131 kurguyu, yer yer kar\u015f\u0131l\u0131kl\u0131 konu\u015furmu\u015f, \u00e7o\u011fu zaman da kar\u015f\u0131m\u0131zda y\u00fcz y\u00fcze anlat\u0131yormu\u015f tarz\u0131nda bir narratif dil kullanarak s\u00fcr\u00fckl\u00fcyor hepimizi.\u23bc Kestik! Hocam, \u00e7ok teknik olmas\u0131n, daha s\u0131cak, daha g\u00fcndelik bir anlat\u0131m l\u00fctfen!- Kay\u0131tta m\u0131y\u0131z? Ba\u015fl\u0131yorum \u00f6yleyse:Hasan Boynukara, yan\u0131 ba\u015f\u0131n\u0131zda biri kadar do\u011fal ve ak\u0131c\u0131 bir \u00fcslupla, k\u0131sac\u0131k hik\u00e2yelerle \u00e7\u0131k\u0131yor okuyucusunun kar\u015f\u0131s\u0131na. Lakin \u00e7ok muzip, hatta h\u0131nz\u0131r \u015feyler bunlar. Hik\u00e2yeleri, tan\u0131d\u0131k y\u00fczlerin bildik sevin\u00e7 ve kah\u0131rlar\u0131 gibi, ama aldanmay\u0131n! Bildik s\u00fcrprizlere s\u0131\u011f\u0131nmadan aya\u011f\u0131n\u0131z\u0131n alt\u0131ndan hal\u0131y\u0131 \u00e7ekiveriyor ve \u00f6ylece anlat\u0131yor her \u015feyi. Evet, dikkatli olun, asl\u0131nda bir ironinin orta yerine d\u00e2hil oluyorsunuz. Tarih, devlet, kader, ibadet, servet, ne\u015fe, panik, avuntu, \u00f6l\u00fcm, heves, hayal k\u0131r\u0131kl\u0131klar\u0131 ile hepimiz ve her \u015feyimiz d\u00e2hil bu k\u0131sac\u0131k hik\u00e2yelere.Anlatan yazar de\u011fil, sanki siz hayal ediyorsunuz da ba\u011flamlar aras\u0131 astral yolculuk yapt\u0131\u011f\u0131n\u0131z\u0131 bile fark etmeden sat\u0131rlara d\u00f6k\u00fcl\u00fcyor hayal ettikleriniz. Ki\u015filer, bize ne kadar da benziyorlar&#8230; Yoksa zaten biz miyiz hepsi?\u23bc Kestik! Bu sefer gayet iyiydi.\u23bc Ama yeni \u0131s\u0131n\u0131yordum, daha \u201cbu kitapta, ben de bir okurken-yazar\u0131m\u201d diyecektim!Vehbi Ba\u015fer<\/p>\n","protected":false},"excerpt":{"rendered":"<p>\u23bc Hocam siz ba\u015flay\u0131n, ama k\u0131sa c\u00fcmleler l\u00fctfen. \u00dc\u00e7, iki, bir, kay\u0131t!\u201cElinizdeki bu kitap\u201d diye ba\u015fl\u0131yordur bu i\u015fin suntural\u0131 erbab\u0131. Ne de olsa edebiyat, ele\u015ftiri, \u00e7\u00f6z\u00fcmleme&#8230;<span class=\"excerpt-hellip\"> [\u2026]<\/span><\/p>\n","protected":false},"featured_media":0,"template":"","meta":{"_monsterinsights_skip_tracking":false,"_monsterinsights_sitenote_active":false,"_monsterinsights_sitenote_note":"","_monsterinsights_sitenote_category":0},"product_brand":[],"product_cat":[12291,12711],"product_tag":[],"class_list":{"0":"post-715891","1":"product","2":"type-product","3":"status-publish","5":"product_cat-edebiyat","6":"product_cat-roman-oyku","7":"pa_cilt-ciltsiz","8":"pa_tur-kitap","9":"pa_yayinevi-bilge-kultur-sanat","10":"pa_yazar-hasan-boynukara","12":"first","13":"instock","14":"sale","15":"shipping-taxable","16":"purchasable","17":"product-type-simple"},"_links":{"self":[{"href":"https:\/\/roveyayinevi.com.tr\/index.php\/wp-json\/wp\/v2\/product\/715891","targetHints":{"allow":["GET"]}}],"collection":[{"href":"https:\/\/roveyayinevi.com.tr\/index.php\/wp-json\/wp\/v2\/product"}],"about":[{"href":"https:\/\/roveyayinevi.com.tr\/index.php\/wp-json\/wp\/v2\/types\/product"}],"wp:attachment":[{"href":"https:\/\/roveyayinevi.com.tr\/index.php\/wp-json\/wp\/v2\/media?parent=715891"}],"wp:term":[{"taxonomy":"product_brand","embeddable":true,"href":"https:\/\/roveyayinevi.com.tr\/index.php\/wp-json\/wp\/v2\/product_brand?post=715891"},{"taxonomy":"product_cat","embeddable":true,"href":"https:\/\/roveyayinevi.com.tr\/index.php\/wp-json\/wp\/v2\/product_cat?post=715891"},{"taxonomy":"product_tag","embeddable":true,"href":"https:\/\/roveyayinevi.com.tr\/index.php\/wp-json\/wp\/v2\/product_tag?post=715891"}],"curies":[{"name":"wp","href":"https:\/\/api.w.org\/{rel}","templated":true}]}}