{"id":715879,"date":"2025-08-27T17:35:52","date_gmt":"2025-08-27T14:35:52","guid":{"rendered":"https:\/\/roveyayinevi.com.tr\/index.php\/urun\/erzurum-kronolojisi-yirminci-yuzyil\/"},"modified":"2026-04-16T02:23:57","modified_gmt":"2026-04-15T23:23:57","slug":"erzurum-kronolojisi-yirminci-yuzyil","status":"publish","type":"product","link":"https:\/\/roveyayinevi.com.tr\/index.php\/urun\/erzurum-kronolojisi-yirminci-yuzyil\/","title":{"rendered":"Erzurum Kronolojisi &#8211; Yirminci Y\u00fczy\u0131l"},"content":{"rendered":"<p>Erzurum\u2019da yirminci as\u0131rda neler oldu? Kolayca cevap veremezsiniz. Ge\u00e7en y\u00fczy\u0131l\u0131 hat\u0131rlayanlar var elbette ancak say\u0131lar\u0131 g\u00fcn ge\u00e7tik\u00e7e azal\u0131yor.Binlerce y\u0131ll\u0131k tarihte y\u00fcz y\u0131l, nedir ki? Do\u011fru, fakat hemen \u00f6nceki as\u0131r olunca, olaylar\u0131n tesirleri, olup bitenlerin izleri devam etti\u011fi d\u00fc\u015f\u00fcn\u00fcl\u00fcrse durumun \u00f6nemi ortaya \u00e7\u0131kar. Ge\u00e7mi\u015fi bilmeyen gelece\u011fi anlayamaz.Elinizdeki kitap bir ilk ve bu eksi\u011fi doldurma iddias\u0131nda.Son 25 y\u0131lda kendimiz i\u00e7in ald\u0131\u011f\u0131m\u0131z notlar\u0131 g\u00f6zden ge\u00e7irdik ve eklemeler yaparak bu eseri haz\u0131rlad\u0131k. Hemen her konuda k\u0131sa bilgiler. Olaylar genellikle tek c\u00fcmle h\u00e2linde verildi.Erzurum Kronolojisi -Yirminci Y\u00fczy\u0131l-, saklamas\u0131 ve okumas\u0131 kolay, hap gibi bilgiler toplulu\u011fu.<\/p>\n","protected":false},"excerpt":{"rendered":"<p>Erzurum\u2019da yirminci as\u0131rda neler oldu? Kolayca cevap veremezsiniz. Ge\u00e7en y\u00fczy\u0131l\u0131 hat\u0131rlayanlar var elbette ancak say\u0131lar\u0131 g\u00fcn ge\u00e7tik\u00e7e azal\u0131yor.Binlerce y\u0131ll\u0131k tarihte y\u00fcz y\u0131l, nedir ki? Do\u011fru, fakat<span class=\"excerpt-hellip\"> [\u2026]<\/span><\/p>\n","protected":false},"featured_media":0,"template":"","meta":{"_monsterinsights_skip_tracking":false,"_monsterinsights_sitenote_active":false,"_monsterinsights_sitenote_note":"","_monsterinsights_sitenote_category":0},"product_brand":[],"product_cat":[12370,12304],"product_tag":[],"class_list":{"0":"post-715879","1":"product","2":"type-product","3":"status-publish","5":"product_cat-arastirma-inceleme","6":"product_cat-tarih","7":"pa_cilt-ciltsiz","8":"pa_tur-kitap","9":"pa_yayinevi-bilge-kultur-sanat","10":"pa_yazar-ali-kurt","12":"first","13":"instock","14":"sale","15":"shipping-taxable","16":"purchasable","17":"product-type-simple"},"_links":{"self":[{"href":"https:\/\/roveyayinevi.com.tr\/index.php\/wp-json\/wp\/v2\/product\/715879","targetHints":{"allow":["GET"]}}],"collection":[{"href":"https:\/\/roveyayinevi.com.tr\/index.php\/wp-json\/wp\/v2\/product"}],"about":[{"href":"https:\/\/roveyayinevi.com.tr\/index.php\/wp-json\/wp\/v2\/types\/product"}],"wp:attachment":[{"href":"https:\/\/roveyayinevi.com.tr\/index.php\/wp-json\/wp\/v2\/media?parent=715879"}],"wp:term":[{"taxonomy":"product_brand","embeddable":true,"href":"https:\/\/roveyayinevi.com.tr\/index.php\/wp-json\/wp\/v2\/product_brand?post=715879"},{"taxonomy":"product_cat","embeddable":true,"href":"https:\/\/roveyayinevi.com.tr\/index.php\/wp-json\/wp\/v2\/product_cat?post=715879"},{"taxonomy":"product_tag","embeddable":true,"href":"https:\/\/roveyayinevi.com.tr\/index.php\/wp-json\/wp\/v2\/product_tag?post=715879"}],"curies":[{"name":"wp","href":"https:\/\/api.w.org\/{rel}","templated":true}]}}