{"id":715876,"date":"2025-08-27T17:35:50","date_gmt":"2025-08-27T14:35:50","guid":{"rendered":"https:\/\/roveyayinevi.com.tr\/index.php\/urun\/sosyal-medya-asklari\/"},"modified":"2026-04-16T02:23:57","modified_gmt":"2026-04-15T23:23:57","slug":"sosyal-medya-asklari","status":"publish","type":"product","link":"https:\/\/roveyayinevi.com.tr\/index.php\/urun\/sosyal-medya-asklari\/","title":{"rendered":"Sosyal Medya A\u015fklar\u0131"},"content":{"rendered":"<p>\u201cAnlatacaklar\u0131m tamam\u0131yla ger\u00e7ek, \u00fcz\u00fcc\u00fc ve \u015fa\u015f\u0131rt\u0131c\u0131 oldu\u011fu kadar mant\u0131ktan da uzak biliyorum. \u00c7\u00fcnk\u00fc sevmenin mant\u0131\u011f\u0131n\u0131n olmad\u0131\u011f\u0131n\u0131 ben de ilk kez ya\u015fayarak tecr\u00fcbe ettim&#8230;\u201d Sosyal medya a\u015fklar\u0131, a\u015f\u0131klar\u0131! Kiminin kendini oldu\u011fundan \u00e7ok farkl\u0131 g\u00f6sterdi\u011fi, kiminin yalan \u00fcst\u00fcne yalan katt\u0131\u011f\u0131 bir meydan. G\u00fc\u00e7l\u00fc maskelerin, renkli filtrelerin ard\u0131na gizlenmi\u015f zay\u0131f ya da renksiz hayatlar\u0131n \u00e7arp\u0131\u015ft\u0131\u011f\u0131, \u00e7o\u011fu zaman da kazanan\u0131 olmayan bir tuhaf sava\u015f meydan\u0131. Hayatlar\u0131m\u0131z gibi&#8230; Asl\u0131nda a\u015fk s\u00f6zkonusu oldu\u011funda uzak durulmas\u0131 gereken bir yerdir sosyal medya ama hemen hemen hepimizin ba\u015f\u0131ndan ge\u00e7en bir a\u015fk hikayesi vard\u0131r orada mutlaka, ya da a\u015fk sand\u0131\u011f\u0131m\u0131z tuhaf bir duygu. Bunlar\u0131n i\u00e7inde iyisi yok mudur? Vard\u0131r tabii ki. \u0130yisini merak edenler bizi sosyal medya hesaplar\u0131m\u0131zdan takip edebilirler..<\/p>\n","protected":false},"excerpt":{"rendered":"<p>\u201cAnlatacaklar\u0131m tamam\u0131yla ger\u00e7ek, \u00fcz\u00fcc\u00fc ve \u015fa\u015f\u0131rt\u0131c\u0131 oldu\u011fu kadar mant\u0131ktan da uzak biliyorum. \u00c7\u00fcnk\u00fc sevmenin mant\u0131\u011f\u0131n\u0131n olmad\u0131\u011f\u0131n\u0131 ben de ilk kez ya\u015fayarak tecr\u00fcbe ettim&#8230;\u201d Sosyal medya a\u015fklar\u0131,<span class=\"excerpt-hellip\"> [\u2026]<\/span><\/p>\n","protected":false},"featured_media":0,"template":"","meta":{"_monsterinsights_skip_tracking":false,"_monsterinsights_sitenote_active":false,"_monsterinsights_sitenote_note":"","_monsterinsights_sitenote_category":0},"product_brand":[],"product_cat":[12777,12291],"product_tag":[],"class_list":{"0":"post-715876","1":"product","2":"type-product","3":"status-publish","5":"product_cat-deneme","6":"product_cat-edebiyat","7":"pa_cilt-ciltsiz","8":"pa_tur-kitap","9":"pa_yayinevi-hayykitap","10":"pa_yazar-sahangiller","12":"first","13":"instock","14":"sale","15":"shipping-taxable","16":"purchasable","17":"product-type-simple"},"_links":{"self":[{"href":"https:\/\/roveyayinevi.com.tr\/index.php\/wp-json\/wp\/v2\/product\/715876","targetHints":{"allow":["GET"]}}],"collection":[{"href":"https:\/\/roveyayinevi.com.tr\/index.php\/wp-json\/wp\/v2\/product"}],"about":[{"href":"https:\/\/roveyayinevi.com.tr\/index.php\/wp-json\/wp\/v2\/types\/product"}],"wp:attachment":[{"href":"https:\/\/roveyayinevi.com.tr\/index.php\/wp-json\/wp\/v2\/media?parent=715876"}],"wp:term":[{"taxonomy":"product_brand","embeddable":true,"href":"https:\/\/roveyayinevi.com.tr\/index.php\/wp-json\/wp\/v2\/product_brand?post=715876"},{"taxonomy":"product_cat","embeddable":true,"href":"https:\/\/roveyayinevi.com.tr\/index.php\/wp-json\/wp\/v2\/product_cat?post=715876"},{"taxonomy":"product_tag","embeddable":true,"href":"https:\/\/roveyayinevi.com.tr\/index.php\/wp-json\/wp\/v2\/product_tag?post=715876"}],"curies":[{"name":"wp","href":"https:\/\/api.w.org\/{rel}","templated":true}]}}