{"id":715872,"date":"2025-08-27T17:35:48","date_gmt":"2025-08-27T14:35:48","guid":{"rendered":"https:\/\/roveyayinevi.com.tr\/index.php\/urun\/hz-peygamberin-beden-dili\/"},"modified":"2026-03-02T02:37:37","modified_gmt":"2026-03-01T23:37:37","slug":"hz-peygamberin-beden-dili","status":"publish","type":"product","link":"https:\/\/roveyayinevi.com.tr\/index.php\/urun\/hz-peygamberin-beden-dili\/","title":{"rendered":"Hz. Peygamberin Beden Dili"},"content":{"rendered":"<p>Bir sahab\u00ee olmak istemez miydiniz? Peygamber Efendimizin sesini duymak, onunla konu\u015fmak, onun g\u00fcl\u00fcmsemesine tan\u0131k olmak&#8230; Sevin\u00e7 ya da tefekk\u00fcr i\u00e7erikli bak\u0131\u015flar\u0131na mazhar olmak&#8230; Onunla kucakla\u015fmak, tokala\u015fmak, ona sar\u0131lmak istemez miydiniz? Allah Resul\u00fc&#8217;n\u00fcn y\u00fcz\u00fcn\u00fcn solmas\u0131yla \u00fcz\u00fclmek, onun insan ve dahi hayvanlara kar\u015f\u0131 \u015fefkat ve merhameti kar\u015f\u0131s\u0131nda h\u00fcng\u00fcr h\u00fcng\u00fcr a\u011flamak istemez miydiniz? Ya birlikte namaz k\u0131lmak? Birlikte secdeye gitmek, birlikte oru\u00e7 tutmak&#8230; Ayn\u0131 sofraya oturmak&#8230; Onun susmalar\u0131n\u0131 dinlemek, ni\u00e7in sustu\u011fu \u00fczerine tefekk\u00fcr etmek&#8230; Onu &#8216;yak\u0131ndan&#8217; g\u00f6rmek&#8230; Bunlar fiziki olarak m\u00fcmk\u00fcn de\u011fil gibi g\u00f6z\u00fck\u00fcyor. Ama kim bilir belki de bu kitap sayesinde m\u00fcmk\u00fcn olacak! Hz. Peygamber&#8217;i &#8216;g\u00f6rebilmek&#8217;, &#8216;hissedebilmek&#8217;, onun &#8216;sesini duyabilmek&#8217;, onunla &#8216;ne\u015felenmek&#8217;, &#8216;kederlenmek&#8217;, &#8216;sabretmek&#8217;, onun sayesinde &#8216;cesaretlenmek&#8217; ve ondan &#8216;g\u00fc\u00e7 almak&#8217; m\u00fcmk\u00fcn olacak! <\/p>\n","protected":false},"excerpt":{"rendered":"<p>Bir sahab\u00ee olmak istemez miydiniz? Peygamber Efendimizin sesini duymak, onunla konu\u015fmak, onun g\u00fcl\u00fcmsemesine tan\u0131k olmak&#8230; Sevin\u00e7 ya da tefekk\u00fcr i\u00e7erikli bak\u0131\u015flar\u0131na mazhar olmak&#8230; Onunla kucakla\u015fmak, tokala\u015fmak,<span class=\"excerpt-hellip\"> [\u2026]<\/span><\/p>\n","protected":false},"featured_media":0,"template":"","meta":{"_monsterinsights_skip_tracking":false,"_monsterinsights_sitenote_active":false,"_monsterinsights_sitenote_note":"","_monsterinsights_sitenote_category":0},"product_brand":[],"product_cat":[18094,12718,12719],"product_tag":[],"class_list":{"0":"post-715872","1":"product","2":"type-product","3":"status-publish","5":"product_cat-biyografi-otobiyografi-islam","6":"product_cat-din","7":"product_cat-islam","8":"pa_cilt-ciltsiz","9":"pa_tur-kitap","10":"pa_yayinevi-hayykitap","11":"pa_yazar-mustafa-karatas","13":"first","14":"instock","15":"sale","16":"shipping-taxable","17":"purchasable","18":"product-type-simple"},"_links":{"self":[{"href":"https:\/\/roveyayinevi.com.tr\/index.php\/wp-json\/wp\/v2\/product\/715872","targetHints":{"allow":["GET"]}}],"collection":[{"href":"https:\/\/roveyayinevi.com.tr\/index.php\/wp-json\/wp\/v2\/product"}],"about":[{"href":"https:\/\/roveyayinevi.com.tr\/index.php\/wp-json\/wp\/v2\/types\/product"}],"wp:attachment":[{"href":"https:\/\/roveyayinevi.com.tr\/index.php\/wp-json\/wp\/v2\/media?parent=715872"}],"wp:term":[{"taxonomy":"product_brand","embeddable":true,"href":"https:\/\/roveyayinevi.com.tr\/index.php\/wp-json\/wp\/v2\/product_brand?post=715872"},{"taxonomy":"product_cat","embeddable":true,"href":"https:\/\/roveyayinevi.com.tr\/index.php\/wp-json\/wp\/v2\/product_cat?post=715872"},{"taxonomy":"product_tag","embeddable":true,"href":"https:\/\/roveyayinevi.com.tr\/index.php\/wp-json\/wp\/v2\/product_tag?post=715872"}],"curies":[{"name":"wp","href":"https:\/\/api.w.org\/{rel}","templated":true}]}}