{"id":715866,"date":"2025-08-27T17:35:44","date_gmt":"2025-08-27T14:35:44","guid":{"rendered":"https:\/\/roveyayinevi.com.tr\/index.php\/urun\/bilissel-psikoloji\/"},"modified":"2026-04-16T02:23:57","modified_gmt":"2026-04-15T23:23:57","slug":"bilissel-psikoloji","status":"publish","type":"product","link":"https:\/\/roveyayinevi.com.tr\/index.php\/urun\/bilissel-psikoloji\/","title":{"rendered":"Bili\u015fsel Psikoloji"},"content":{"rendered":"<p>Konular\u0131nda uzman d\u00fcnya \u00e7ap\u0131nda bilim adamlar\u0131 taraf\u0131ndan haz\u0131rlanan bu kitap ilk defa \u0130stanbul \u00dcniversitesi Edebiyat Fak\u00fcltesi \u00d6\u011fretim \u00dcyesi Do\u00e7. Dr. Ay\u015fe Ay\u00e7i\u00e7e\u011fi-Dinn taraf\u0131ndan T\u00fcrk\u00e7eye kazand\u0131r\u0131lm\u0131\u015ft\u0131r. Kitap bili\u015fsel psikoloji alan\u0131nda 16 b\u00f6l\u00fcm\u00fc i\u00e7eren olduk\u00e7a kapsaml\u0131 bir eserdir. Hem genel okuyucuya hem de \u00f6\u011frencilere ve \u00f6\u011fretim elemanlar\u0131na hitap eden bu kitab\u0131n amac\u0131, bili\u015fsel psikoloji alan\u0131nda uzmanlar\u0131n ortaya koydu\u011fu son geli\u015fmeler hakk\u0131nda okuyucuyu daha derinlemesine bilgilendirmek ve bu sahada ara\u015ft\u0131rma yapmaya te\u015fvik etmektir.Kitapta yer alan b\u00f6l\u00fcmlerin \u00e7o\u011funda \u201cG\u00fcnl\u00fck Ya\u015famda Bili\u015f\u201d ve \u201cBunu Deneyin!\u201d ba\u015fl\u0131kl\u0131 kutular bulunmakta olup bu k\u0131s\u0131mlarla okuyucu konular\u0131n i\u00e7ine dahil edilmeye \u00e7al\u0131\u015f\u0131lm\u0131\u015f ve b\u00f6ylece okuyucunun verilen bilgiyi daha iyi \u00f6\u011frenmesi ve daha derin bir anlama seviyesine ula\u015fmas\u0131 hedeflenmi\u015ftir. Her b\u00f6l\u00fcm \u201cBili\u015fsel N\u00f6robilime I\u015f\u0131k Tutma\u201d olarak isimlendirilen k\u00fc\u00e7\u00fck bir b\u00f6l\u00fcmle sonlanm\u0131\u015ft\u0131r. Bu k\u0131s\u0131mda da, g\u00fcncel ya da y\u00f6ntemsel a\u00e7\u0131dan bili\u015fsel n\u00f6robilimin bak\u0131\u015f a\u00e7\u0131s\u0131 ortaya konmu\u015f ve o b\u00f6l\u00fcm\u00fcn bir anahtar kavram\u0131 \u00fczerinde duran yeni bir \u00e7al\u0131\u015fma tart\u0131\u015f\u0131larak g\u00fcncel bilgiler verilmeye \u00e7al\u0131\u015f\u0131lm\u0131\u015ft\u0131r.\u00dclkemizde bili\u015fsel psikoloji alan\u0131nda T\u00fcrk\u00e7e eser eksikli\u011fini gidermeyi ama\u00e7layan bu eserin T\u00fcrk bilimine katk\u0131da bulunmas\u0131 ve ilgilenen herkese rehberlik etmesi \u00fcmit edilmektedir.<\/p>\n","protected":false},"excerpt":{"rendered":"<p>Konular\u0131nda uzman d\u00fcnya \u00e7ap\u0131nda bilim adamlar\u0131 taraf\u0131ndan haz\u0131rlanan bu kitap ilk defa \u0130stanbul \u00dcniversitesi Edebiyat Fak\u00fcltesi \u00d6\u011fretim \u00dcyesi Do\u00e7. Dr. Ay\u015fe Ay\u00e7i\u00e7e\u011fi-Dinn taraf\u0131ndan T\u00fcrk\u00e7eye kazand\u0131r\u0131lm\u0131\u015ft\u0131r. Kitap<span class=\"excerpt-hellip\"> [\u2026]<\/span><\/p>\n","protected":false},"featured_media":0,"template":"","meta":{"_monsterinsights_skip_tracking":false,"_monsterinsights_sitenote_active":false,"_monsterinsights_sitenote_note":"","_monsterinsights_sitenote_category":0},"product_brand":[],"product_cat":[20502,12357],"product_tag":[],"class_list":{"0":"post-715866","1":"product","2":"type-product","3":"status-publish","5":"product_cat-basvuru-kitaplari-psikoloji","6":"product_cat-psikoloji","7":"pa_cilt-ciltsiz","8":"pa_tur-kitap","9":"pa_yayinevi-bilge-kultur-sanat","10":"pa_yazar-robert-l-solso-m-kimberly-maclin-otto-h-maclin","12":"first","13":"instock","14":"sale","15":"shipping-taxable","16":"purchasable","17":"product-type-simple"},"_links":{"self":[{"href":"https:\/\/roveyayinevi.com.tr\/index.php\/wp-json\/wp\/v2\/product\/715866","targetHints":{"allow":["GET"]}}],"collection":[{"href":"https:\/\/roveyayinevi.com.tr\/index.php\/wp-json\/wp\/v2\/product"}],"about":[{"href":"https:\/\/roveyayinevi.com.tr\/index.php\/wp-json\/wp\/v2\/types\/product"}],"wp:attachment":[{"href":"https:\/\/roveyayinevi.com.tr\/index.php\/wp-json\/wp\/v2\/media?parent=715866"}],"wp:term":[{"taxonomy":"product_brand","embeddable":true,"href":"https:\/\/roveyayinevi.com.tr\/index.php\/wp-json\/wp\/v2\/product_brand?post=715866"},{"taxonomy":"product_cat","embeddable":true,"href":"https:\/\/roveyayinevi.com.tr\/index.php\/wp-json\/wp\/v2\/product_cat?post=715866"},{"taxonomy":"product_tag","embeddable":true,"href":"https:\/\/roveyayinevi.com.tr\/index.php\/wp-json\/wp\/v2\/product_tag?post=715866"}],"curies":[{"name":"wp","href":"https:\/\/api.w.org\/{rel}","templated":true}]}}