{"id":715865,"date":"2025-08-27T17:35:43","date_gmt":"2025-08-27T14:35:43","guid":{"rendered":"https:\/\/roveyayinevi.com.tr\/index.php\/urun\/beng-u-bade-2\/"},"modified":"2026-04-16T02:23:57","modified_gmt":"2026-04-15T23:23:57","slug":"beng-u-bade-2","status":"publish","type":"product","link":"https:\/\/roveyayinevi.com.tr\/index.php\/urun\/beng-u-bade-2\/","title":{"rendered":"Beng \u00fc Bade"},"content":{"rendered":"<p>Fuzuli, bilge bir \u015fair oldu\u011fu kadar ele\u015ftirel bir ki\u015fili\u011fin de sahibidir.Beng \u00fc Bade de gizli-a\u00e7\u0131k g\u00f6ndermeleri ve zengin \u00e7a\u011fr\u0131\u015f\u0131mlar\u0131yla \u00e7ok cepheli, \u00e7ok katmanl\u0131 ele\u015ftirel bir metindir. \u00d6zellikle onu, \u00e7ok y\u0131pranm\u0131\u015f siyasal alegori g\u00f6mle\u011finden soyup bir de \u201cRind\u201d ve \u201cZahid\u201d tipleri \u00fczerinden toplumsal bir yorum denemesi olarak okumak, ger\u00e7ekten heyecan vericidir. Fuzuli, bilhassa, esrarla sembolize etti\u011fi \u201czahid\u201de y\u00f6nelik tespitleriyle erken bir ayd\u0131n ele\u015ftirisi \u00f6rne\u011fi vermi\u015ftir.Beng \u00fc Bade\u2019yi daha da \u00f6nemli k\u0131lan derinli\u011fiyse, \u015fairin kendi kendisiyle ger\u00e7ekle\u015ftirdi\u011fi bir hesapla\u015fmay\u0131 i\u00e7ermesidir. Fuzuli, anlat\u0131c\u0131 karakter olarak kendisini de dahil etti\u011fi Beng \u00fc Bade\u2019de akl\u0131yla duygular\u0131 aras\u0131nda nas\u0131l gidip geldi\u011fini samimi bir \u00fcslupla dile getirmi\u015ftir. Bir yan\u0131 tasavvufi geleneklerin izini s\u00fcrerken di\u011fer yan\u0131n\u0131n nas\u0131l \u015fer\u2018i \u00e7izgide \u00e7ak\u0131l\u0131p kald\u0131\u011f\u0131n\u0131 ve bu i\u00e7 \u00e7at\u0131\u015fmayla birlikte ya\u015fad\u0131\u011f\u0131 teredd\u00fctleri ve pi\u015fmanl\u0131klar\u0131 da \u00e7ok uzun say\u0131lamayacak eserine s\u0131\u011fd\u0131rm\u0131\u015ft\u0131r.Fuzul\u00ee, b\u00f6ylece, daha ilk mesnevisinde y\u00fczy\u0131llar sonras\u0131n\u0131n modern anlat\u0131lar\u0131na da defalarca g\u00f6z k\u0131rpm\u0131\u015ft\u0131r.<\/p>\n","protected":false},"excerpt":{"rendered":"<p>Fuzuli, bilge bir \u015fair oldu\u011fu kadar ele\u015ftirel bir ki\u015fili\u011fin de sahibidir.Beng \u00fc Bade de gizli-a\u00e7\u0131k g\u00f6ndermeleri ve zengin \u00e7a\u011fr\u0131\u015f\u0131mlar\u0131yla \u00e7ok cepheli, \u00e7ok katmanl\u0131 ele\u015ftirel bir metindir.<span class=\"excerpt-hellip\"> [\u2026]<\/span><\/p>\n","protected":false},"featured_media":0,"template":"","meta":{"_monsterinsights_skip_tracking":false,"_monsterinsights_sitenote_active":false,"_monsterinsights_sitenote_note":"","_monsterinsights_sitenote_category":0},"product_brand":[],"product_cat":[13072,12291],"product_tag":[],"class_list":{"0":"post-715865","1":"product","2":"type-product","3":"status-publish","5":"product_cat-arastirma-inceleme-referans","6":"product_cat-edebiyat","7":"pa_cilt-ciltsiz","8":"pa_tur-kitap","9":"pa_yayinevi-bilge-kultur-sanat","10":"pa_yazar-ali-budak","12":"first","13":"instock","14":"sale","15":"shipping-taxable","16":"purchasable","17":"product-type-simple"},"_links":{"self":[{"href":"https:\/\/roveyayinevi.com.tr\/index.php\/wp-json\/wp\/v2\/product\/715865","targetHints":{"allow":["GET"]}}],"collection":[{"href":"https:\/\/roveyayinevi.com.tr\/index.php\/wp-json\/wp\/v2\/product"}],"about":[{"href":"https:\/\/roveyayinevi.com.tr\/index.php\/wp-json\/wp\/v2\/types\/product"}],"wp:attachment":[{"href":"https:\/\/roveyayinevi.com.tr\/index.php\/wp-json\/wp\/v2\/media?parent=715865"}],"wp:term":[{"taxonomy":"product_brand","embeddable":true,"href":"https:\/\/roveyayinevi.com.tr\/index.php\/wp-json\/wp\/v2\/product_brand?post=715865"},{"taxonomy":"product_cat","embeddable":true,"href":"https:\/\/roveyayinevi.com.tr\/index.php\/wp-json\/wp\/v2\/product_cat?post=715865"},{"taxonomy":"product_tag","embeddable":true,"href":"https:\/\/roveyayinevi.com.tr\/index.php\/wp-json\/wp\/v2\/product_tag?post=715865"}],"curies":[{"name":"wp","href":"https:\/\/api.w.org\/{rel}","templated":true}]}}