{"id":715848,"date":"2025-08-27T17:35:34","date_gmt":"2025-08-27T14:35:34","guid":{"rendered":"https:\/\/roveyayinevi.com.tr\/index.php\/urun\/dostoyevski-seti-5-kitap\/"},"modified":"2025-11-21T05:02:17","modified_gmt":"2025-11-21T02:02:17","slug":"dostoyevski-seti-5-kitap","status":"publish","type":"product","link":"https:\/\/roveyayinevi.com.tr\/index.php\/urun\/dostoyevski-seti-5-kitap\/","title":{"rendered":"Dostoyevski Seti (5 K\u0130TAP)"},"content":{"rendered":"<p>Yordam Edebiyat olarak, en son Dostoyevski\u2019nin olgunluk d\u00f6nemine ait b\u00fcy\u00fck ideolojik romanlar\u0131n\u0131n \u00e2deta bir giri\u015fi, prel\u00fcd\u00fc konumundaki Yeralt\u0131ndan Notlar\u2019\u0131 Nuri Y\u0131ld\u0131r\u0131m\u2019\u0131n Rus\u00e7a asl\u0131ndan yapt\u0131\u011f\u0131 yeni \u00e7eviriyle yay\u0131mlad\u0131k. \u00d6ncesinde ise bizzat s\u00f6z konusu romanlar, Karamazov Karde\u015fler (iki cilt), Su\u00e7 ve Ceza ile Delikanl\u0131, s\u0131ras\u0131yla Leyla Soykut, Hasan \u00c2li Ediz ve yine Leyla Soykut\u2019un \u00e7evirileriyle bulu\u015ftu okurlarla. \u015eimdi 5 kitab\u0131m\u0131z\u0131 set haline getirdik. Dostoyevski\u2019yi unutulmaz karakterleri, Raskolnikov\u2019la, Karamazov\u2019larla, Yeralt\u0131 Adam\u0131\u2019yla, Arkadiy Dolgorukiy\u2019le birlikte okumak, kitaplar\u0131 birlikte edinip arkada\u015flar\u0131na hediye etmek isteyenler i\u00e7in\u2026 Sette yer alan kitaplar: Su\u00e7 ve Ceza (688 sayfa); Delikanl\u0131 (768 sayfa); Karamazov Karde\u015fler-1 (608 sayfa); <\/p>\n","protected":false},"excerpt":{"rendered":"<p>Yordam Edebiyat olarak, en son Dostoyevski\u2019nin olgunluk d\u00f6nemine ait b\u00fcy\u00fck ideolojik romanlar\u0131n\u0131n \u00e2deta bir giri\u015fi, prel\u00fcd\u00fc konumundaki Yeralt\u0131ndan Notlar\u2019\u0131 Nuri Y\u0131ld\u0131r\u0131m\u2019\u0131n Rus\u00e7a asl\u0131ndan yapt\u0131\u011f\u0131 yeni \u00e7eviriyle<span class=\"excerpt-hellip\"> [\u2026]<\/span><\/p>\n","protected":false},"featured_media":0,"template":"","meta":{"_monsterinsights_skip_tracking":false,"_monsterinsights_sitenote_active":false,"_monsterinsights_sitenote_note":"","_monsterinsights_sitenote_category":0},"product_brand":[],"product_cat":[12291,12711],"product_tag":[],"class_list":{"0":"post-715848","1":"product","2":"type-product","3":"status-publish","5":"product_cat-edebiyat","6":"product_cat-roman-oyku","7":"pa_cilt-ciltsiz","8":"pa_tur-kitap","9":"pa_yayinevi-yordam-kitap","10":"pa_yazar-fyodor-mihaylovic-dostoyevski","12":"first","13":"instock","14":"sale","15":"shipping-taxable","16":"purchasable","17":"product-type-simple"},"_links":{"self":[{"href":"https:\/\/roveyayinevi.com.tr\/index.php\/wp-json\/wp\/v2\/product\/715848","targetHints":{"allow":["GET"]}}],"collection":[{"href":"https:\/\/roveyayinevi.com.tr\/index.php\/wp-json\/wp\/v2\/product"}],"about":[{"href":"https:\/\/roveyayinevi.com.tr\/index.php\/wp-json\/wp\/v2\/types\/product"}],"wp:attachment":[{"href":"https:\/\/roveyayinevi.com.tr\/index.php\/wp-json\/wp\/v2\/media?parent=715848"}],"wp:term":[{"taxonomy":"product_brand","embeddable":true,"href":"https:\/\/roveyayinevi.com.tr\/index.php\/wp-json\/wp\/v2\/product_brand?post=715848"},{"taxonomy":"product_cat","embeddable":true,"href":"https:\/\/roveyayinevi.com.tr\/index.php\/wp-json\/wp\/v2\/product_cat?post=715848"},{"taxonomy":"product_tag","embeddable":true,"href":"https:\/\/roveyayinevi.com.tr\/index.php\/wp-json\/wp\/v2\/product_tag?post=715848"}],"curies":[{"name":"wp","href":"https:\/\/api.w.org\/{rel}","templated":true}]}}