{"id":715837,"date":"2025-08-27T17:35:26","date_gmt":"2025-08-27T14:35:26","guid":{"rendered":"https:\/\/roveyayinevi.com.tr\/index.php\/urun\/kavuran-soguk\/"},"modified":"2026-02-03T02:38:21","modified_gmt":"2026-02-02T23:38:21","slug":"kavuran-soguk","status":"publish","type":"product","link":"https:\/\/roveyayinevi.com.tr\/index.php\/urun\/kavuran-soguk\/","title":{"rendered":"Kavuran So\u011fuk"},"content":{"rendered":"<p>Alman ordusunun Afganistan\u2019daki \u201cg\u00f6revinden\u201d d\u00f6n\u00fc\u015fte travma sonras\u0131 da\u011f\u0131n\u0131kl\u0131k ya\u015fayan, \u00f6fke n\u00f6betleriyle sald\u0131rganla\u015fan, psikiyatrik tedavi g\u00f6ren bir gedikli ba\u015f\u00e7avu\u015f, ortadan kayboluvermi\u015ftir. Askerin kar\u0131s\u0131, \u00f6zel dedektif Georg Dengler\u2019den yard\u0131m ister.Ba\u015f\u00e7avu\u015fun polis\u00e7e de arand\u0131\u011f\u0131 ortaya \u00e7\u0131kar. Buna kar\u015f\u0131l\u0131k ordu, kay\u0131p askerini aramakla pek ilgilenmiyor gibidir. O ara, birtak\u0131m esr\u00e2rengiz cinayetler de i\u015fleniyordur\u2026Bu karanl\u0131k vakan\u0131n arka plan\u0131nda, d\u00f6n\u00fcp d\u00f6n\u00fcp Afganistan\u2019da \u201casl\u0131nda\u201d neler oldu\u011funa bak\u0131yor, roman. Elit birlik, pusular\u2026 Almanya\u2019daki, \u0130talya\u2019daki birtak\u0131m ma\u011faralar &#8211; ve Taliban\u2019\u0131n ma\u011faralar\u0131\u2026 Dedektifimiz, garip ba\u011flant\u0131lar\u0131n, zek\u00e2y\u0131 fazla mesaiye zorlayan ipu\u00e7lar\u0131n\u0131n pe\u015finden gidiyor. Bir yandan da, art\u0131k okurun ahbap olmaya ba\u015flad\u0131\u011f\u0131 dedektif Dengler\u2019in \u00f6zel hayat\u0131, duygu karma\u015falar\u0131, sevgilisiyle tutkulu ili\u015fkisinin pe\u015finden\u2026\u201cAlmanya\u2019da polisin \u2018adalet u\u011fruna fedak\u00e2rca hizmetine\u2019 \u00f6vg\u00fc d\u00fczmek yerine, toplumdaki adaletsizlikleri ciddiye alan bir polisiye yazar\u0131n\u0131n da olmas\u0131 harika bir \u015fey. \u0130\u015fte bundan \u00f6t\u00fcr\u00fc, Kavuran So\u011fuk\u2019ta da iyiler kazanm\u0131yor.\u201dTrend (onl\u0131ne gazete), a\u011fustos 2008<\/p>\n","protected":false},"excerpt":{"rendered":"<p>Alman ordusunun Afganistan\u2019daki \u201cg\u00f6revinden\u201d d\u00f6n\u00fc\u015fte travma sonras\u0131 da\u011f\u0131n\u0131kl\u0131k ya\u015fayan, \u00f6fke n\u00f6betleriyle sald\u0131rganla\u015fan, psikiyatrik tedavi g\u00f6ren bir gedikli ba\u015f\u00e7avu\u015f, ortadan kayboluvermi\u015ftir. Askerin kar\u0131s\u0131, \u00f6zel dedektif Georg Dengler\u2019den<span class=\"excerpt-hellip\"> [\u2026]<\/span><\/p>\n","protected":false},"featured_media":0,"template":"","meta":{"_monsterinsights_skip_tracking":false,"_monsterinsights_sitenote_active":false,"_monsterinsights_sitenote_note":"","_monsterinsights_sitenote_category":0},"product_brand":[],"product_cat":[12291,12711],"product_tag":[],"class_list":{"0":"post-715837","1":"product","2":"type-product","3":"status-publish","5":"product_cat-edebiyat","6":"product_cat-roman-oyku","7":"pa_cilt-ciltsiz","8":"pa_tur-kitap","9":"pa_yayinevi-iletisim-yayinlari","10":"pa_yazar-wolfgang-schorlau","12":"first","13":"instock","14":"sale","15":"shipping-taxable","16":"purchasable","17":"product-type-simple"},"_links":{"self":[{"href":"https:\/\/roveyayinevi.com.tr\/index.php\/wp-json\/wp\/v2\/product\/715837","targetHints":{"allow":["GET"]}}],"collection":[{"href":"https:\/\/roveyayinevi.com.tr\/index.php\/wp-json\/wp\/v2\/product"}],"about":[{"href":"https:\/\/roveyayinevi.com.tr\/index.php\/wp-json\/wp\/v2\/types\/product"}],"wp:attachment":[{"href":"https:\/\/roveyayinevi.com.tr\/index.php\/wp-json\/wp\/v2\/media?parent=715837"}],"wp:term":[{"taxonomy":"product_brand","embeddable":true,"href":"https:\/\/roveyayinevi.com.tr\/index.php\/wp-json\/wp\/v2\/product_brand?post=715837"},{"taxonomy":"product_cat","embeddable":true,"href":"https:\/\/roveyayinevi.com.tr\/index.php\/wp-json\/wp\/v2\/product_cat?post=715837"},{"taxonomy":"product_tag","embeddable":true,"href":"https:\/\/roveyayinevi.com.tr\/index.php\/wp-json\/wp\/v2\/product_tag?post=715837"}],"curies":[{"name":"wp","href":"https:\/\/api.w.org\/{rel}","templated":true}]}}