{"id":715836,"date":"2025-08-27T17:35:19","date_gmt":"2025-08-27T14:35:19","guid":{"rendered":"https:\/\/roveyayinevi.com.tr\/index.php\/urun\/ben-de-cocuktum\/"},"modified":"2026-04-16T02:23:56","modified_gmt":"2026-04-15T23:23:56","slug":"ben-de-cocuktum","status":"publish","type":"product","link":"https:\/\/roveyayinevi.com.tr\/index.php\/urun\/ben-de-cocuktum\/","title":{"rendered":"Ben De \u00c7ocuktum"},"content":{"rendered":"<p>B\u00fcy\u00fck bir yazar\u0131n \u00e7ocukluk g\u00fcnlerine uzanan Ben de \u00c7ocuktum, Nesin Yay\u0131nevi taraf\u0131ndan yay\u0131mlanan ilk bask\u0131s\u0131nda,bu defa ressam Mustafa Delio\u011flu`nun enfes \u00e7izgileriyle okurla bulu\u015fuyor. K\u00fc\u00e7\u00fckler, b\u00fcy\u00fcklerin bir zamanlar \u00e7ocuk oldu\u011funa inanmakta zorlan\u0131r. B\u00fcy\u00fckler ise bir zamanlar \u00e7ocuk olduklar\u0131n\u0131 unuttuklar\u0131ndan, k\u00fc\u00e7\u00fckleri anlamakta&#8230;Hep ak sa\u00e7l\u0131 bir dede olarak an\u0131msad\u0131\u011f\u0131m\u0131z Aziz Nesin, bu kitapta bir \u00e7ocuk olarak \u00e7\u0131k\u0131yor kar\u015f\u0131m\u0131za. \u00d6zya\u015fam\u00f6yk\u00fcs\u00fc B\u00f6yle Gelmi\u015f B\u00f6yle Gitmez`den bir se\u00e7ki olan Ben de \u00c7ocuktum, y\u00fcz y\u0131l \u00f6ncesinde ge\u00e7en bir \u00e7ocuklu\u011fun masals\u0131 an\u0131lar\u0131yla dolu\u2026 \u201cSevgili \u00e7ocuklar\u0131m, sizler de g\u00fcn\u00fcn birinde anababaolacaks\u0131n\u0131z. \u0130yi birer anababa olabilmeniz i\u00e7in bug\u00fcnk\u00fcg\u00fcnlerinizi, \u00e7ocukluklar\u0131n\u0131z\u0131, \u00e7ocuklu\u011funuzda yapt\u0131\u011f\u0131n\u0131zyanl\u0131\u015flar\u0131, bizamanlar \u00e7ocuk oldu\u011funuzu unutmamaya\u00e7al\u0131\u015f\u0131n\u0131z. Anababalar\u0131n\u0131z\u0131n, \u00f6\u011fretmenlerinizin ve e\u011fitmenlerinizinb\u00fct\u00fcn dile\u011fi ve benim sizin yazar dedenizolarak en b\u00fcy\u00fck dile\u011fim, sizlerin bizlerden \u00e7ok daha iyianababalar olman\u0131zd\u0131r. Sizler i\u00e7in d\u00fczenlenen bu kitab\u0131okursan\u0131z, bug\u00fcn sizlere verilen ve sahibi oldu\u011funuz\u015feylerin de\u011ferini \u00e7ok daha iyi anlayacaks\u0131n\u0131z.&#8221;<\/p>\n","protected":false},"excerpt":{"rendered":"<p>B\u00fcy\u00fck bir yazar\u0131n \u00e7ocukluk g\u00fcnlerine uzanan Ben de \u00c7ocuktum, Nesin Yay\u0131nevi taraf\u0131ndan yay\u0131mlanan ilk bask\u0131s\u0131nda,bu defa ressam Mustafa Delio\u011flu`nun enfes \u00e7izgileriyle okurla bulu\u015fuyor. K\u00fc\u00e7\u00fckler, b\u00fcy\u00fcklerin bir<span class=\"excerpt-hellip\"> [\u2026]<\/span><\/p>\n","protected":false},"featured_media":0,"template":"","meta":{"_monsterinsights_skip_tracking":false,"_monsterinsights_sitenote_active":false,"_monsterinsights_sitenote_note":"","_monsterinsights_sitenote_category":0},"product_brand":[],"product_cat":[12274,12284],"product_tag":[],"class_list":{"0":"post-715836","1":"product","2":"type-product","3":"status-publish","5":"product_cat-cocuk-ve-genclik-kitaplari","6":"product_cat-hikayeler","7":"pa_cilt-ciltsiz","8":"pa_tur-kitap","9":"pa_yayinevi-nesin-yayinlari","10":"pa_yazar-aziz-nesin","12":"first","13":"instock","14":"sale","15":"shipping-taxable","16":"purchasable","17":"product-type-simple"},"_links":{"self":[{"href":"https:\/\/roveyayinevi.com.tr\/index.php\/wp-json\/wp\/v2\/product\/715836","targetHints":{"allow":["GET"]}}],"collection":[{"href":"https:\/\/roveyayinevi.com.tr\/index.php\/wp-json\/wp\/v2\/product"}],"about":[{"href":"https:\/\/roveyayinevi.com.tr\/index.php\/wp-json\/wp\/v2\/types\/product"}],"wp:attachment":[{"href":"https:\/\/roveyayinevi.com.tr\/index.php\/wp-json\/wp\/v2\/media?parent=715836"}],"wp:term":[{"taxonomy":"product_brand","embeddable":true,"href":"https:\/\/roveyayinevi.com.tr\/index.php\/wp-json\/wp\/v2\/product_brand?post=715836"},{"taxonomy":"product_cat","embeddable":true,"href":"https:\/\/roveyayinevi.com.tr\/index.php\/wp-json\/wp\/v2\/product_cat?post=715836"},{"taxonomy":"product_tag","embeddable":true,"href":"https:\/\/roveyayinevi.com.tr\/index.php\/wp-json\/wp\/v2\/product_tag?post=715836"}],"curies":[{"name":"wp","href":"https:\/\/api.w.org\/{rel}","templated":true}]}}