{"id":715835,"date":"2025-08-27T17:35:19","date_gmt":"2025-08-27T14:35:19","guid":{"rendered":"https:\/\/roveyayinevi.com.tr\/index.php\/urun\/guzel-sozler\/"},"modified":"2026-04-16T02:23:56","modified_gmt":"2026-04-15T23:23:56","slug":"guzel-sozler","status":"publish","type":"product","link":"https:\/\/roveyayinevi.com.tr\/index.php\/urun\/guzel-sozler\/","title":{"rendered":"G\u00fczel S\u00f6zler"},"content":{"rendered":"<p>300\u2019den fazla \u00fcnl\u00fc ki\u015fiden se\u00e7ilmi\u015f 800\u2019\u00fc a\u015fk\u0131n anlaml\u0131 s\u00f6z.F\u0131rt\u0131nada edilen yeminler, ortal\u0131k sakinle\u015fti\u011finde unutulur. Thomas FullerBo\u015f teneke \u00e7ok ses \u00e7\u0131kar\u0131r.William ShakespeareS\u0131k\u0131lm\u0131\u015f bir yumrukla el s\u0131k\u0131\u015famazs\u0131n.\u0130ndira GandhiPara m\u00fckemmel bir u\u015fak, ama k\u00f6t\u00fc bir efendidir.Francis BaconHedefi olmayan bir adam, d\u00fcmeni olmayan bir gemiye benzer.Thomas Carlyle<\/p>\n","protected":false},"excerpt":{"rendered":"<p>300\u2019den fazla \u00fcnl\u00fc ki\u015fiden se\u00e7ilmi\u015f 800\u2019\u00fc a\u015fk\u0131n anlaml\u0131 s\u00f6z.F\u0131rt\u0131nada edilen yeminler, ortal\u0131k sakinle\u015fti\u011finde unutulur. Thomas FullerBo\u015f teneke \u00e7ok ses \u00e7\u0131kar\u0131r.William ShakespeareS\u0131k\u0131lm\u0131\u015f bir yumrukla el s\u0131k\u0131\u015famazs\u0131n.\u0130ndira GandhiPara<span class=\"excerpt-hellip\"> [\u2026]<\/span><\/p>\n","protected":false},"featured_media":0,"template":"","meta":{"_monsterinsights_skip_tracking":false,"_monsterinsights_sitenote_active":false,"_monsterinsights_sitenote_note":"","_monsterinsights_sitenote_category":0},"product_brand":[],"product_cat":[13772,12364],"product_tag":[],"class_list":{"0":"post-715835","1":"product","2":"type-product","3":"status-publish","5":"product_cat-basvuru-kitaplari","6":"product_cat-genel-konular","7":"pa_cilt-ciltsiz","8":"pa_tur-kitap","9":"pa_yayinevi-remzi-kitabevi","10":"pa_yazar-kolektif","12":"first","13":"instock","14":"sale","15":"shipping-taxable","16":"purchasable","17":"product-type-simple"},"_links":{"self":[{"href":"https:\/\/roveyayinevi.com.tr\/index.php\/wp-json\/wp\/v2\/product\/715835","targetHints":{"allow":["GET"]}}],"collection":[{"href":"https:\/\/roveyayinevi.com.tr\/index.php\/wp-json\/wp\/v2\/product"}],"about":[{"href":"https:\/\/roveyayinevi.com.tr\/index.php\/wp-json\/wp\/v2\/types\/product"}],"wp:attachment":[{"href":"https:\/\/roveyayinevi.com.tr\/index.php\/wp-json\/wp\/v2\/media?parent=715835"}],"wp:term":[{"taxonomy":"product_brand","embeddable":true,"href":"https:\/\/roveyayinevi.com.tr\/index.php\/wp-json\/wp\/v2\/product_brand?post=715835"},{"taxonomy":"product_cat","embeddable":true,"href":"https:\/\/roveyayinevi.com.tr\/index.php\/wp-json\/wp\/v2\/product_cat?post=715835"},{"taxonomy":"product_tag","embeddable":true,"href":"https:\/\/roveyayinevi.com.tr\/index.php\/wp-json\/wp\/v2\/product_tag?post=715835"}],"curies":[{"name":"wp","href":"https:\/\/api.w.org\/{rel}","templated":true}]}}