{"id":715833,"date":"2025-08-27T17:35:17","date_gmt":"2025-08-27T14:35:17","guid":{"rendered":"https:\/\/roveyayinevi.com.tr\/index.php\/urun\/sifirdan-zirveye-suarez\/"},"modified":"2026-04-16T02:23:56","modified_gmt":"2026-04-15T23:23:56","slug":"sifirdan-zirveye-suarez","status":"publish","type":"product","link":"https:\/\/roveyayinevi.com.tr\/index.php\/urun\/sifirdan-zirveye-suarez\/","title":{"rendered":"S\u0131f\u0131rdan Zirveye Suarez"},"content":{"rendered":"<p>Futbol yaln\u0131z ayaklarla oynanan bir oyun de\u011fildir, ayn\u0131 zamanda tutkuyla yo\u011frulmu\u015f bir ruh da ister. Kimi oyuncular tekni\u011fe ve akla dayal\u0131, her \u015feyin en ba\u015ftan belli oldu\u011fu klasik bir futbol oynarken, Suarez tahmin edilemezdir. Ruhundaki ate\u015fle, kendini yakma pahas\u0131na da olsa futbolu damarlar\u0131nda hissederek oynar ve kazanmak i\u00e7in elinden gelen her \u015feyi yapar. T\u0131pk\u0131 Uruguay Milli Tak\u0131m Teknik Direkt\u00f6r\u00fc Tab\u00e1rez\u2019in de dedi\u011fi gibi, o ger\u00e7ek bir sava\u015f\u00e7\u0131d\u0131r. Bir yanda yetene\u011fi ve h\u0131rs\u0131 sayesinde elde etti\u011fi gol krall\u0131klar\u0131, \u00f6d\u00fcller ve ba\u015far\u0131larla ad\u0131n\u0131 en b\u00fcy\u00fckler aras\u0131na yazd\u0131r\u0131rken, \u00f6te yanda saha i\u00e7inde \u2013rakiplerini \u0131s\u0131rmak gibi\u2013 yapt\u0131\u011f\u0131 uygunsuz davran\u0131\u015flar y\u00fcz\u00fcnden ald\u0131\u011f\u0131 cezalarla kab\u0131na s\u0131\u011fmayan bir futbolcudur.Ye\u015fil sahalarda y\u0131rt\u0131c\u0131 bir kaplan, saha d\u0131\u015f\u0131nda yumu\u015fak kalpli ve iyi huylu bir  baba olan Su\u00e1rez\u2019in, Uruguay\u2019dan ba\u015flay\u0131p Barcelona\u2019ya kadar uzanan ba\u015far\u0131 hikayesi.<\/p>\n","protected":false},"excerpt":{"rendered":"<p>Futbol yaln\u0131z ayaklarla oynanan bir oyun de\u011fildir, ayn\u0131 zamanda tutkuyla yo\u011frulmu\u015f bir ruh da ister. Kimi oyuncular tekni\u011fe ve akla dayal\u0131, her \u015feyin en ba\u015ftan belli<span class=\"excerpt-hellip\"> [\u2026]<\/span><\/p>\n","protected":false},"featured_media":0,"template":"","meta":{"_monsterinsights_skip_tracking":false,"_monsterinsights_sitenote_active":false,"_monsterinsights_sitenote_note":"","_monsterinsights_sitenote_category":0},"product_brand":[],"product_cat":[15563,15564],"product_tag":[],"class_list":{"0":"post-715833","1":"product","2":"type-product","3":"status-publish","5":"product_cat-hobi","6":"product_cat-spor","7":"pa_cilt-ciltsiz","8":"pa_tur-kitap","9":"pa_yayinevi-marti-yayinlari","10":"pa_yazar-luca-caioli","12":"first","13":"instock","14":"sale","15":"shipping-taxable","16":"purchasable","17":"product-type-simple"},"_links":{"self":[{"href":"https:\/\/roveyayinevi.com.tr\/index.php\/wp-json\/wp\/v2\/product\/715833","targetHints":{"allow":["GET"]}}],"collection":[{"href":"https:\/\/roveyayinevi.com.tr\/index.php\/wp-json\/wp\/v2\/product"}],"about":[{"href":"https:\/\/roveyayinevi.com.tr\/index.php\/wp-json\/wp\/v2\/types\/product"}],"wp:attachment":[{"href":"https:\/\/roveyayinevi.com.tr\/index.php\/wp-json\/wp\/v2\/media?parent=715833"}],"wp:term":[{"taxonomy":"product_brand","embeddable":true,"href":"https:\/\/roveyayinevi.com.tr\/index.php\/wp-json\/wp\/v2\/product_brand?post=715833"},{"taxonomy":"product_cat","embeddable":true,"href":"https:\/\/roveyayinevi.com.tr\/index.php\/wp-json\/wp\/v2\/product_cat?post=715833"},{"taxonomy":"product_tag","embeddable":true,"href":"https:\/\/roveyayinevi.com.tr\/index.php\/wp-json\/wp\/v2\/product_tag?post=715833"}],"curies":[{"name":"wp","href":"https:\/\/api.w.org\/{rel}","templated":true}]}}