{"id":715830,"date":"2025-08-27T17:35:16","date_gmt":"2025-08-27T14:35:16","guid":{"rendered":"https:\/\/roveyayinevi.com.tr\/index.php\/urun\/genc-pliniusun-mektuplari\/"},"modified":"2026-04-16T02:23:56","modified_gmt":"2026-04-15T23:23:56","slug":"genc-pliniusun-mektuplari","status":"publish","type":"product","link":"https:\/\/roveyayinevi.com.tr\/index.php\/urun\/genc-pliniusun-mektuplari\/","title":{"rendered":"Gen\u00e7 Plinius&#8217;un Mektuplar\u0131"},"content":{"rendered":"<p>\u0130lk d\u00f6rt kitab\u0131 burada sunulan ve aslen on kitaptan olu\u015fan Mektuplar (Epistulae), Gen\u00e7 Plinius\u2019tan g\u00fcn\u00fcm\u00fcze kalan iki eserden biri olma \u00f6zelli\u011fini ta\u015f\u0131r. S\u00f6z konusu di\u011fer eseri, kons\u00fcll\u00fc\u011fe atanmas\u0131 vesilesiyle \u0130mparator Traianus huzurunda yapt\u0131\u011f\u0131 ve Panegyricus olarak yaz\u0131ya d\u00f6k\u00fclm\u00fc\u015f olan uzun \u00f6vg\u00fc konu\u015fmas\u0131d\u0131r. Kayda de\u011fer \u00e7al\u0131\u015fmalar oldu\u011fu tahmin edilen di\u011fer s\u00f6ylevleri ise elimize ula\u015fmam\u0131\u015ft\u0131r. Genellikle gayr\u0131resm\u00ee bir havada, ho\u015fsohbet bir \u00fcslupla ve co\u015fkun bir ruh haliyle yaz\u0131lm\u0131\u015f olan bu mektuplar, tarih s\u0131ras\u0131 g\u00f6zetmemektedir. Gen\u00e7 Plinius\u2019un havadis payla\u015fma merak\u0131n\u0131, g\u00fcnl\u00fck olaylar\u0131 arka planlar\u0131yla anlatma al\u0131\u015fkanl\u0131\u011f\u0131n\u0131 ve anekdotlar\u0131 kullanmaya olan yatk\u0131nl\u0131\u011f\u0131n\u0131 ortaya koymaktad\u0131r. Yetkin bir avukat ve yarg\u0131\u00e7 olarak mesle\u011fine g\u00f6sterdi\u011fi d\u00fcr\u00fcst ba\u011fl\u0131l\u0131k; hay\u0131rseverlik \u00e7abalar\u0131; temel e\u011fitime, edebiyat \u00e7al\u0131\u015fmalar\u0131na, g\u00fczel, etkili ve n\u00fckteli konu\u015fmaya verdi\u011fi \u00f6nem; ve erdemli bir vatanda\u015f olarak davran\u0131\u015fa g\u00f6sterdi\u011fi \u00f6zen, bu eserde dikkat \u00e7ekici unsurlard\u0131r. Gen\u00e7 Plinius, kentli (urbanus) bir Romal\u0131n\u0131n b\u00fct\u00fcn belirgin \u00f6zelliklerini, ki\u015fili\u011finde toplam\u0131\u015f biridir. Ya\u015fam\u0131n\u0131n, bizim a\u00e7\u0131m\u0131zdan \u00f6zel ve ilgi \u00e7ekici bir yan\u0131 da, son g\u00f6rev yerinin (ayn\u0131 zamanda \u00f6ld\u00fc\u011f\u00fc yer oldu\u011fu da tahmin edilen) Anadolu topraklar\u0131 olmas\u0131d\u0131r. <\/p>\n","protected":false},"excerpt":{"rendered":"<p>\u0130lk d\u00f6rt kitab\u0131 burada sunulan ve aslen on kitaptan olu\u015fan Mektuplar (Epistulae), Gen\u00e7 Plinius\u2019tan g\u00fcn\u00fcm\u00fcze kalan iki eserden biri olma \u00f6zelli\u011fini ta\u015f\u0131r. S\u00f6z konusu di\u011fer eseri,<span class=\"excerpt-hellip\"> [\u2026]<\/span><\/p>\n","protected":false},"featured_media":0,"template":"","meta":{"_monsterinsights_skip_tracking":false,"_monsterinsights_sitenote_active":false,"_monsterinsights_sitenote_note":"","_monsterinsights_sitenote_category":0},"product_brand":[],"product_cat":[12291,12711],"product_tag":[],"class_list":{"0":"post-715830","1":"product","2":"type-product","3":"status-publish","5":"product_cat-edebiyat","6":"product_cat-roman-oyku","7":"pa_cilt-ciltsiz","8":"pa_tur-kitap","9":"pa_yayinevi-dogu-bati-yayinlari","10":"pa_yazar-gaius-plinius-caecilius-secundus","12":"first","13":"instock","14":"sale","15":"shipping-taxable","16":"purchasable","17":"product-type-simple"},"_links":{"self":[{"href":"https:\/\/roveyayinevi.com.tr\/index.php\/wp-json\/wp\/v2\/product\/715830","targetHints":{"allow":["GET"]}}],"collection":[{"href":"https:\/\/roveyayinevi.com.tr\/index.php\/wp-json\/wp\/v2\/product"}],"about":[{"href":"https:\/\/roveyayinevi.com.tr\/index.php\/wp-json\/wp\/v2\/types\/product"}],"wp:attachment":[{"href":"https:\/\/roveyayinevi.com.tr\/index.php\/wp-json\/wp\/v2\/media?parent=715830"}],"wp:term":[{"taxonomy":"product_brand","embeddable":true,"href":"https:\/\/roveyayinevi.com.tr\/index.php\/wp-json\/wp\/v2\/product_brand?post=715830"},{"taxonomy":"product_cat","embeddable":true,"href":"https:\/\/roveyayinevi.com.tr\/index.php\/wp-json\/wp\/v2\/product_cat?post=715830"},{"taxonomy":"product_tag","embeddable":true,"href":"https:\/\/roveyayinevi.com.tr\/index.php\/wp-json\/wp\/v2\/product_tag?post=715830"}],"curies":[{"name":"wp","href":"https:\/\/api.w.org\/{rel}","templated":true}]}}