{"id":715828,"date":"2025-08-27T17:35:15","date_gmt":"2025-08-27T14:35:15","guid":{"rendered":"https:\/\/roveyayinevi.com.tr\/index.php\/urun\/dunyanin-anlamsizligi-uzerine\/"},"modified":"2026-04-16T02:23:56","modified_gmt":"2026-04-15T23:23:56","slug":"dunyanin-anlamsizligi-uzerine","status":"publish","type":"product","link":"https:\/\/roveyayinevi.com.tr\/index.php\/urun\/dunyanin-anlamsizligi-uzerine\/","title":{"rendered":"D\u00fcnyan\u0131n Anlams\u0131zl\u0131\u011f\u0131 \u00dczerine"},"content":{"rendered":"<p>Francesco Petrarca bir seyahati esnas\u0131nda elinden hi\u00e7 d\u00fc\u015f\u00fcrmedi\u011fi Aziz Augustinus\u2019un \u0130tiraflar kitab\u0131n\u0131n bir sayfas\u0131n\u0131 rastgele a\u00e7t\u0131\u011f\u0131nda okudu\u011fu c\u00fcmleden \u00e7ok etkilenir: \u201cEt erunt homines admirari alta montium et ingentes fluctus maris et latissimos lapsus fluminum et oceani ambitum et gyros siderum et relinquunt se ipsos\u201d (\u2026ve insanlar da\u011flar\u0131n y\u00fcksekli\u011fini, denizlerin dev dalgalar\u0131n\u0131, nehirlerin geni\u015f yataklar\u0131n\u0131, okyanuslar\u0131n enginli\u011fini, hatt\u00e2 y\u0131ld\u0131zlar\u0131n y\u00f6r\u00fcngelerini hayranl\u0131kla izlerler, l\u00e2kin kendilerini ihmal ederler\u2026) Yap\u0131t, Petrarca ile Aziz Augustinus\u2019un Hakikat huzurundaki \u00fc\u00e7 konu\u015fmas\u0131ndan olu\u015fan otobiyografik bir incelemedir. Petrarca bu yap\u0131tta, d\u00fcnya i\u015flerinde kendinden ba\u015fka bir \u015fey d\u00fc\u015f\u00fcnmeyen ve yanl\u0131\u015flar yapan insan\u0131n bile Tanr\u0131\u2019ya ula\u015fabilece\u011fi umudunu dile getirir. B\u00f6ylece manevi \u201csorun\u201dunu kendine \u00f6zg\u00fc bir bak\u0131\u015f a\u00e7\u0131s\u0131yla, h\u00fcmanist din ve ahl\u00e2k anlay\u0131\u015f\u0131 i\u00e7inde bir \u00e7\u00f6z\u00fcme ula\u015ft\u0131rm\u0131\u015ft\u0131r. <\/p>\n","protected":false},"excerpt":{"rendered":"<p>Francesco Petrarca bir seyahati esnas\u0131nda elinden hi\u00e7 d\u00fc\u015f\u00fcrmedi\u011fi Aziz Augustinus\u2019un \u0130tiraflar kitab\u0131n\u0131n bir sayfas\u0131n\u0131 rastgele a\u00e7t\u0131\u011f\u0131nda okudu\u011fu c\u00fcmleden \u00e7ok etkilenir: \u201cEt erunt homines admirari alta montium<span class=\"excerpt-hellip\"> [\u2026]<\/span><\/p>\n","protected":false},"featured_media":0,"template":"","meta":{"_monsterinsights_skip_tracking":false,"_monsterinsights_sitenote_active":false,"_monsterinsights_sitenote_note":"","_monsterinsights_sitenote_category":0},"product_brand":[],"product_cat":[14009,12291],"product_tag":[],"class_list":{"0":"post-715828","1":"product","2":"type-product","3":"status-publish","5":"product_cat-biyografi-otobiyografi-edebiyat","6":"product_cat-edebiyat","7":"pa_cilt-ciltsiz","8":"pa_tur-kitap","9":"pa_yayinevi-dogu-bati-yayinlari","10":"pa_yazar-francesco-petrarca","12":"first","13":"instock","14":"sale","15":"shipping-taxable","16":"purchasable","17":"product-type-simple"},"_links":{"self":[{"href":"https:\/\/roveyayinevi.com.tr\/index.php\/wp-json\/wp\/v2\/product\/715828","targetHints":{"allow":["GET"]}}],"collection":[{"href":"https:\/\/roveyayinevi.com.tr\/index.php\/wp-json\/wp\/v2\/product"}],"about":[{"href":"https:\/\/roveyayinevi.com.tr\/index.php\/wp-json\/wp\/v2\/types\/product"}],"wp:attachment":[{"href":"https:\/\/roveyayinevi.com.tr\/index.php\/wp-json\/wp\/v2\/media?parent=715828"}],"wp:term":[{"taxonomy":"product_brand","embeddable":true,"href":"https:\/\/roveyayinevi.com.tr\/index.php\/wp-json\/wp\/v2\/product_brand?post=715828"},{"taxonomy":"product_cat","embeddable":true,"href":"https:\/\/roveyayinevi.com.tr\/index.php\/wp-json\/wp\/v2\/product_cat?post=715828"},{"taxonomy":"product_tag","embeddable":true,"href":"https:\/\/roveyayinevi.com.tr\/index.php\/wp-json\/wp\/v2\/product_tag?post=715828"}],"curies":[{"name":"wp","href":"https:\/\/api.w.org\/{rel}","templated":true}]}}