{"id":715813,"date":"2025-08-27T17:35:06","date_gmt":"2025-08-27T14:35:06","guid":{"rendered":"https:\/\/roveyayinevi.com.tr\/index.php\/urun\/turkiyede-e-spor-ve-counter-strike\/"},"modified":"2026-04-16T02:23:55","modified_gmt":"2026-04-15T23:23:55","slug":"turkiyede-e-spor-ve-counter-strike","status":"publish","type":"product","link":"https:\/\/roveyayinevi.com.tr\/index.php\/urun\/turkiyede-e-spor-ve-counter-strike\/","title":{"rendered":"T\u00fcrkiye\u2019de E-Spor Ve Counter Strike"},"content":{"rendered":"<p>Oyunlar\u0131n birer dijital spora d\u00f6n\u00fc\u015fece\u011fi, kimin akl\u0131na gelirdi? Ya da d\u00fcnyay\u0131 b\u00f6ylesine kas\u0131p kavuraca\u011f\u0131? Peki ya, \u0130nternet Cafe\u2019lerde bo\u015f zaman\u0131n\u0131 dijital oyunlara harcayanlar\u0131n bir g\u00fcn bu hobiden para kazanmaya ba\u015flayabilece\u011fi? Muhtemelen, \u00e7ok az ki\u015finin. S\u0131radan bir bilgisayar oyuncusunun bundan 20 y\u0131l kadar \u00f6nce Half-Life isimli bir oyuna kendi \u00e7abalar\u0131 ile yapt\u0131\u011f\u0131 Counter-Strike modu, \u015fimdi CS: GO versiyonuyla her g\u00fcn 20 milyona yak\u0131n ki\u015fi taraf\u0131ndan oynan\u0131yor. Turnuvalar\u0131 y\u00fcz binlerce liral\u0131k \u00f6d\u00fcl da\u011f\u0131t\u0131yor, dev \u015firketler profesyonel isimlere, iddial\u0131 tak\u0131mlara sponsor oluyor. E-Sporun taraftar kitlesi g\u00fcnden g\u00fcne \u00e7\u0131\u011f gibi b\u00fcy\u00fcyor. Biz de hem dijital oyunlar\u0131n birer E-Spora evrilme s\u00fcrecini, hem de Counter-Strike\u2019\u0131n t\u00fcm a\u015famalar\u0131n\u0131 eserimizde sizler i\u00e7in derledik. Tak\u0131mlar, oyuncular, mekanikler, T\u00fcrkiye\u2019de CS: GO\u2019nun ve t\u00fcm di\u011fer E-Sporlar\u0131n mevcut durumu, gelece\u011fi, Be\u015fikta\u015f Kad\u0131n CS: GO tak\u0131m\u0131n\u0131n ba\u015far\u0131 \u00f6yk\u00fcs\u00fc ve Be\u015fikta\u015f E-Spor \u015fubesinin t\u00fcm merak edilenleri ile birlikte bu kitapta sizleri bekliyor! <\/p>\n","protected":false},"excerpt":{"rendered":"<p>Oyunlar\u0131n birer dijital spora d\u00f6n\u00fc\u015fece\u011fi, kimin akl\u0131na gelirdi? Ya da d\u00fcnyay\u0131 b\u00f6ylesine kas\u0131p kavuraca\u011f\u0131? Peki ya, \u0130nternet Cafe\u2019lerde bo\u015f zaman\u0131n\u0131 dijital oyunlara harcayanlar\u0131n bir g\u00fcn bu<span class=\"excerpt-hellip\"> [\u2026]<\/span><\/p>\n","protected":false},"featured_media":0,"template":"","meta":{"_monsterinsights_skip_tracking":false,"_monsterinsights_sitenote_active":false,"_monsterinsights_sitenote_note":"","_monsterinsights_sitenote_category":0},"product_brand":[],"product_cat":[28265,15563],"product_tag":[],"class_list":{"0":"post-715813","1":"product","2":"type-product","3":"status-publish","5":"product_cat-diger-hobi","6":"product_cat-hobi","7":"pa_cilt-ciltsiz","8":"pa_tur-kitap","9":"pa_yayinevi-profil-kitap","10":"pa_yazar-orhan-efe-ozenc-hasan-keskin","12":"first","13":"instock","14":"sale","15":"shipping-taxable","16":"purchasable","17":"product-type-simple"},"_links":{"self":[{"href":"https:\/\/roveyayinevi.com.tr\/index.php\/wp-json\/wp\/v2\/product\/715813","targetHints":{"allow":["GET"]}}],"collection":[{"href":"https:\/\/roveyayinevi.com.tr\/index.php\/wp-json\/wp\/v2\/product"}],"about":[{"href":"https:\/\/roveyayinevi.com.tr\/index.php\/wp-json\/wp\/v2\/types\/product"}],"wp:attachment":[{"href":"https:\/\/roveyayinevi.com.tr\/index.php\/wp-json\/wp\/v2\/media?parent=715813"}],"wp:term":[{"taxonomy":"product_brand","embeddable":true,"href":"https:\/\/roveyayinevi.com.tr\/index.php\/wp-json\/wp\/v2\/product_brand?post=715813"},{"taxonomy":"product_cat","embeddable":true,"href":"https:\/\/roveyayinevi.com.tr\/index.php\/wp-json\/wp\/v2\/product_cat?post=715813"},{"taxonomy":"product_tag","embeddable":true,"href":"https:\/\/roveyayinevi.com.tr\/index.php\/wp-json\/wp\/v2\/product_tag?post=715813"}],"curies":[{"name":"wp","href":"https:\/\/api.w.org\/{rel}","templated":true}]}}