{"id":715804,"date":"2025-08-27T17:35:00","date_gmt":"2025-08-27T14:35:00","guid":{"rendered":"https:\/\/roveyayinevi.com.tr\/index.php\/urun\/elma-dersem-cik-2\/"},"modified":"2026-04-16T02:23:55","modified_gmt":"2026-04-15T23:23:55","slug":"elma-dersem-cik-2","status":"publish","type":"product","link":"https:\/\/roveyayinevi.com.tr\/index.php\/urun\/elma-dersem-cik-2\/","title":{"rendered":"Elma Dersem \u00c7\u0131k"},"content":{"rendered":"<p>\u201cElma dersem \u00e7\u0131k\u201d dediklerinde ortaya \u00e7\u0131kan \u00e7ocuklu\u011fumuz kalmad\u0131 art\u0131k. Ne de\u011fi\u015fti o g\u00fcnden bug\u00fcne? Kim inand\u0131rd\u0131 her birimizi bu \u00f6l\u00fcme? Kim korkuttu yar\u0131nlardan bizi? Kim sakla diyor \u00e7ocukluk ne\u015femizi, e\u011flencemizi, \u00f6zg\u00fcrl\u00fc\u011f\u00fcm\u00fcz\u00fc, birli\u011fimizi, beraberli\u011fimizi? Kim? Kim \u00f6\u011fretti ya\u015f al\u0131rken \u00e7ocuklu\u011fu vermeyi? Ne \u00e7abuk affeder, kabul eder, devam ederdik\u2026 Sana s\u00f6yl\u00fcyorum.                                                                                                                                  Korkma art\u0131k! \u0130\u00e7inde bir yerlerde o \u00e7ocuk. O canl\u0131, ne\u015feli, iyi \u00e7ocuk. O masum, gizleniyor ac\u0131lar\u0131n\u0131n arkas\u0131nda. Hadi bir iyilik yap kendine. At \u00fcst\u00fcndeki an\u0131lar\u0131 teker teker. Gizlenmi\u015f k\u00fc\u00e7\u00fck \u201csen\u201dler var her yerde. Bir davet bekliyor hepsi. Hani y\u0131llar \u00f6ncesindeki gibi. Sonsuz g\u00fcvendi\u011fin bir ses geliyor canl\u0131 canl\u0131 ruhuna. Tekrar ne\u015felen, umutlan, sev, g\u00fc\u00e7l\u00fc ol, de\u011ferli ol diye. \u201cElma dersem \u00e7\u0131k!\u201d diyor. Hadi, hayat seni bekliyor. \u00c7\u0131k ortaya, dimdik dur.                                                                                                                 Her \u015feye ra\u011fmen, \u015fu ana kadar ne ya\u015fam\u0131\u015f olursan ol; elma dersem \u00e7\u0131kar m\u0131s\u0131n? <\/p>\n","protected":false},"excerpt":{"rendered":"<p>\u201cElma dersem \u00e7\u0131k\u201d dediklerinde ortaya \u00e7\u0131kan \u00e7ocuklu\u011fumuz kalmad\u0131 art\u0131k. Ne de\u011fi\u015fti o g\u00fcnden bug\u00fcne? Kim inand\u0131rd\u0131 her birimizi bu \u00f6l\u00fcme? Kim korkuttu yar\u0131nlardan bizi? Kim sakla<span class=\"excerpt-hellip\"> [\u2026]<\/span><\/p>\n","protected":false},"featured_media":0,"template":"","meta":{"_monsterinsights_skip_tracking":false,"_monsterinsights_sitenote_active":false,"_monsterinsights_sitenote_note":"","_monsterinsights_sitenote_category":0},"product_brand":[],"product_cat":[12291],"product_tag":[],"class_list":{"0":"post-715804","1":"product","2":"type-product","3":"status-publish","5":"product_cat-edebiyat","6":"pa_cilt-ciltsiz","7":"pa_tur-kitap","8":"pa_yayinevi-inkilap-kitabevi","9":"pa_yazar-askim-kapismak","11":"first","12":"instock","13":"sale","14":"shipping-taxable","15":"purchasable","16":"product-type-simple"},"_links":{"self":[{"href":"https:\/\/roveyayinevi.com.tr\/index.php\/wp-json\/wp\/v2\/product\/715804","targetHints":{"allow":["GET"]}}],"collection":[{"href":"https:\/\/roveyayinevi.com.tr\/index.php\/wp-json\/wp\/v2\/product"}],"about":[{"href":"https:\/\/roveyayinevi.com.tr\/index.php\/wp-json\/wp\/v2\/types\/product"}],"wp:attachment":[{"href":"https:\/\/roveyayinevi.com.tr\/index.php\/wp-json\/wp\/v2\/media?parent=715804"}],"wp:term":[{"taxonomy":"product_brand","embeddable":true,"href":"https:\/\/roveyayinevi.com.tr\/index.php\/wp-json\/wp\/v2\/product_brand?post=715804"},{"taxonomy":"product_cat","embeddable":true,"href":"https:\/\/roveyayinevi.com.tr\/index.php\/wp-json\/wp\/v2\/product_cat?post=715804"},{"taxonomy":"product_tag","embeddable":true,"href":"https:\/\/roveyayinevi.com.tr\/index.php\/wp-json\/wp\/v2\/product_tag?post=715804"}],"curies":[{"name":"wp","href":"https:\/\/api.w.org\/{rel}","templated":true}]}}