{"id":715798,"date":"2025-08-27T17:34:57","date_gmt":"2025-08-27T14:34:57","guid":{"rendered":"https:\/\/roveyayinevi.com.tr\/index.php\/urun\/tarihsel-surec-icinde-dunya-ekonomisi\/"},"modified":"2026-04-08T02:30:57","modified_gmt":"2026-04-07T23:30:57","slug":"tarihsel-surec-icinde-dunya-ekonomisi","status":"publish","type":"product","link":"https:\/\/roveyayinevi.com.tr\/index.php\/urun\/tarihsel-surec-icinde-dunya-ekonomisi\/","title":{"rendered":"Tarihsel S\u00fcre\u00e7 \u0130\u00e7inde D\u00fcnya Ekonomisi"},"content":{"rendered":"<p>D\u00fcnya ekonomisinin s\u0131ra d\u0131\u015f\u0131 tarihi&#8230; Mahfi E\u011filmez\u2019in, sade bir anlat\u0131mla kaleme ald\u0131\u011f\u0131 ekonomi tarihi, bir\u00e7ok a\u00e7\u0131dan d\u00fcnyaya bak\u0131\u015f a\u00e7\u0131n\u0131z\u0131 de\u011fi\u015ftirecek.Nas\u0131l oldu da insan t\u00fcketicili\u011fe ge\u00e7ti?Saban ve tekerle\u011fin icad\u0131 ekonomileri nas\u0131l etkiledi? Feodalitede \u00fcretim nas\u0131l yap\u0131ld\u0131, nas\u0131l payla\u015f\u0131ld\u0131? B\u00fct\u00e7e hakk\u0131 nas\u0131l do\u011fdu? Sanayi devrimi ya\u015fam\u0131 nas\u0131l etkiledi? \u00c7inliler ni\u00e7in d\u00fcnyaya kapand\u0131? \u0130lk ticaret sava\u015f\u0131 nas\u0131l ba\u015flad\u0131? \u0130slam uygarl\u0131\u011f\u0131 nas\u0131l y\u00fckseldi? Amerika\u2019ya ilk kim gitti? Sosyalist meydan okuma nas\u0131l ba\u015flad\u0131, nas\u0131l geli\u015fti, nas\u0131l sonland\u0131? Sanayi 4.0 nedir?<\/p>\n","protected":false},"excerpt":{"rendered":"<p>D\u00fcnya ekonomisinin s\u0131ra d\u0131\u015f\u0131 tarihi&#8230; Mahfi E\u011filmez\u2019in, sade bir anlat\u0131mla kaleme ald\u0131\u011f\u0131 ekonomi tarihi, bir\u00e7ok a\u00e7\u0131dan d\u00fcnyaya bak\u0131\u015f a\u00e7\u0131n\u0131z\u0131 de\u011fi\u015ftirecek.Nas\u0131l oldu da insan t\u00fcketicili\u011fe ge\u00e7ti?Saban ve<span class=\"excerpt-hellip\"> [\u2026]<\/span><\/p>\n","protected":false},"featured_media":0,"template":"","meta":{"_monsterinsights_skip_tracking":false,"_monsterinsights_sitenote_active":false,"_monsterinsights_sitenote_note":"","_monsterinsights_sitenote_category":0},"product_brand":[],"product_cat":[13044,13043],"product_tag":[],"class_list":{"0":"post-715798","1":"product","2":"type-product","3":"status-publish","5":"product_cat-dunya-ekonomisi","6":"product_cat-ekonomi","7":"pa_cilt-ciltsiz","8":"pa_tur-kitap","9":"pa_yayinevi-remzi-kitabevi","10":"pa_yazar-mahfi-egilmez","12":"first","13":"instock","14":"sale","15":"shipping-taxable","16":"purchasable","17":"product-type-simple"},"_links":{"self":[{"href":"https:\/\/roveyayinevi.com.tr\/index.php\/wp-json\/wp\/v2\/product\/715798","targetHints":{"allow":["GET"]}}],"collection":[{"href":"https:\/\/roveyayinevi.com.tr\/index.php\/wp-json\/wp\/v2\/product"}],"about":[{"href":"https:\/\/roveyayinevi.com.tr\/index.php\/wp-json\/wp\/v2\/types\/product"}],"wp:attachment":[{"href":"https:\/\/roveyayinevi.com.tr\/index.php\/wp-json\/wp\/v2\/media?parent=715798"}],"wp:term":[{"taxonomy":"product_brand","embeddable":true,"href":"https:\/\/roveyayinevi.com.tr\/index.php\/wp-json\/wp\/v2\/product_brand?post=715798"},{"taxonomy":"product_cat","embeddable":true,"href":"https:\/\/roveyayinevi.com.tr\/index.php\/wp-json\/wp\/v2\/product_cat?post=715798"},{"taxonomy":"product_tag","embeddable":true,"href":"https:\/\/roveyayinevi.com.tr\/index.php\/wp-json\/wp\/v2\/product_tag?post=715798"}],"curies":[{"name":"wp","href":"https:\/\/api.w.org\/{rel}","templated":true}]}}