{"id":715789,"date":"2025-08-27T17:34:52","date_gmt":"2025-08-27T14:34:52","guid":{"rendered":"https:\/\/roveyayinevi.com.tr\/index.php\/urun\/vicdan-hayat-kurtarir\/"},"modified":"2026-04-16T02:23:55","modified_gmt":"2026-04-15T23:23:55","slug":"vicdan-hayat-kurtarir","status":"publish","type":"product","link":"https:\/\/roveyayinevi.com.tr\/index.php\/urun\/vicdan-hayat-kurtarir\/","title":{"rendered":"Vicdan Hayat Kurtar\u0131r"},"content":{"rendered":"<p>Biz Yavuz Dizdar\u2019\u0131 daha \u00e7ok medyadan, kanser uzman\u0131 ve beslenme konular\u0131nda g\u00f6r\u00fc\u015fler a\u00e7\u0131klayan doktor olarak tan\u0131yoruz. Bu kitap onun \u00e7ocuklu\u011funu, mesle\u011fini nas\u0131l se\u00e7ti\u011fini, a\u015fklar\u0131n\u0131, i\u015flerin \u00fczerine nas\u0131l kald\u0131\u011f\u0131n\u0131, yani ya\u015fama nas\u0131l bakt\u0131\u011f\u0131n\u0131 anlat\u0131yor. Oysa onun hassasiyeti gelecek, ama \u00f6zellikle gen\u00e7lerin gelece\u011fi. Mevcut sistemin getirdi\u011fi de\u011fi\u015fiklikler bug\u00fcn\u00fcn gen\u00e7lerini ister istenmez i\u015fsiz ve belki de e\u015fsiz b\u0131rakacak. Dolay\u0131s\u0131yla bu kitap sa\u011fl\u0131kl\u0131 beslenme kitab\u0131 de\u011fildir, sistemin a\u00e7mazlar\u0131n\u0131 ve diren\u00e7 noktalar\u0131n\u0131 tan\u0131mlar. Kitab\u0131 t\u0131pla ve doktorla ili\u015fkisi olacak herkesin okumas\u0131 \u00f6nerilir. Ama bu kitap esas gen\u00e7lere \u00f6nerilir, \u00e7\u00fcnk\u00fc bu durum \u00f6zellikle gen\u00e7lerin sorunudur. Ve en sonunda Yavuz Dizdar kendiyle olan ili\u015fkisini de tan\u0131mlar: S\u00f6zle\u015fme K\u0131zartmay\u0131 b\u0131rakarak kanserden korunulmaz. Kanser tan\u0131s\u0131 konulan vakalar\u0131n b\u00fcy\u00fck bir k\u0131sm\u0131 kanser de\u011fil. Hastal\u0131k patlamas\u0131n\u0131n bilin\u00e7li olarak yap\u0131ld\u0131\u011f\u0131n\u0131 d\u00fc\u015f\u00fcn\u00fcyorum. Doktor \u00f6\u011frendi\u011fi her \u015feyi paraya \u00e7evirmeye \u00e7al\u0131\u015f\u0131yor. \u015ea\u015faal\u0131 hastane olmas\u0131 \u00f6nemli de\u011fil. \u0130\u00e7inde adam var m\u0131 sen onabak. 2050\u2019de iki ki\u015fiden birinin otistik olmas\u0131 bekleniyor. Patronlar hile hurda bilen adamlar\u0131 i\u015fe almak istiyor. \u00d6zel \u00fcniversiteler b\u00fcy\u00fck boy kre\u015f gibiler. Kokore\u00e7 Avrupa Birli\u011fi\u2019ne at\u0131lm\u0131\u015f bir gold\u00fcr. Pilicin kanserle ili\u015fkisini Ulusal Onkoloji Kongresi\u2019nde anlatmak istedim, kabul edilmedi. Herkes halk\u0131 su\u00e7luyor. Ama halk zaten biziz. <\/p>\n","protected":false},"excerpt":{"rendered":"<p>Biz Yavuz Dizdar\u2019\u0131 daha \u00e7ok medyadan, kanser uzman\u0131 ve beslenme konular\u0131nda g\u00f6r\u00fc\u015fler a\u00e7\u0131klayan doktor olarak tan\u0131yoruz. Bu kitap onun \u00e7ocuklu\u011funu, mesle\u011fini nas\u0131l se\u00e7ti\u011fini, a\u015fklar\u0131n\u0131, i\u015flerin \u00fczerine<span class=\"excerpt-hellip\"> [\u2026]<\/span><\/p>\n","protected":false},"featured_media":0,"template":"","meta":{"_monsterinsights_skip_tracking":false,"_monsterinsights_sitenote_active":false,"_monsterinsights_sitenote_note":"","_monsterinsights_sitenote_category":0},"product_brand":[],"product_cat":[13366,13365],"product_tag":[],"class_list":{"0":"post-715789","1":"product","2":"type-product","3":"status-publish","5":"product_cat-diger-saglik","6":"product_cat-saglik","7":"pa_cilt-ciltsiz","8":"pa_tur-kitap","9":"pa_yayinevi-hayykitap","10":"pa_yazar-yavuz-dizdar","12":"first","13":"instock","14":"sale","15":"shipping-taxable","16":"purchasable","17":"product-type-simple"},"_links":{"self":[{"href":"https:\/\/roveyayinevi.com.tr\/index.php\/wp-json\/wp\/v2\/product\/715789","targetHints":{"allow":["GET"]}}],"collection":[{"href":"https:\/\/roveyayinevi.com.tr\/index.php\/wp-json\/wp\/v2\/product"}],"about":[{"href":"https:\/\/roveyayinevi.com.tr\/index.php\/wp-json\/wp\/v2\/types\/product"}],"wp:attachment":[{"href":"https:\/\/roveyayinevi.com.tr\/index.php\/wp-json\/wp\/v2\/media?parent=715789"}],"wp:term":[{"taxonomy":"product_brand","embeddable":true,"href":"https:\/\/roveyayinevi.com.tr\/index.php\/wp-json\/wp\/v2\/product_brand?post=715789"},{"taxonomy":"product_cat","embeddable":true,"href":"https:\/\/roveyayinevi.com.tr\/index.php\/wp-json\/wp\/v2\/product_cat?post=715789"},{"taxonomy":"product_tag","embeddable":true,"href":"https:\/\/roveyayinevi.com.tr\/index.php\/wp-json\/wp\/v2\/product_tag?post=715789"}],"curies":[{"name":"wp","href":"https:\/\/api.w.org\/{rel}","templated":true}]}}