{"id":715784,"date":"2025-08-27T17:34:49","date_gmt":"2025-08-27T14:34:49","guid":{"rendered":"https:\/\/roveyayinevi.com.tr\/index.php\/urun\/dijital-pazarlama-strateji-yurutme-ve-uygulama\/"},"modified":"2026-04-16T02:23:55","modified_gmt":"2026-04-15T23:23:55","slug":"dijital-pazarlama-strateji-yurutme-ve-uygulama","status":"publish","type":"product","link":"https:\/\/roveyayinevi.com.tr\/index.php\/urun\/dijital-pazarlama-strateji-yurutme-ve-uygulama\/","title":{"rendered":"Dijital Pazarlama &#8211; Strateji Y\u00fcr\u00fctme ve Uygulama"},"content":{"rendered":"<p>B\u00f6l\u00fcm 1 :Dijital Pazarlaman\u0131n Temelleri Dijital Pazarlamaya Giri\u015f \u00c7evrimi\u00e7i pazar analizi: mikro \u00e7evre \u00c7evrimi\u00e7i makro \u00e7evre Dijital Pazarlama Stratejisi Geli\u015ftirme Dijital Pazarlama Stratejisi Dijital medya ve teknolojinin pazarlama karmas\u0131 \u00fczerindeki etkisi Dijital platformlar\u0131 kullanarak ili\u015fkisel pazarlama Dijital Pazarlama : Y\u00fcr\u00fctme ve Uygulama \u00c7evrimi\u00e7i m\u00fc\u015fteri deneyimi sa\u011flama Dijital medya i\u00e7in kampanya planlanmas\u0131 Pazarlama ileti\u015fimlerinde dijital medya kanallar\u0131 kullanma Dijital kanal performans\u0131n\u0131 de\u011ferlendirme ve geli\u015ftirme \u0130\u015fletmeden t\u00fcketiciye dijital pazarlama uygulamas\u0131 \u0130\u015fletmeden i\u015fletmeye dijital pazarlama uygulamas\u0131 <\/p>\n","protected":false},"excerpt":{"rendered":"<p>B\u00f6l\u00fcm 1 :Dijital Pazarlaman\u0131n Temelleri Dijital Pazarlamaya Giri\u015f \u00c7evrimi\u00e7i pazar analizi: mikro \u00e7evre \u00c7evrimi\u00e7i makro \u00e7evre Dijital Pazarlama Stratejisi Geli\u015ftirme Dijital Pazarlama Stratejisi Dijital medya ve<span class=\"excerpt-hellip\"> [\u2026]<\/span><\/p>\n","protected":false},"featured_media":0,"template":"","meta":{"_monsterinsights_skip_tracking":false,"_monsterinsights_sitenote_active":false,"_monsterinsights_sitenote_note":"","_monsterinsights_sitenote_category":0},"product_brand":[],"product_cat":[13043,14381],"product_tag":[],"class_list":{"0":"post-715784","1":"product","2":"type-product","3":"status-publish","5":"product_cat-ekonomi","6":"product_cat-isletme-muhasebe-maliye","7":"pa_cilt-ciltli","8":"pa_tur-kitap","9":"pa_yayinevi-gazi-kitabevi","10":"pa_yazar-kolektif","12":"first","13":"instock","14":"sale","15":"shipping-taxable","16":"purchasable","17":"product-type-simple"},"_links":{"self":[{"href":"https:\/\/roveyayinevi.com.tr\/index.php\/wp-json\/wp\/v2\/product\/715784","targetHints":{"allow":["GET"]}}],"collection":[{"href":"https:\/\/roveyayinevi.com.tr\/index.php\/wp-json\/wp\/v2\/product"}],"about":[{"href":"https:\/\/roveyayinevi.com.tr\/index.php\/wp-json\/wp\/v2\/types\/product"}],"wp:attachment":[{"href":"https:\/\/roveyayinevi.com.tr\/index.php\/wp-json\/wp\/v2\/media?parent=715784"}],"wp:term":[{"taxonomy":"product_brand","embeddable":true,"href":"https:\/\/roveyayinevi.com.tr\/index.php\/wp-json\/wp\/v2\/product_brand?post=715784"},{"taxonomy":"product_cat","embeddable":true,"href":"https:\/\/roveyayinevi.com.tr\/index.php\/wp-json\/wp\/v2\/product_cat?post=715784"},{"taxonomy":"product_tag","embeddable":true,"href":"https:\/\/roveyayinevi.com.tr\/index.php\/wp-json\/wp\/v2\/product_tag?post=715784"}],"curies":[{"name":"wp","href":"https:\/\/api.w.org\/{rel}","templated":true}]}}