{"id":715771,"date":"2025-08-27T17:34:42","date_gmt":"2025-08-27T14:34:42","guid":{"rendered":"https:\/\/roveyayinevi.com.tr\/index.php\/urun\/daktilodan-hikayeler\/"},"modified":"2026-04-16T02:23:54","modified_gmt":"2026-04-15T23:23:54","slug":"daktilodan-hikayeler","status":"publish","type":"product","link":"https:\/\/roveyayinevi.com.tr\/index.php\/urun\/daktilodan-hikayeler\/","title":{"rendered":"Daktilodan Hikayeler"},"content":{"rendered":"<p>Piyanosunu silah olarak kullanan yaln\u0131z bir kovboy M\u0131s\u0131r piramitlerini tek eliyle kald\u0131rabilen bir postac\u0131 Bilgi yar\u0131\u015fmas\u0131na kat\u0131lan bir timsah Pisa&#8217;ya inen d\u00fcnya d\u0131\u015f\u0131 varl\u0131klara hediyelik e\u015fya satan bir esnaf&#8230; Gianni Rodari g\u00fcnl\u00fck hayat\u0131m\u0131z\u0131n k\u00f6t\u00fc al\u0131\u015fkanl\u0131klar\u0131 ve erdemleri aras\u0131nda bir k\u00f6pr\u00fc kuruyor.Her hik\u00e2yesi, hem d\u00fcn\u00fc hem de bu g\u00fcn\u00fc e\u011flenceli bir \u015fekilde anlat\u0131yor. <\/p>\n","protected":false},"excerpt":{"rendered":"<p>Piyanosunu silah olarak kullanan yaln\u0131z bir kovboy M\u0131s\u0131r piramitlerini tek eliyle kald\u0131rabilen bir postac\u0131 Bilgi yar\u0131\u015fmas\u0131na kat\u0131lan bir timsah Pisa&#8217;ya inen d\u00fcnya d\u0131\u015f\u0131 varl\u0131klara hediyelik e\u015fya<span class=\"excerpt-hellip\"> [\u2026]<\/span><\/p>\n","protected":false},"featured_media":0,"template":"","meta":{"_monsterinsights_skip_tracking":false,"_monsterinsights_sitenote_active":false,"_monsterinsights_sitenote_note":"","_monsterinsights_sitenote_category":0},"product_brand":[],"product_cat":[13829,12274],"product_tag":[],"class_list":{"0":"post-715771","1":"product","2":"type-product","3":"status-publish","5":"product_cat-bilimsel-kitaplar","6":"product_cat-cocuk-ve-genclik-kitaplari","7":"pa_cilt-ciltsiz","8":"pa_tur-kitap","9":"pa_yayinevi-epsilon-yayinlari","10":"pa_yazar-gianni-rodari","12":"first","13":"instock","14":"sale","15":"shipping-taxable","16":"purchasable","17":"product-type-simple"},"_links":{"self":[{"href":"https:\/\/roveyayinevi.com.tr\/index.php\/wp-json\/wp\/v2\/product\/715771","targetHints":{"allow":["GET"]}}],"collection":[{"href":"https:\/\/roveyayinevi.com.tr\/index.php\/wp-json\/wp\/v2\/product"}],"about":[{"href":"https:\/\/roveyayinevi.com.tr\/index.php\/wp-json\/wp\/v2\/types\/product"}],"wp:attachment":[{"href":"https:\/\/roveyayinevi.com.tr\/index.php\/wp-json\/wp\/v2\/media?parent=715771"}],"wp:term":[{"taxonomy":"product_brand","embeddable":true,"href":"https:\/\/roveyayinevi.com.tr\/index.php\/wp-json\/wp\/v2\/product_brand?post=715771"},{"taxonomy":"product_cat","embeddable":true,"href":"https:\/\/roveyayinevi.com.tr\/index.php\/wp-json\/wp\/v2\/product_cat?post=715771"},{"taxonomy":"product_tag","embeddable":true,"href":"https:\/\/roveyayinevi.com.tr\/index.php\/wp-json\/wp\/v2\/product_tag?post=715771"}],"curies":[{"name":"wp","href":"https:\/\/api.w.org\/{rel}","templated":true}]}}