{"id":715763,"date":"2025-08-27T17:34:37","date_gmt":"2025-08-27T14:34:37","guid":{"rendered":"https:\/\/roveyayinevi.com.tr\/index.php\/urun\/ay-cekirdeklerini-kim-yedi-kucuklerle-bilim\/"},"modified":"2026-04-16T02:23:54","modified_gmt":"2026-04-15T23:23:54","slug":"ay-cekirdeklerini-kim-yedi-kucuklerle-bilim","status":"publish","type":"product","link":"https:\/\/roveyayinevi.com.tr\/index.php\/urun\/ay-cekirdeklerini-kim-yedi-kucuklerle-bilim\/","title":{"rendered":"Ay \u00c7ekirdeklerini Kim Yedi? &#8211; K\u00fc\u00e7\u00fcklerle Bilim"},"content":{"rendered":"<p>Bah\u00e7edeki ay \u00e7ekirdeklerini birileri yiyor. Ama kim? Birlikte bulmaya ne dersin?Zuhal \u00d6zer\u2019in yaz\u0131p Nazl\u0131 Tunal\u0131\u2019n\u0131n resimledi\u011fi K\u00fc\u00e7\u00fcklerle Bilim serisinin ilk kitab\u0131 olan Ay \u00c7ekirdeklerini Kim Yedi? kaybolan ay \u00e7ekirdeklerinin pe\u015fine d\u00fc\u015ft\u00fc\u011f\u00fcm\u00fcz sevimli bir \u00f6yk\u00fc anlat\u0131yor.  \u0130\u00e7inde kendi etkinli\u011fi ile ay\u00e7i\u00e7ekleri ve saka ku\u015flar\u0131 ile ilgili bilimsel verileri de payla\u015fan kitab\u0131m\u0131z, 3 ya\u015f \u00fczeri \u00e7ocuklar\u0131n keyifle ke\u015ffetmeleri i\u00e7in haz\u0131rland\u0131.<\/p>\n","protected":false},"excerpt":{"rendered":"<p>Bah\u00e7edeki ay \u00e7ekirdeklerini birileri yiyor. Ama kim? Birlikte bulmaya ne dersin?Zuhal \u00d6zer\u2019in yaz\u0131p Nazl\u0131 Tunal\u0131\u2019n\u0131n resimledi\u011fi K\u00fc\u00e7\u00fcklerle Bilim serisinin ilk kitab\u0131 olan Ay \u00c7ekirdeklerini Kim Yedi?<span class=\"excerpt-hellip\"> [\u2026]<\/span><\/p>\n","protected":false},"featured_media":0,"template":"","meta":{"_monsterinsights_skip_tracking":false,"_monsterinsights_sitenote_active":false,"_monsterinsights_sitenote_note":"","_monsterinsights_sitenote_category":0},"product_brand":[],"product_cat":[13829,12274],"product_tag":[],"class_list":{"0":"post-715763","1":"product","2":"type-product","3":"status-publish","5":"product_cat-bilimsel-kitaplar","6":"product_cat-cocuk-ve-genclik-kitaplari","7":"pa_cilt-ciltsiz","8":"pa_tur-kitap","9":"pa_yayinevi-potikare-yayincilik","10":"pa_yazar-zuhal-ozer","12":"first","13":"instock","14":"sale","15":"shipping-taxable","16":"purchasable","17":"product-type-simple"},"_links":{"self":[{"href":"https:\/\/roveyayinevi.com.tr\/index.php\/wp-json\/wp\/v2\/product\/715763","targetHints":{"allow":["GET"]}}],"collection":[{"href":"https:\/\/roveyayinevi.com.tr\/index.php\/wp-json\/wp\/v2\/product"}],"about":[{"href":"https:\/\/roveyayinevi.com.tr\/index.php\/wp-json\/wp\/v2\/types\/product"}],"wp:attachment":[{"href":"https:\/\/roveyayinevi.com.tr\/index.php\/wp-json\/wp\/v2\/media?parent=715763"}],"wp:term":[{"taxonomy":"product_brand","embeddable":true,"href":"https:\/\/roveyayinevi.com.tr\/index.php\/wp-json\/wp\/v2\/product_brand?post=715763"},{"taxonomy":"product_cat","embeddable":true,"href":"https:\/\/roveyayinevi.com.tr\/index.php\/wp-json\/wp\/v2\/product_cat?post=715763"},{"taxonomy":"product_tag","embeddable":true,"href":"https:\/\/roveyayinevi.com.tr\/index.php\/wp-json\/wp\/v2\/product_tag?post=715763"}],"curies":[{"name":"wp","href":"https:\/\/api.w.org\/{rel}","templated":true}]}}