{"id":715762,"date":"2025-08-27T17:34:36","date_gmt":"2025-08-27T14:34:36","guid":{"rendered":"https:\/\/roveyayinevi.com.tr\/index.php\/urun\/felsefi-dusun-akademik-felsefe-dergisi-sayi-11-ekim-2018\/"},"modified":"2026-04-16T02:23:54","modified_gmt":"2026-04-15T23:23:54","slug":"felsefi-dusun-akademik-felsefe-dergisi-sayi-11-ekim-2018","status":"publish","type":"product","link":"https:\/\/roveyayinevi.com.tr\/index.php\/urun\/felsefi-dusun-akademik-felsefe-dergisi-sayi-11-ekim-2018\/","title":{"rendered":"Felsefi D\u00fc\u015f\u00fcn Akademik Felsefe Dergisi Say\u0131 &#8211; 11 Ekim 2018"},"content":{"rendered":"<p>Bu Say\u0131da Yer AlanlarT\u00fcrker ArmanerSunu\u015fMakalelerEngin AbatFichte\u2019nin Bilin\u00e7 Teorisi Ba\u011flam\u0131nda Spinoza Ele\u015ftirisiCansu AkarsuFichte ve Hegel\u2019de \u2018Ba\u015flang\u0131\u00e7\u2019 Sorunu\u00d6mer B. AlbayrakFichte\u2019nin Monadolojisi\u2019nden Schelling\u2019in T\u00f6z\u2019\u00fcne Sonluluk ve TarihMerve ErteneFichte Ne Dedi, Schelling Ne Anlad\u0131? Do\u011fay\u0131 G\u00f6rmek ya da Do\u011fayla G\u00f6rmekCan Karab\u00f6cekAlman \u0130dealizminde Bir U\u011frak: Erken Romantizmin Politik BoyutuEsma KayarFichte\u2019de Kar\u015f\u0131koyma (Entgegensetzen) ve Mant\u0131ksal Kar\u015f\u0131tl\u0131k \u0130lkesiKas\u0131m M\u00fcmino\u011fluRus Felsefesinde Yeni-Kant\u00e7\u0131l\u0131kUmut \u00d6ks\u00fczanFichte ve Ele\u015ftirel FelsefeSelda SalmanKant\u2019a Kar\u015f\u0131 Kant \u0130\u00e7in: Fichte\u2019nin Hayalg\u00fcc\u00fc Felsefesi<\/p>\n","protected":false},"excerpt":{"rendered":"<p>Bu Say\u0131da Yer AlanlarT\u00fcrker ArmanerSunu\u015fMakalelerEngin AbatFichte\u2019nin Bilin\u00e7 Teorisi Ba\u011flam\u0131nda Spinoza Ele\u015ftirisiCansu AkarsuFichte ve Hegel\u2019de \u2018Ba\u015flang\u0131\u00e7\u2019 Sorunu\u00d6mer B. AlbayrakFichte\u2019nin Monadolojisi\u2019nden Schelling\u2019in T\u00f6z\u2019\u00fcne Sonluluk ve TarihMerve ErteneFichte Ne<span class=\"excerpt-hellip\"> [\u2026]<\/span><\/p>\n","protected":false},"featured_media":0,"template":"","meta":{"_monsterinsights_skip_tracking":false,"_monsterinsights_sitenote_active":false,"_monsterinsights_sitenote_note":"","_monsterinsights_sitenote_category":0},"product_brand":[],"product_cat":[12389,12388],"product_tag":[],"class_list":{"0":"post-715762","1":"product","2":"type-product","3":"status-publish","5":"product_cat-diger-felsefe","6":"product_cat-felsefe","7":"pa_cilt-ciltsiz","8":"pa_tur-kitap","9":"pa_yayinevi-pinhan-yayincilik","10":"pa_yazar-kolektif","12":"first","13":"instock","14":"sale","15":"shipping-taxable","16":"purchasable","17":"product-type-simple"},"_links":{"self":[{"href":"https:\/\/roveyayinevi.com.tr\/index.php\/wp-json\/wp\/v2\/product\/715762","targetHints":{"allow":["GET"]}}],"collection":[{"href":"https:\/\/roveyayinevi.com.tr\/index.php\/wp-json\/wp\/v2\/product"}],"about":[{"href":"https:\/\/roveyayinevi.com.tr\/index.php\/wp-json\/wp\/v2\/types\/product"}],"wp:attachment":[{"href":"https:\/\/roveyayinevi.com.tr\/index.php\/wp-json\/wp\/v2\/media?parent=715762"}],"wp:term":[{"taxonomy":"product_brand","embeddable":true,"href":"https:\/\/roveyayinevi.com.tr\/index.php\/wp-json\/wp\/v2\/product_brand?post=715762"},{"taxonomy":"product_cat","embeddable":true,"href":"https:\/\/roveyayinevi.com.tr\/index.php\/wp-json\/wp\/v2\/product_cat?post=715762"},{"taxonomy":"product_tag","embeddable":true,"href":"https:\/\/roveyayinevi.com.tr\/index.php\/wp-json\/wp\/v2\/product_tag?post=715762"}],"curies":[{"name":"wp","href":"https:\/\/api.w.org\/{rel}","templated":true}]}}