{"id":715751,"date":"2025-08-27T17:34:30","date_gmt":"2025-08-27T14:34:30","guid":{"rendered":"https:\/\/roveyayinevi.com.tr\/index.php\/urun\/kadin-kurkunde-ruya\/"},"modified":"2026-04-16T02:23:54","modified_gmt":"2026-04-15T23:23:54","slug":"kadin-kurkunde-ruya","status":"publish","type":"product","link":"https:\/\/roveyayinevi.com.tr\/index.php\/urun\/kadin-kurkunde-ruya\/","title":{"rendered":"Kad\u0131n K\u00fcrk\u00fcnde R\u00fcya"},"content":{"rendered":"<p>\u00d6d\u00fcll\u00fc yazar Nazl\u0131 Karab\u0131y\u0131ko\u011flu d\u00f6rt \u00f6yk\u00fc kitab\u0131ndan sonra bu sefer ilk roman\u0131 Kad\u0131n K\u00fcrk\u00fcnde R\u00fcya ile okura sesleniyor.U\u00e7ak kazas\u0131nda par\u00e7alanan bir kad\u0131n\u0131 h\u0131zl\u0131ca bedenin ve ruhun tamir edilip yarat\u0131ld\u0131\u011f\u0131 \u201cYeniden Dirili\u015f Evi\u201dne yeti\u015ftirirler. Kad\u0131n\u0131n, v\u00fccudu birle\u015ftirilirken zaman yolculu\u011fu da ba\u015flar. Sait Faik\u2019le Ada\u2019daki sohbetten Balzac\u2019\u0131n yazd\u0131klar\u0131n\u0131 kar\u0131\u015ft\u0131rmaya, Hrant Dink cinayetinden Virginia Woolf\u2019un intihar\u0131na de\u011fin uzanan zaman k\u0131r\u0131lmalar\u0131yla ruhunun mayas\u0131 m\u0131 \u015fekilleniyordur yoksa insanl\u0131k yeniden mi yarat\u0131l\u0131yordur? Diriltilip yeniden d\u00fcnyaya g\u00f6nderilecek kad\u0131nla u\u00e7a\u011fa binen kad\u0131n art\u0131k ayn\u0131 ki\u015fi midir?Bizi \u201cbiz\u201d yapan ger\u00e7ekten nedir: karanl\u0131\u011f\u0131m\u0131z m\u0131, zalimli\u011fimiz mi yoksa boyun e\u011fi\u015fimiz mi? Peki, biz kimiz? Her \u015feyin tek renk gibi g\u00f6r\u00fcnd\u00fc\u011f\u00fc bir d\u00fcnyada, Nazl\u0131 Karab\u0131y\u0131ko\u011flu, inatla g\u00f6kku\u015fa\u011f\u0131n\u0131 arayanlara ve dik duranlara sesleniyor: Zulm\u00fc d\u00fcstur bilen insan benim labirentimdir.\u201cEdebi dehay\u0131 nas\u0131l tan\u0131r\u0131z? (..) Daha \u00f6nce okudu\u011fum hi\u00e7bir \u015feye benzemeyen, daha ilk sat\u0131rlar\u0131nda beni heyecanland\u0131ran kitaplar da oluyor. \u0130\u015fte bu kitaplar sayesinde koca edebiyat mekanizmas\u0131 i\u015fliyor. Beni b\u00f6ylesine heyecanland\u0131ran bir metin okudum: G\u00f6k Derinin Alt\u0131nda, Nazl\u0131 Karab\u0131y\u0131ko\u011flu.\u201d  Asuman Kafao\u011flu B\u00fcke\u201cB\u00fct\u00fcn bu reddiye, kriz ve d\u00f6n\u00fc\u015f\u00fcm hik\u00e2yeleri Nazl\u0131 Karab\u0131y\u0131ko\u011flu\u2019nun gayet kuvvetli bir edebiyat damar\u0131 yaratmas\u0131n\u0131 sa\u011fl\u0131yor. Buna bir de dil hassasiyeti, dilin varl\u0131\u011f\u0131n\u0131 hissettiren bir dil kesifli\u011fini ekleyin, sonu\u00e7: iyi bir hikayeci daha kazand\u0131k\u201dAhmet Ergen\u00e7<\/p>\n","protected":false},"excerpt":{"rendered":"<p>\u00d6d\u00fcll\u00fc yazar Nazl\u0131 Karab\u0131y\u0131ko\u011flu d\u00f6rt \u00f6yk\u00fc kitab\u0131ndan sonra bu sefer ilk roman\u0131 Kad\u0131n K\u00fcrk\u00fcnde R\u00fcya ile okura sesleniyor.U\u00e7ak kazas\u0131nda par\u00e7alanan bir kad\u0131n\u0131 h\u0131zl\u0131ca bedenin ve ruhun<span class=\"excerpt-hellip\"> [\u2026]<\/span><\/p>\n","protected":false},"featured_media":0,"template":"","meta":{"_monsterinsights_skip_tracking":false,"_monsterinsights_sitenote_active":false,"_monsterinsights_sitenote_note":"","_monsterinsights_sitenote_category":0},"product_brand":[],"product_cat":[12291,12711],"product_tag":[],"class_list":{"0":"post-715751","1":"product","2":"type-product","3":"status-publish","5":"product_cat-edebiyat","6":"product_cat-roman-oyku","7":"pa_cilt-ciltsiz","8":"pa_tur-kitap","9":"pa_yayinevi-ithaki-yayinlari","10":"pa_yazar-nazli-karabiyikoglu","12":"first","13":"instock","14":"sale","15":"shipping-taxable","16":"purchasable","17":"product-type-simple"},"_links":{"self":[{"href":"https:\/\/roveyayinevi.com.tr\/index.php\/wp-json\/wp\/v2\/product\/715751","targetHints":{"allow":["GET"]}}],"collection":[{"href":"https:\/\/roveyayinevi.com.tr\/index.php\/wp-json\/wp\/v2\/product"}],"about":[{"href":"https:\/\/roveyayinevi.com.tr\/index.php\/wp-json\/wp\/v2\/types\/product"}],"wp:attachment":[{"href":"https:\/\/roveyayinevi.com.tr\/index.php\/wp-json\/wp\/v2\/media?parent=715751"}],"wp:term":[{"taxonomy":"product_brand","embeddable":true,"href":"https:\/\/roveyayinevi.com.tr\/index.php\/wp-json\/wp\/v2\/product_brand?post=715751"},{"taxonomy":"product_cat","embeddable":true,"href":"https:\/\/roveyayinevi.com.tr\/index.php\/wp-json\/wp\/v2\/product_cat?post=715751"},{"taxonomy":"product_tag","embeddable":true,"href":"https:\/\/roveyayinevi.com.tr\/index.php\/wp-json\/wp\/v2\/product_tag?post=715751"}],"curies":[{"name":"wp","href":"https:\/\/api.w.org\/{rel}","templated":true}]}}