{"id":715746,"date":"2025-08-27T17:34:27","date_gmt":"2025-08-27T14:34:27","guid":{"rendered":"https:\/\/roveyayinevi.com.tr\/index.php\/urun\/bazi-hayaller-suya-dusmez\/"},"modified":"2026-04-16T02:23:54","modified_gmt":"2026-04-15T23:23:54","slug":"bazi-hayaller-suya-dusmez","status":"publish","type":"product","link":"https:\/\/roveyayinevi.com.tr\/index.php\/urun\/bazi-hayaller-suya-dusmez\/","title":{"rendered":"Baz\u0131 Hayaller Suya D\u00fc\u015fmez"},"content":{"rendered":"<p>Akrobatik \u00d6yk\u00fcler Dizisi ip \u00fcst\u00fcnde y\u00fcr\u00fcyen bir laf cambaz\u0131n\u0131n kaleme ald\u0131\u011f\u0131 \u00f6yk\u00fclerden olu\u015fuyor. D\u00f6rt bir yandan kanat a\u00e7an s\u00f6zc\u00fcklerin aras\u0131nda y\u00fcr\u00fcd\u00fc cambaz. I\u015f\u0131l \u0131\u015f\u0131l d\u00fc\u015fler d\u00fc\u015ft\u00fc y\u0131ld\u0131zlardan ba\u015f\u0131na s\u00f6zc\u00fcklerle yapaca\u011f\u0131 akrobasi a\u015fk\u0131na! D\u00fc\u015f h\u0131rs\u0131zlar\u0131 bunlar; i\u015fleri g\u00fc\u00e7leri el eme\u011fi g\u00f6z nuru, nak\u0131\u015f nak\u0131\u015f, ince ince i\u015fledi\u011fim hayallerimi \u00e7almak! Yok, ben ne yap\u0131p edip \u00f6nlemimi almal\u0131y\u0131m mutlaka, bir daha cesaret edememeliler ne hayallerimi ne kalbimi \u00e7almaya&#8230;<\/p>\n","protected":false},"excerpt":{"rendered":"<p>Akrobatik \u00d6yk\u00fcler Dizisi ip \u00fcst\u00fcnde y\u00fcr\u00fcyen bir laf cambaz\u0131n\u0131n kaleme ald\u0131\u011f\u0131 \u00f6yk\u00fclerden olu\u015fuyor. D\u00f6rt bir yandan kanat a\u00e7an s\u00f6zc\u00fcklerin aras\u0131nda y\u00fcr\u00fcd\u00fc cambaz. I\u015f\u0131l \u0131\u015f\u0131l d\u00fc\u015fler d\u00fc\u015ft\u00fc<span class=\"excerpt-hellip\"> [\u2026]<\/span><\/p>\n","protected":false},"featured_media":0,"template":"","meta":{"_monsterinsights_skip_tracking":false,"_monsterinsights_sitenote_active":false,"_monsterinsights_sitenote_note":"","_monsterinsights_sitenote_category":0},"product_brand":[],"product_cat":[12274,12284],"product_tag":[],"class_list":{"0":"post-715746","1":"product","2":"type-product","3":"status-publish","5":"product_cat-cocuk-ve-genclik-kitaplari","6":"product_cat-hikayeler","7":"pa_cilt-ciltsiz","8":"pa_tur-kitap","9":"pa_yayinevi-hep-kitap","10":"pa_yazar-goknur-birincioglu","12":"first","13":"instock","14":"sale","15":"shipping-taxable","16":"purchasable","17":"product-type-simple"},"_links":{"self":[{"href":"https:\/\/roveyayinevi.com.tr\/index.php\/wp-json\/wp\/v2\/product\/715746","targetHints":{"allow":["GET"]}}],"collection":[{"href":"https:\/\/roveyayinevi.com.tr\/index.php\/wp-json\/wp\/v2\/product"}],"about":[{"href":"https:\/\/roveyayinevi.com.tr\/index.php\/wp-json\/wp\/v2\/types\/product"}],"wp:attachment":[{"href":"https:\/\/roveyayinevi.com.tr\/index.php\/wp-json\/wp\/v2\/media?parent=715746"}],"wp:term":[{"taxonomy":"product_brand","embeddable":true,"href":"https:\/\/roveyayinevi.com.tr\/index.php\/wp-json\/wp\/v2\/product_brand?post=715746"},{"taxonomy":"product_cat","embeddable":true,"href":"https:\/\/roveyayinevi.com.tr\/index.php\/wp-json\/wp\/v2\/product_cat?post=715746"},{"taxonomy":"product_tag","embeddable":true,"href":"https:\/\/roveyayinevi.com.tr\/index.php\/wp-json\/wp\/v2\/product_tag?post=715746"}],"curies":[{"name":"wp","href":"https:\/\/api.w.org\/{rel}","templated":true}]}}