{"id":715744,"date":"2025-08-27T17:34:25","date_gmt":"2025-08-27T14:34:25","guid":{"rendered":"https:\/\/roveyayinevi.com.tr\/index.php\/urun\/mantolu-kadin\/"},"modified":"2025-08-31T15:41:14","modified_gmt":"2025-08-31T12:41:14","slug":"mantolu-kadin","status":"publish","type":"product","link":"https:\/\/roveyayinevi.com.tr\/index.php\/urun\/mantolu-kadin\/","title":{"rendered":"Mantolu Kad\u0131n"},"content":{"rendered":"<p>Gelece\u011fi parlak bir cerrahla \u00e7ok gen\u00e7 ya\u015fta evlendirilen bir kad\u0131n, kocas\u0131n\u0131n iktidars\u0131z oldu\u011funu evlendikten sonra \u00f6\u011frenir. Kocas\u0131n\u0131n kaba davran\u0131\u015flar\u0131 kocas\u0131ndan iyice uzakla\u015ft\u0131r\u0131r gen\u00e7 kad\u0131n\u0131.Zaman i\u00e7inde kocas\u0131 k\u00fc\u00e7\u00fck kente tayin edilir. Gen\u00e7 kad\u0131n oturduklar\u0131 apartmanda, kendisi gibi gen\u00e7 ve gizemli bir kad\u0131n g\u00f6r\u00fcr ve ondan \u00e7ok etkilenir. Saplant\u0131 haline getirdi\u011fi kad\u0131nla nihayet tan\u0131\u015ft\u0131\u011f\u0131nda onun kocas\u0131ndan \u015fiddet g\u00f6rd\u00fc\u011f\u00fcn\u00fc \u00f6\u011frenir. Birlikte kurtulu\u015f planlar\u0131 yapan iki kad\u0131n\u0131n \u00f6nlerinde ne yaz\u0131k ki b\u00fcy\u00fck engeller vard\u0131r. Kurtulu\u015f planlar\u0131 suya d\u00fc\u015fen gen\u00e7 kad\u0131n cerrah kocas\u0131yla tekrar \u0130stanbul\u2019a ta\u015f\u0131n\u0131r. Birka\u00e7 y\u0131l sonra bir avukat ya\u015fad\u0131\u011f\u0131 binan\u0131n otopark\u0131nda \u00f6l\u00fc olarak bulunur. Ard\u0131ndan \u00e7al\u0131\u015ft\u0131\u011f\u0131 hastanenin \u00f6n\u00fcnde bir cerrah ayn\u0131 \u015fekilde \u00f6ld\u00fcr\u00fcl\u00fcr. Bu cinayetlerin pe\u015fine d\u00fc\u015fen Ba\u015fkomiser Ayd\u0131n And\u0131z, bir yandan cinayetlerin aras\u0131ndaki ba\u011flant\u0131y\u0131 \u00e7\u00f6zmeye \u00e7al\u0131\u015f\u0131rken, bir yandan da kendi \u015feytanlar\u0131yla bo\u011fu\u015fmaktad\u0131r.<\/p>\n","protected":false},"excerpt":{"rendered":"<p>Gelece\u011fi parlak bir cerrahla \u00e7ok gen\u00e7 ya\u015fta evlendirilen bir kad\u0131n, kocas\u0131n\u0131n iktidars\u0131z oldu\u011funu evlendikten sonra \u00f6\u011frenir. Kocas\u0131n\u0131n kaba davran\u0131\u015flar\u0131 kocas\u0131ndan iyice uzakla\u015ft\u0131r\u0131r gen\u00e7 kad\u0131n\u0131.Zaman i\u00e7inde kocas\u0131<span class=\"excerpt-hellip\"> [\u2026]<\/span><\/p>\n","protected":false},"featured_media":0,"template":"","meta":{"_monsterinsights_skip_tracking":false,"_monsterinsights_sitenote_active":false,"_monsterinsights_sitenote_note":"","_monsterinsights_sitenote_category":0},"product_brand":[],"product_cat":[12291,12711],"product_tag":[],"class_list":{"0":"post-715744","1":"product","2":"type-product","3":"status-publish","5":"product_cat-edebiyat","6":"product_cat-roman-oyku","7":"pa_cilt-ciltsiz","8":"pa_tur-kitap","9":"pa_yayinevi-hep-kitap","10":"pa_yazar-elcin-poyrazlar","12":"first","13":"instock","14":"sale","15":"shipping-taxable","16":"purchasable","17":"product-type-simple"},"_links":{"self":[{"href":"https:\/\/roveyayinevi.com.tr\/index.php\/wp-json\/wp\/v2\/product\/715744","targetHints":{"allow":["GET"]}}],"collection":[{"href":"https:\/\/roveyayinevi.com.tr\/index.php\/wp-json\/wp\/v2\/product"}],"about":[{"href":"https:\/\/roveyayinevi.com.tr\/index.php\/wp-json\/wp\/v2\/types\/product"}],"wp:attachment":[{"href":"https:\/\/roveyayinevi.com.tr\/index.php\/wp-json\/wp\/v2\/media?parent=715744"}],"wp:term":[{"taxonomy":"product_brand","embeddable":true,"href":"https:\/\/roveyayinevi.com.tr\/index.php\/wp-json\/wp\/v2\/product_brand?post=715744"},{"taxonomy":"product_cat","embeddable":true,"href":"https:\/\/roveyayinevi.com.tr\/index.php\/wp-json\/wp\/v2\/product_cat?post=715744"},{"taxonomy":"product_tag","embeddable":true,"href":"https:\/\/roveyayinevi.com.tr\/index.php\/wp-json\/wp\/v2\/product_tag?post=715744"}],"curies":[{"name":"wp","href":"https:\/\/api.w.org\/{rel}","templated":true}]}}