{"id":715702,"date":"2025-08-27T17:33:59","date_gmt":"2025-08-27T14:33:59","guid":{"rendered":"https:\/\/roveyayinevi.com.tr\/index.php\/urun\/manves-city\/"},"modified":"2026-04-16T02:23:53","modified_gmt":"2026-04-15T23:23:53","slug":"manves-city","status":"publish","type":"product","link":"https:\/\/roveyayinevi.com.tr\/index.php\/urun\/manves-city\/","title":{"rendered":"Manves City"},"content":{"rendered":"<p>\u2026 bizim gelincik tarlam\u0131z da bir  dahaki bahara yok, Manves alm\u0131\u015f oray\u0131 da, \u00fcst yamac\u0131ndan \u00e7evirmeye ba\u015flam\u0131\u015flar bile, telefon fabrikas\u0131 kuracaklarm\u0131\u015f, Erice\u2019nin yoksulu, sahipsizi bol nas\u0131l olsa, i\u015f\u00e7i bulmaktan yana s\u0131k\u0131nt\u0131 \u00e7ekmiyorlar. Manves City, T\u00fcrkiye\u2019nin b\u00fcy\u00fck \u015firketlere teslim olan bir beldesinde, Erice\u2019de ya\u015fananlar\u0131 g\u00f6zler \u00f6n\u00fcne seriyor. Y\u0131llar sonra hapisten \u00e7\u0131k\u0131p memleketine d\u00f6nen Ersel, dev \u00fcretim tesislerinin ve fabrikalar\u0131n ele ge\u00e7irdi\u011fi bir Erice\u2019yle kar\u015f\u0131la\u015f\u0131r. Yuvas\u0131 da\u011f\u0131lm\u0131\u015f olan Ersel kay\u0131plara kar\u0131\u015fan \u00fcvey k\u0131z\u0131n\u0131n pe\u015fine d\u00fc\u015fer. Bu dokunakl\u0131 yolculu\u011funda, yerel bir gazetede yaz\u0131lar\u0131yla halk\u0131n sesi olan \u00e7ocukluk arkada\u015f\u0131 Nergis, ona e\u015flik edecektir.  S\u00fcr\u00fcklenme\u2019yle ayn\u0131 anda yay\u0131mlanan Manves City, yoksulla\u015fan insanlar\u0131n, yok edilen do\u011fan\u0131n, katledilen kad\u0131nlar\u0131n, kirlenen derelerin, ac\u0131mas\u0131z holdinglerin, g\u00fcn\u00fcm\u00fcz T\u00fcrkiye\u2019sinin roman\u0131. Latife Tekin, S\u00fcr\u00fcklenme\u2019yle birbirine el uzatan Manves City&#8217;de yepyeni, duru bir dille i\u015fsizleri, yoksullar\u0131, a\u011fa\u00e7lar\u0131, \u00e7ocuklar\u0131; bu b\u00fcy\u00fck y\u0131k\u0131ma direnenleri yaz\u0131yor. <\/p>\n","protected":false},"excerpt":{"rendered":"<p>\u2026 bizim gelincik tarlam\u0131z da bir dahaki bahara yok, Manves alm\u0131\u015f oray\u0131 da, \u00fcst yamac\u0131ndan \u00e7evirmeye ba\u015flam\u0131\u015flar bile, telefon fabrikas\u0131 kuracaklarm\u0131\u015f, Erice\u2019nin yoksulu, sahipsizi bol nas\u0131l<span class=\"excerpt-hellip\"> [\u2026]<\/span><\/p>\n","protected":false},"featured_media":0,"template":"","meta":{"_monsterinsights_skip_tracking":false,"_monsterinsights_sitenote_active":false,"_monsterinsights_sitenote_note":"","_monsterinsights_sitenote_category":0},"product_brand":[],"product_cat":[12291,12711],"product_tag":[],"class_list":{"0":"post-715702","1":"product","2":"type-product","3":"status-publish","5":"product_cat-edebiyat","6":"product_cat-roman-oyku","7":"pa_cilt-ciltsiz","8":"pa_tur-kitap","9":"pa_yayinevi-can-yayinlari","10":"pa_yazar-latife-tekin","12":"first","13":"instock","14":"sale","15":"shipping-taxable","16":"purchasable","17":"product-type-simple"},"_links":{"self":[{"href":"https:\/\/roveyayinevi.com.tr\/index.php\/wp-json\/wp\/v2\/product\/715702","targetHints":{"allow":["GET"]}}],"collection":[{"href":"https:\/\/roveyayinevi.com.tr\/index.php\/wp-json\/wp\/v2\/product"}],"about":[{"href":"https:\/\/roveyayinevi.com.tr\/index.php\/wp-json\/wp\/v2\/types\/product"}],"wp:attachment":[{"href":"https:\/\/roveyayinevi.com.tr\/index.php\/wp-json\/wp\/v2\/media?parent=715702"}],"wp:term":[{"taxonomy":"product_brand","embeddable":true,"href":"https:\/\/roveyayinevi.com.tr\/index.php\/wp-json\/wp\/v2\/product_brand?post=715702"},{"taxonomy":"product_cat","embeddable":true,"href":"https:\/\/roveyayinevi.com.tr\/index.php\/wp-json\/wp\/v2\/product_cat?post=715702"},{"taxonomy":"product_tag","embeddable":true,"href":"https:\/\/roveyayinevi.com.tr\/index.php\/wp-json\/wp\/v2\/product_tag?post=715702"}],"curies":[{"name":"wp","href":"https:\/\/api.w.org\/{rel}","templated":true}]}}